{"id":528,"date":"2024-02-08T18:35:14","date_gmt":"2024-02-08T18:35:14","guid":{"rendered":"https:\/\/congresointernacionaldepsicologia.com\/organizador\/guillermo-mattioli\/"},"modified":"2025-09-18T14:25:58","modified_gmt":"2025-09-18T12:25:58","slug":"mercedes-bermejo","status":"publish","type":"tribe_organizer","link":"https:\/\/congresointernacionaldepsicologia.com\/en\/organizer\/mercedes-bermejo\/","title":{"rendered":"Mercedes Bermejo"},"content":{"rendered":"<ul>\n<li>Psic\u00f3loga sanitaria<\/li>\n<li>Experta en Infancia y Adolescencia, y Psicoterapeuta Familiar.<\/li>\n<li>Fundadora y <strong>Directora<\/strong> del centro sanitario <strong>Psic\u00f3logos Pozuelo<\/strong>, que consta de 30 psic\u00f3logos y psic\u00f3logas, y 2 psiquiatras.<\/li>\n<li><strong>Miembro de la Junta de Gobierno<\/strong> del Colegio Oficial de la Psicolog\u00eda de Madrid.<\/li>\n<li>Fundadora y <strong>Directora<\/strong> de la Escuela de Formaci\u00f3n <strong>ESEUPE<\/strong> (Escuela Superior Europea de Psicolog\u00eda y Educaci\u00f3n).<\/li>\n<li>Asesora de la Divisi\u00f3n de Psicoterapia del Consejo General de Psicolog\u00eda. Docente en el \u00e1mbito acad\u00e9mico, p\u00fablico y privado.<\/li>\n<li>Doctoranda en el \u00e1mbito de la Terapia Familiar en la UNED. Presidenta de I.M.S.I.S. (Instituto Madrile\u00f1o de sist\u00e9mica InfantoJuvenil y otros Sistemas).<\/li>\n<li><strong>Directora<\/strong> de la revista divulgativa <strong>Psicolog\u00eda para Tod@s.<\/strong><\/li>\n<li><strong>Directora<\/strong> de la Editorial Sentir.<\/li>\n<li>Autora de diferentes publicaciones relacionadas con la Infancia y la Terapia Familiar Sist\u00e9mica, La danza de las emociones familiares (editorial Descl\u00e9e), coordinadora del Manual de Psicoterapia Emocional Sist\u00e9mica (editorial Sentir), autora del cuento de Plant\u00e1nimals.<\/li>\n<li>Europsy (EFPA).<\/li>\n<li>Socia en la Asociaci\u00f3n de Mujeres Empresarias de Pozuelo.<\/li>\n<li>Interviene y colabora desde hace a\u00f1os en programas de radio, televisi\u00f3n y prensa.<\/li>\n<\/ul>","protected":false},"excerpt":{"rendered":"<p>Psic\u00f3loga sanitaria Experta en Infancia y Adolescencia, y Psicoterapeuta Familiar. Fundadora y Directora del centro sanitario Psic\u00f3logos Pozuelo, que consta de 30 psic\u00f3logos y psic\u00f3logas, y 2 psiquiatras. Miembro de [&hellip;]<\/p>\n","protected":false},"author":2,"featured_media":3640,"template":"","meta":{"footnotes":""},"class_list":["post-528","tribe_organizer","type-tribe_organizer","status-publish","has-post-thumbnail","hentry"],"yoast_head":"<!-- This site is optimized with the Yoast SEO plugin v27.5 - https:\/\/yoast.com\/product\/yoast-seo-wordpress\/ -->\n<title>Mercedes Bermejo - Congreso Internacional de Psicoterapia Sist\u00e9mica<\/title>\n<meta name=\"robots\" content=\"index, follow, max-snippet:-1, max-image-preview:large, max-video-preview:-1\" \/>\n<link rel=\"canonical\" href=\"https:\/\/congresointernacionaldepsicologia.com\/en\/organizador\/mercedes-bermejo\/\" \/>\n<meta property=\"og:locale\" content=\"en_US\" \/>\n<meta property=\"og:type\" content=\"article\" \/>\n<meta property=\"og:title\" content=\"Mercedes Bermejo - Congreso Internacional de Psicoterapia Sist\u00e9mica\" \/>\n<meta property=\"og:description\" content=\"Psic\u00f3loga sanitaria Experta en Infancia y Adolescencia, y Psicoterapeuta Familiar. Fundadora y Directora del centro sanitario Psic\u00f3logos Pozuelo, que consta de 30 psic\u00f3logos y psic\u00f3logas, y 2 psiquiatras. Miembro de [&hellip;]\" \/>\n<meta property=\"og:url\" content=\"https:\/\/congresointernacionaldepsicologia.com\/en\/organizador\/mercedes-bermejo\/\" \/>\n<meta property=\"og:site_name\" content=\"Congreso Internacional de Psicoterapia Sist\u00e9mica\" \/>\n<meta property=\"article:modified_time\" content=\"2025-09-18T12:25:58+00:00\" \/>\n<meta property=\"og:image\" content=\"https:\/\/congresointernacionaldepsicologia.com\/wp-content\/uploads\/2025\/02\/MERCEDES-BERMEJO.png\" \/>\n\t<meta property=\"og:image:width\" content=\"1438\" \/>\n\t<meta property=\"og:image:height\" content=\"1438\" \/>\n\t<meta property=\"og:image:type\" content=\"image\/png\" \/>\n<meta name=\"twitter:card\" content=\"summary_large_image\" \/>\n<meta name=\"twitter:label1\" content=\"Est. reading time\" \/>\n\t<meta name=\"twitter:data1\" content=\"1 minute\" \/>\n<script type=\"application\/ld+json\" class=\"yoast-schema-graph\">{\"@context\":\"https:\\\/\\\/schema.org\",\"@graph\":[{\"@type\":\"WebPage\",\"@id\":\"https:\\\/\\\/congresointernacionaldepsicologia.com\\\/organizador\\\/mercedes-bermejo\\\/\",\"url\":\"https:\\\/\\\/congresointernacionaldepsicologia.com\\\/organizador\\\/mercedes-bermejo\\\/\",\"name\":\"Mercedes Bermejo - Congreso Internacional de Psicoterapia Sist\u00e9mica\",\"isPartOf\":{\"@id\":\"https:\\\/\\\/congresointernacionaldepsicologia.com\\\/#website\"},\"primaryImageOfPage\":{\"@id\":\"https:\\\/\\\/congresointernacionaldepsicologia.com\\\/organizador\\\/mercedes-bermejo\\\/#primaryimage\"},\"image\":{\"@id\":\"https:\\\/\\\/congresointernacionaldepsicologia.com\\\/organizador\\\/mercedes-bermejo\\\/#primaryimage\"},\"thumbnailUrl\":\"https:\\\/\\\/congresointernacionaldepsicologia.com\\\/wp-content\\\/uploads\\\/2025\\\/02\\\/MERCEDES-BERMEJO.png\",\"datePublished\":\"2024-02-08T18:35:14+00:00\",\"dateModified\":\"2025-09-18T12:25:58+00:00\",\"breadcrumb\":{\"@id\":\"https:\\\/\\\/congresointernacionaldepsicologia.com\\\/organizador\\\/mercedes-bermejo\\\/#breadcrumb\"},\"inLanguage\":\"en-US\",\"potentialAction\":[{\"@type\":\"ReadAction\",\"target\":[\"https:\\\/\\\/congresointernacionaldepsicologia.com\\\/organizador\\\/mercedes-bermejo\\\/\"]}]},{\"@type\":\"ImageObject\",\"inLanguage\":\"en-US\",\"@id\":\"https:\\\/\\\/congresointernacionaldepsicologia.com\\\/organizador\\\/mercedes-bermejo\\\/#primaryimage\",\"url\":\"https:\\\/\\\/congresointernacionaldepsicologia.com\\\/wp-content\\\/uploads\\\/2025\\\/02\\\/MERCEDES-BERMEJO.png\",\"contentUrl\":\"https:\\\/\\\/congresointernacionaldepsicologia.com\\\/wp-content\\\/uploads\\\/2025\\\/02\\\/MERCEDES-BERMEJO.png\",\"width\":1438,\"height\":1438},{\"@type\":\"BreadcrumbList\",\"@id\":\"https:\\\/\\\/congresointernacionaldepsicologia.com\\\/organizador\\\/mercedes-bermejo\\\/#breadcrumb\",\"itemListElement\":[{\"@type\":\"ListItem\",\"position\":1,\"name\":\"Portada\",\"item\":\"https:\\\/\\\/congresointernacionaldepsicologia.com\\\/\"},{\"@type\":\"ListItem\",\"position\":2,\"name\":\"Mercedes Bermejo\"}]},{\"@type\":\"WebSite\",\"@id\":\"https:\\\/\\\/congresointernacionaldepsicologia.com\\\/#website\",\"url\":\"https:\\\/\\\/congresointernacionaldepsicologia.com\\\/\",\"name\":\"Congreso Internacional de Psicoterapia Sist\u00e9mica\",\"description\":\"\",\"publisher\":{\"@id\":\"https:\\\/\\\/congresointernacionaldepsicologia.com\\\/#organization\"},\"potentialAction\":[{\"@type\":\"SearchAction\",\"target\":{\"@type\":\"EntryPoint\",\"urlTemplate\":\"https:\\\/\\\/congresointernacionaldepsicologia.com\\\/?s={search_term_string}\"},\"query-input\":{\"@type\":\"PropertyValueSpecification\",\"valueRequired\":true,\"valueName\":\"search_term_string\"}}],\"inLanguage\":\"en-US\"},{\"@type\":\"Organization\",\"@id\":\"https:\\\/\\\/congresointernacionaldepsicologia.com\\\/#organization\",\"name\":\"Congreso Internacional de Psicoterapia Sist\u00e9mica\",\"url\":\"https:\\\/\\\/congresointernacionaldepsicologia.com\\\/\",\"logo\":{\"@type\":\"ImageObject\",\"inLanguage\":\"en-US\",\"@id\":\"https:\\\/\\\/congresointernacionaldepsicologia.com\\\/#\\\/schema\\\/logo\\\/image\\\/\",\"url\":\"https:\\\/\\\/congresointernacionaldepsicologia.com\\\/wp-content\\\/uploads\\\/2025\\\/02\\\/cropped-LOGO-CONGRESO-2026.png\",\"contentUrl\":\"https:\\\/\\\/congresointernacionaldepsicologia.com\\\/wp-content\\\/uploads\\\/2025\\\/02\\\/cropped-LOGO-CONGRESO-2026.png\",\"width\":4560,\"height\":1302,\"caption\":\"Congreso Internacional de Psicoterapia Sist\u00e9mica\"},\"image\":{\"@id\":\"https:\\\/\\\/congresointernacionaldepsicologia.com\\\/#\\\/schema\\\/logo\\\/image\\\/\"}}]}<\/script>\n<!-- \/ Yoast SEO plugin. -->","yoast_head_json":{"title":"Mercedes Bermejo - Congreso Internacional de Psicoterapia Sist\u00e9mica","robots":{"index":"index","follow":"follow","max-snippet":"max-snippet:-1","max-image-preview":"max-image-preview:large","max-video-preview":"max-video-preview:-1"},"canonical":"https:\/\/congresointernacionaldepsicologia.com\/en\/organizador\/mercedes-bermejo\/","og_locale":"en_US","og_type":"article","og_title":"Mercedes Bermejo - Congreso Internacional de Psicoterapia Sist\u00e9mica","og_description":"Psic\u00f3loga sanitaria Experta en Infancia y Adolescencia, y Psicoterapeuta Familiar. Fundadora y Directora del centro sanitario Psic\u00f3logos Pozuelo, que consta de 30 psic\u00f3logos y psic\u00f3logas, y 2 psiquiatras. Miembro de [&hellip;]","og_url":"https:\/\/congresointernacionaldepsicologia.com\/en\/organizador\/mercedes-bermejo\/","og_site_name":"Congreso Internacional de Psicoterapia Sist\u00e9mica","article_modified_time":"2025-09-18T12:25:58+00:00","og_image":[{"width":1438,"height":1438,"url":"https:\/\/congresointernacionaldepsicologia.com\/wp-content\/uploads\/2025\/02\/MERCEDES-BERMEJO.png","type":"image\/png"}],"twitter_card":"summary_large_image","twitter_misc":{"Est. reading time":"1 minute"},"schema":{"@context":"https:\/\/schema.org","@graph":[{"@type":"WebPage","@id":"https:\/\/congresointernacionaldepsicologia.com\/organizador\/mercedes-bermejo\/","url":"https:\/\/congresointernacionaldepsicologia.com\/organizador\/mercedes-bermejo\/","name":"Mercedes Bermejo - Congreso Internacional de Psicoterapia Sist\u00e9mica","isPartOf":{"@id":"https:\/\/congresointernacionaldepsicologia.com\/#website"},"primaryImageOfPage":{"@id":"https:\/\/congresointernacionaldepsicologia.com\/organizador\/mercedes-bermejo\/#primaryimage"},"image":{"@id":"https:\/\/congresointernacionaldepsicologia.com\/organizador\/mercedes-bermejo\/#primaryimage"},"thumbnailUrl":"https:\/\/congresointernacionaldepsicologia.com\/wp-content\/uploads\/2025\/02\/MERCEDES-BERMEJO.png","datePublished":"2024-02-08T18:35:14+00:00","dateModified":"2025-09-18T12:25:58+00:00","breadcrumb":{"@id":"https:\/\/congresointernacionaldepsicologia.com\/organizador\/mercedes-bermejo\/#breadcrumb"},"inLanguage":"en-US","potentialAction":[{"@type":"ReadAction","target":["https:\/\/congresointernacionaldepsicologia.com\/organizador\/mercedes-bermejo\/"]}]},{"@type":"ImageObject","inLanguage":"en-US","@id":"https:\/\/congresointernacionaldepsicologia.com\/organizador\/mercedes-bermejo\/#primaryimage","url":"https:\/\/congresointernacionaldepsicologia.com\/wp-content\/uploads\/2025\/02\/MERCEDES-BERMEJO.png","contentUrl":"https:\/\/congresointernacionaldepsicologia.com\/wp-content\/uploads\/2025\/02\/MERCEDES-BERMEJO.png","width":1438,"height":1438},{"@type":"BreadcrumbList","@id":"https:\/\/congresointernacionaldepsicologia.com\/organizador\/mercedes-bermejo\/#breadcrumb","itemListElement":[{"@type":"ListItem","position":1,"name":"Portada","item":"https:\/\/congresointernacionaldepsicologia.com\/"},{"@type":"ListItem","position":2,"name":"Mercedes Bermejo"}]},{"@type":"WebSite","@id":"https:\/\/congresointernacionaldepsicologia.com\/#website","url":"https:\/\/congresointernacionaldepsicologia.com\/","name":"Congreso Internacional de Psicoterapia Sist\u00e9mica","description":"","publisher":{"@id":"https:\/\/congresointernacionaldepsicologia.com\/#organization"},"potentialAction":[{"@type":"SearchAction","target":{"@type":"EntryPoint","urlTemplate":"https:\/\/congresointernacionaldepsicologia.com\/?s={search_term_string}"},"query-input":{"@type":"PropertyValueSpecification","valueRequired":true,"valueName":"search_term_string"}}],"inLanguage":"en-US"},{"@type":"Organization","@id":"https:\/\/congresointernacionaldepsicologia.com\/#organization","name":"Congreso Internacional de Psicoterapia Sist\u00e9mica","url":"https:\/\/congresointernacionaldepsicologia.com\/","logo":{"@type":"ImageObject","inLanguage":"en-US","@id":"https:\/\/congresointernacionaldepsicologia.com\/#\/schema\/logo\/image\/","url":"https:\/\/congresointernacionaldepsicologia.com\/wp-content\/uploads\/2025\/02\/cropped-LOGO-CONGRESO-2026.png","contentUrl":"https:\/\/congresointernacionaldepsicologia.com\/wp-content\/uploads\/2025\/02\/cropped-LOGO-CONGRESO-2026.png","width":4560,"height":1302,"caption":"Congreso Internacional de Psicoterapia Sist\u00e9mica"},"image":{"@id":"https:\/\/congresointernacionaldepsicologia.com\/#\/schema\/logo\/image\/"}}]}},"_links":{"self":[{"href":"https:\/\/congresointernacionaldepsicologia.com\/en\/wp-json\/wp\/v2\/tribe_organizer\/528","targetHints":{"allow":["GET"]}}],"collection":[{"href":"https:\/\/congresointernacionaldepsicologia.com\/en\/wp-json\/wp\/v2\/tribe_organizer"}],"about":[{"href":"https:\/\/congresointernacionaldepsicologia.com\/en\/wp-json\/wp\/v2\/types\/tribe_organizer"}],"author":[{"embeddable":true,"href":"https:\/\/congresointernacionaldepsicologia.com\/en\/wp-json\/wp\/v2\/users\/2"}],"version-history":[{"count":5,"href":"https:\/\/congresointernacionaldepsicologia.com\/en\/wp-json\/wp\/v2\/tribe_organizer\/528\/revisions"}],"predecessor-version":[{"id":1884,"href":"https:\/\/congresointernacionaldepsicologia.com\/en\/wp-json\/wp\/v2\/tribe_organizer\/528\/revisions\/1884"}],"wp:featuredmedia":[{"embeddable":true,"href":"https:\/\/congresointernacionaldepsicologia.com\/en\/wp-json\/wp\/v2\/media\/3640"}],"wp:attachment":[{"href":"https:\/\/congresointernacionaldepsicologia.com\/en\/wp-json\/wp\/v2\/media?parent=528"}],"curies":[{"name":"wp","href":"https:\/\/api.w.org\/{rel}","templated":true}]}}

<ul>
<li>Psicóloga sanitaria</li>
<li>Experta en Infancia y Adolescencia, y Psicoterapeuta Familiar.</li>
<li>Fundadora y <strong>Directora</strong> del centro sanitario <strong>Psicólogos Pozuelo</strong>, que consta de 30 psicólogos y psicólogas, y 2 psiquiatras.</li>
<li><strong>Miembro de la Junta de Gobierno</strong> del Colegio Oficial de la Psicología de Madrid.</li>
<li>Fundadora y <strong>Directora</strong> de la Escuela de Formación <strong>ESEUPE</strong> (Escuela Superior Europea de Psicología y Educación).</li>
<li>Asesora de la División de Psicoterapia del Consejo General de Psicología. Docente en el ámbito académico, público y privado.</li>
<li>Doctoranda en el ámbito de la Terapia Familiar en la UNED. Presidenta de I.M.S.I.S. (Instituto Madrileño de sistémica InfantoJuvenil y otros Sistemas).</li>
<li><strong>Directora</strong> de la revista divulgativa <strong>Psicología para Tod@s.</strong></li>
<li><strong>Directora</strong> de la Editorial Sentir.</li>
<li>Autora de diferentes publicaciones relacionadas con la Infancia y la Terapia Familiar Sistémica, La danza de las emociones familiares (editorial Desclée), coordinadora del Manual de Psicoterapia Emocional Sistémica (editorial Sentir), autora del cuento de Plantánimals.</li>
<li>Europsy (EFPA).</li>
<li>Socia en la Asociación de Mujeres Empresarias de Pozuelo.</li>
<li>Interviene y colabora desde hace años en programas de radio, televisión y prensa.</li>
</ul>

<p>Psicóloga sanitaria Experta en Infancia y Adolescencia, y Psicoterapeuta Familiar. Fundadora y Directora del centro sanitario Psicólogos Pozuelo, que consta de 30 psicólogos y psicólogas, y 2 psiquiatras. Miembro de [&hellip;]</p>

<!-- This site is optimized with the Yoast SEO plugin v27.5 - https://yoast.com/product/yoast-seo-wordpress/ -->
<title>Mercedes Bermejo - Congreso Internacional de Psicoterapia Sistémica</title>
<meta name="robots" content="index, follow, max-snippet:-1, max-image-preview:large, max-video-preview:-1" />
<link rel="canonical" href="https://congresointernacionaldepsicologia.com/en/organizador/mercedes-bermejo/" />
<meta property="og:locale" content="en_US" />
<meta property="og:type" content="article" />
<meta property="og:title" content="Mercedes Bermejo - Congreso Internacional de Psicoterapia Sistémica" />
<meta property="og:description" content="Psicóloga sanitaria Experta en Infancia y Adolescencia, y Psicoterapeuta Familiar. Fundadora y Directora del centro sanitario Psicólogos Pozuelo, que consta de 30 psicólogos y psicólogas, y 2 psiquiatras. Miembro de [&hellip;]" />
<meta property="og:url" content="https://congresointernacionaldepsicologia.com/en/organizador/mercedes-bermejo/" />
<meta property="og:site_name" content="Congreso Internacional de Psicoterapia Sistémica" />
<meta property="article:modified_time" content="2025-09-18T12:25:58+00:00" />
<meta property="og:image" content="https://congresointernacionaldepsicologia.com/wp-content/uploads/2025/02/MERCEDES-BERMEJO.png" />
	<meta property="og:image:width" content="1438" />
	<meta property="og:image:height" content="1438" />
	<meta property="og:image:type" content="image/png" />
<meta name="twitter:card" content="summary_large_image" />
<meta name="twitter:label1" content="Est. reading time" />
	<meta name="twitter:data1" content="1 minute" />
<script type="application/ld+json" class="yoast-schema-graph">{"@context":"https:\/\/schema.org","@graph":[{"@type":"WebPage","@id":"https:\/\/congresointernacionaldepsicologia.com\/organizador\/mercedes-bermejo\/","url":"https:\/\/congresointernacionaldepsicologia.com\/organizador\/mercedes-bermejo\/","name":"Mercedes Bermejo - Congreso Internacional de Psicoterapia Sistémica","isPartOf":{"@id":"https:\/\/congresointernacionaldepsicologia.com\/#website"},"primaryImageOfPage":{"@id":"https:\/\/congresointernacionaldepsicologia.com\/organizador\/mercedes-bermejo\/#primaryimage"},"image":{"@id":"https:\/\/congresointernacionaldepsicologia.com\/organizador\/mercedes-bermejo\/#primaryimage"},"thumbnailUrl":"https:\/\/congresointernacionaldepsicologia.com\/wp-content\/uploads\/2025\/02\/MERCEDES-BERMEJO.png","datePublished":"2024-02-08T18:35:14+00:00","dateModified":"2025-09-18T12:25:58+00:00","breadcrumb":{"@id":"https:\/\/congresointernacionaldepsicologia.com\/organizador\/mercedes-bermejo\/#breadcrumb"},"inLanguage":"en-US","potentialAction":[{"@type":"ReadAction","target":["https:\/\/congresointernacionaldepsicologia.com\/organizador\/mercedes-bermejo\/"]}]},{"@type":"ImageObject","inLanguage":"en-US","@id":"https:\/\/congresointernacionaldepsicologia.com\/organizador\/mercedes-bermejo\/#primaryimage","url":"https:\/\/congresointernacionaldepsicologia.com\/wp-content\/uploads\/2025\/02\/MERCEDES-BERMEJO.png","contentUrl":"https:\/\/congresointernacionaldepsicologia.com\/wp-content\/uploads\/2025\/02\/MERCEDES-BERMEJO.png","width":1438,"height":1438},{"@type":"BreadcrumbList","@id":"https:\/\/congresointernacionaldepsicologia.com\/organizador\/mercedes-bermejo\/#breadcrumb","itemListElement":[{"@type":"ListItem","position":1,"name":"Portada","item":"https:\/\/congresointernacionaldepsicologia.com\/"},{"@type":"ListItem","position":2,"name":"Mercedes Bermejo"}]},{"@type":"WebSite","@id":"https:\/\/congresointernacionaldepsicologia.com\/#website","url":"https:\/\/congresointernacionaldepsicologia.com\/","name":"Congreso Internacional de Psicoterapia Sistémica","description":"","publisher":{"@id":"https:\/\/congresointernacionaldepsicologia.com\/#organization"},"potentialAction":[{"@type":"SearchAction","target":{"@type":"EntryPoint","urlTemplate":"https:\/\/congresointernacionaldepsicologia.com\/?s={search_term_string}"},"query-input":{"@type":"PropertyValueSpecification","valueRequired":true,"valueName":"search_term_string"}}],"inLanguage":"en-US"},{"@type":"Organization","@id":"https:\/\/congresointernacionaldepsicologia.com\/#organization","name":"Congreso Internacional de Psicoterapia Sistémica","url":"https:\/\/congresointernacionaldepsicologia.com\/","logo":{"@type":"ImageObject","inLanguage":"en-US","@id":"https:\/\/congresointernacionaldepsicologia.com\/#\/schema\/logo\/image\/","url":"https:\/\/congresointernacionaldepsicologia.com\/wp-content\/uploads\/2025\/02\/cropped-LOGO-CONGRESO-2026.png","contentUrl":"https:\/\/congresointernacionaldepsicologia.com\/wp-content\/uploads\/2025\/02\/cropped-LOGO-CONGRESO-2026.png","width":4560,"height":1302,"caption":"Congreso Internacional de Psicoterapia Sistémica"},"image":{"@id":"https:\/\/congresointernacionaldepsicologia.com\/#\/schema\/logo\/image\/"}}]}</script>
<!-- / Yoast SEO plugin. -->

Mercedes Bermejo - Congreso Internacional de Psicoterapia Sistémica

Psicóloga sanitaria Experta en Infancia y Adolescencia, y Psicoterapeuta Familiar. Fundadora y Directora del centro sanitario Psicólogos Pozuelo, que consta de 30 psicólogos y psicólogas, y 2 psiquiatras. Miembro de [&hellip;]

Congreso Internacional de Psicoterapia Sistémica
