{"id":4079,"date":"2025-09-18T14:16:15","date_gmt":"2025-09-18T12:16:15","guid":{"rendered":"https:\/\/congresointernacionaldepsicologia.com\/?post_type=tribe_organizer&#038;p=4079"},"modified":"2025-09-18T14:16:15","modified_gmt":"2025-09-18T12:16:15","slug":"jose-gonzalez","status":"publish","type":"tribe_organizer","link":"https:\/\/congresointernacionaldepsicologia.com\/en\/organizer\/jose-gonzalez\/","title":{"rendered":"Jos\u00e9 Gonz\u00e1lez"},"content":{"rendered":"<div class=\"profile__text\">\n<div class=\"text\">\n<p><strong>Jos\u00e9 Gonz\u00e1lez Fern\u00e1ndez <\/strong>es un psic\u00f3logo cl\u00ednico que ha publicado varios libros sobre el duelo junto a <strong>Manuel Nevado Rey<\/strong>.\u00a0Tambi\u00e9n es abogado y est\u00e1 formado en Ciencias Pol\u00edticas y de la Administraci\u00f3n, aunque trabaja principalmente en el \u00e1mbito de la psicolog\u00eda.<\/p>\n<p>Obtuvo un m\u00e1ster en Psicolog\u00eda Cl\u00ednica y de la Salud por la Universidad Complutense de Madrid, especializ\u00e1ndose tambi\u00e9n en Cl\u00ednica y Psicoterapia Psicoanal\u00edtica en la Universidad Pontificia de Comillas.<\/p>\n<p><strong>Gonz\u00e1lez Fern\u00e1ndez <\/strong>es el encargado de coordinar el programa de duelo de Psic\u00f3logos sin Fronteras. Es en este campo, el de la p\u00e9rdida, en el que m\u00e1s se ha formado y en el que desarrolla gran parte de su labor profesional.<\/p>\n<p>Adem\u00e1s de dedicarse a la divulgaci\u00f3n, <strong>Gonz\u00e1lez Fern\u00e1ndez<\/strong>\u00a0forma profesionales sanitarios y coordina grupos de duelo.<\/p>\n<p>Durante su trayectoria profesional ha ganado el Premio Lafourcade-Ponce (2012) y se le ha concedido el Diploma del Colegio Oficial de Psic\u00f3logos por su labor divulgativa.<\/p>\n<\/div>\n<\/div>","protected":false},"excerpt":{"rendered":"<p>Jos\u00e9 Gonz\u00e1lez Fern\u00e1ndez es un psic\u00f3logo cl\u00ednico que ha publicado varios libros sobre el duelo junto a Manuel Nevado Rey.\u00a0Tambi\u00e9n es abogado y est\u00e1 formado en Ciencias Pol\u00edticas y de [&hellip;]<\/p>\n","protected":false},"author":5,"featured_media":3828,"template":"","meta":{"footnotes":""},"class_list":["post-4079","tribe_organizer","type-tribe_organizer","status-publish","has-post-thumbnail","hentry"],"yoast_head":"<!-- This site is optimized with the Yoast SEO plugin v27.5 - https:\/\/yoast.com\/product\/yoast-seo-wordpress\/ -->\n<title>Jos\u00e9 Gonz\u00e1lez - Congreso Internacional de Psicoterapia Sist\u00e9mica<\/title>\n<meta name=\"robots\" content=\"index, follow, max-snippet:-1, max-image-preview:large, max-video-preview:-1\" \/>\n<link rel=\"canonical\" href=\"https:\/\/congresointernacionaldepsicologia.com\/en\/organizador\/jose-gonzalez\/\" \/>\n<meta property=\"og:locale\" content=\"en_US\" \/>\n<meta property=\"og:type\" content=\"article\" \/>\n<meta property=\"og:title\" content=\"Jos\u00e9 Gonz\u00e1lez - Congreso Internacional de Psicoterapia Sist\u00e9mica\" \/>\n<meta property=\"og:description\" content=\"Jos\u00e9 Gonz\u00e1lez Fern\u00e1ndez es un psic\u00f3logo cl\u00ednico que ha publicado varios libros sobre el duelo junto a Manuel Nevado Rey.\u00a0Tambi\u00e9n es abogado y est\u00e1 formado en Ciencias Pol\u00edticas y de [&hellip;]\" \/>\n<meta property=\"og:url\" content=\"https:\/\/congresointernacionaldepsicologia.com\/en\/organizador\/jose-gonzalez\/\" \/>\n<meta property=\"og:site_name\" content=\"Congreso Internacional de Psicoterapia Sist\u00e9mica\" \/>\n<meta property=\"og:image\" content=\"https:\/\/congresointernacionaldepsicologia.com\/wp-content\/uploads\/2025\/04\/JOSE-GONZALEZ.png\" \/>\n\t<meta property=\"og:image:width\" content=\"500\" \/>\n\t<meta property=\"og:image:height\" content=\"500\" \/>\n\t<meta property=\"og:image:type\" content=\"image\/png\" \/>\n<meta name=\"twitter:card\" content=\"summary_large_image\" \/>\n<meta name=\"twitter:label1\" content=\"Est. reading time\" \/>\n\t<meta name=\"twitter:data1\" content=\"1 minute\" \/>\n<script type=\"application\/ld+json\" class=\"yoast-schema-graph\">{\"@context\":\"https:\\\/\\\/schema.org\",\"@graph\":[{\"@type\":\"WebPage\",\"@id\":\"https:\\\/\\\/congresointernacionaldepsicologia.com\\\/organizador\\\/jose-gonzalez\\\/\",\"url\":\"https:\\\/\\\/congresointernacionaldepsicologia.com\\\/organizador\\\/jose-gonzalez\\\/\",\"name\":\"Jos\u00e9 Gonz\u00e1lez - Congreso Internacional de Psicoterapia Sist\u00e9mica\",\"isPartOf\":{\"@id\":\"https:\\\/\\\/congresointernacionaldepsicologia.com\\\/#website\"},\"primaryImageOfPage\":{\"@id\":\"https:\\\/\\\/congresointernacionaldepsicologia.com\\\/organizador\\\/jose-gonzalez\\\/#primaryimage\"},\"image\":{\"@id\":\"https:\\\/\\\/congresointernacionaldepsicologia.com\\\/organizador\\\/jose-gonzalez\\\/#primaryimage\"},\"thumbnailUrl\":\"https:\\\/\\\/congresointernacionaldepsicologia.com\\\/wp-content\\\/uploads\\\/2025\\\/04\\\/JOSE-GONZALEZ.png\",\"datePublished\":\"2025-09-18T12:16:15+00:00\",\"breadcrumb\":{\"@id\":\"https:\\\/\\\/congresointernacionaldepsicologia.com\\\/organizador\\\/jose-gonzalez\\\/#breadcrumb\"},\"inLanguage\":\"en-US\",\"potentialAction\":[{\"@type\":\"ReadAction\",\"target\":[\"https:\\\/\\\/congresointernacionaldepsicologia.com\\\/organizador\\\/jose-gonzalez\\\/\"]}]},{\"@type\":\"ImageObject\",\"inLanguage\":\"en-US\",\"@id\":\"https:\\\/\\\/congresointernacionaldepsicologia.com\\\/organizador\\\/jose-gonzalez\\\/#primaryimage\",\"url\":\"https:\\\/\\\/congresointernacionaldepsicologia.com\\\/wp-content\\\/uploads\\\/2025\\\/04\\\/JOSE-GONZALEZ.png\",\"contentUrl\":\"https:\\\/\\\/congresointernacionaldepsicologia.com\\\/wp-content\\\/uploads\\\/2025\\\/04\\\/JOSE-GONZALEZ.png\",\"width\":500,\"height\":500},{\"@type\":\"BreadcrumbList\",\"@id\":\"https:\\\/\\\/congresointernacionaldepsicologia.com\\\/organizador\\\/jose-gonzalez\\\/#breadcrumb\",\"itemListElement\":[{\"@type\":\"ListItem\",\"position\":1,\"name\":\"Portada\",\"item\":\"https:\\\/\\\/congresointernacionaldepsicologia.com\\\/\"},{\"@type\":\"ListItem\",\"position\":2,\"name\":\"Jos\u00e9 Gonz\u00e1lez\"}]},{\"@type\":\"WebSite\",\"@id\":\"https:\\\/\\\/congresointernacionaldepsicologia.com\\\/#website\",\"url\":\"https:\\\/\\\/congresointernacionaldepsicologia.com\\\/\",\"name\":\"Congreso Internacional de Psicoterapia Sist\u00e9mica\",\"description\":\"\",\"publisher\":{\"@id\":\"https:\\\/\\\/congresointernacionaldepsicologia.com\\\/#organization\"},\"potentialAction\":[{\"@type\":\"SearchAction\",\"target\":{\"@type\":\"EntryPoint\",\"urlTemplate\":\"https:\\\/\\\/congresointernacionaldepsicologia.com\\\/?s={search_term_string}\"},\"query-input\":{\"@type\":\"PropertyValueSpecification\",\"valueRequired\":true,\"valueName\":\"search_term_string\"}}],\"inLanguage\":\"en-US\"},{\"@type\":\"Organization\",\"@id\":\"https:\\\/\\\/congresointernacionaldepsicologia.com\\\/#organization\",\"name\":\"Congreso Internacional de Psicoterapia Sist\u00e9mica\",\"url\":\"https:\\\/\\\/congresointernacionaldepsicologia.com\\\/\",\"logo\":{\"@type\":\"ImageObject\",\"inLanguage\":\"en-US\",\"@id\":\"https:\\\/\\\/congresointernacionaldepsicologia.com\\\/#\\\/schema\\\/logo\\\/image\\\/\",\"url\":\"https:\\\/\\\/congresointernacionaldepsicologia.com\\\/wp-content\\\/uploads\\\/2025\\\/02\\\/cropped-LOGO-CONGRESO-2026.png\",\"contentUrl\":\"https:\\\/\\\/congresointernacionaldepsicologia.com\\\/wp-content\\\/uploads\\\/2025\\\/02\\\/cropped-LOGO-CONGRESO-2026.png\",\"width\":4560,\"height\":1302,\"caption\":\"Congreso Internacional de Psicoterapia Sist\u00e9mica\"},\"image\":{\"@id\":\"https:\\\/\\\/congresointernacionaldepsicologia.com\\\/#\\\/schema\\\/logo\\\/image\\\/\"}}]}<\/script>\n<!-- \/ Yoast SEO plugin. -->","yoast_head_json":{"title":"Jos\u00e9 Gonz\u00e1lez - Congreso Internacional de Psicoterapia Sist\u00e9mica","robots":{"index":"index","follow":"follow","max-snippet":"max-snippet:-1","max-image-preview":"max-image-preview:large","max-video-preview":"max-video-preview:-1"},"canonical":"https:\/\/congresointernacionaldepsicologia.com\/en\/organizador\/jose-gonzalez\/","og_locale":"en_US","og_type":"article","og_title":"Jos\u00e9 Gonz\u00e1lez - Congreso Internacional de Psicoterapia Sist\u00e9mica","og_description":"Jos\u00e9 Gonz\u00e1lez Fern\u00e1ndez es un psic\u00f3logo cl\u00ednico que ha publicado varios libros sobre el duelo junto a Manuel Nevado Rey.\u00a0Tambi\u00e9n es abogado y est\u00e1 formado en Ciencias Pol\u00edticas y de [&hellip;]","og_url":"https:\/\/congresointernacionaldepsicologia.com\/en\/organizador\/jose-gonzalez\/","og_site_name":"Congreso Internacional de Psicoterapia Sist\u00e9mica","og_image":[{"width":500,"height":500,"url":"https:\/\/congresointernacionaldepsicologia.com\/wp-content\/uploads\/2025\/04\/JOSE-GONZALEZ.png","type":"image\/png"}],"twitter_card":"summary_large_image","twitter_misc":{"Est. reading time":"1 minute"},"schema":{"@context":"https:\/\/schema.org","@graph":[{"@type":"WebPage","@id":"https:\/\/congresointernacionaldepsicologia.com\/organizador\/jose-gonzalez\/","url":"https:\/\/congresointernacionaldepsicologia.com\/organizador\/jose-gonzalez\/","name":"Jos\u00e9 Gonz\u00e1lez - Congreso Internacional de Psicoterapia Sist\u00e9mica","isPartOf":{"@id":"https:\/\/congresointernacionaldepsicologia.com\/#website"},"primaryImageOfPage":{"@id":"https:\/\/congresointernacionaldepsicologia.com\/organizador\/jose-gonzalez\/#primaryimage"},"image":{"@id":"https:\/\/congresointernacionaldepsicologia.com\/organizador\/jose-gonzalez\/#primaryimage"},"thumbnailUrl":"https:\/\/congresointernacionaldepsicologia.com\/wp-content\/uploads\/2025\/04\/JOSE-GONZALEZ.png","datePublished":"2025-09-18T12:16:15+00:00","breadcrumb":{"@id":"https:\/\/congresointernacionaldepsicologia.com\/organizador\/jose-gonzalez\/#breadcrumb"},"inLanguage":"en-US","potentialAction":[{"@type":"ReadAction","target":["https:\/\/congresointernacionaldepsicologia.com\/organizador\/jose-gonzalez\/"]}]},{"@type":"ImageObject","inLanguage":"en-US","@id":"https:\/\/congresointernacionaldepsicologia.com\/organizador\/jose-gonzalez\/#primaryimage","url":"https:\/\/congresointernacionaldepsicologia.com\/wp-content\/uploads\/2025\/04\/JOSE-GONZALEZ.png","contentUrl":"https:\/\/congresointernacionaldepsicologia.com\/wp-content\/uploads\/2025\/04\/JOSE-GONZALEZ.png","width":500,"height":500},{"@type":"BreadcrumbList","@id":"https:\/\/congresointernacionaldepsicologia.com\/organizador\/jose-gonzalez\/#breadcrumb","itemListElement":[{"@type":"ListItem","position":1,"name":"Portada","item":"https:\/\/congresointernacionaldepsicologia.com\/"},{"@type":"ListItem","position":2,"name":"Jos\u00e9 Gonz\u00e1lez"}]},{"@type":"WebSite","@id":"https:\/\/congresointernacionaldepsicologia.com\/#website","url":"https:\/\/congresointernacionaldepsicologia.com\/","name":"Congreso Internacional de Psicoterapia Sist\u00e9mica","description":"","publisher":{"@id":"https:\/\/congresointernacionaldepsicologia.com\/#organization"},"potentialAction":[{"@type":"SearchAction","target":{"@type":"EntryPoint","urlTemplate":"https:\/\/congresointernacionaldepsicologia.com\/?s={search_term_string}"},"query-input":{"@type":"PropertyValueSpecification","valueRequired":true,"valueName":"search_term_string"}}],"inLanguage":"en-US"},{"@type":"Organization","@id":"https:\/\/congresointernacionaldepsicologia.com\/#organization","name":"Congreso Internacional de Psicoterapia Sist\u00e9mica","url":"https:\/\/congresointernacionaldepsicologia.com\/","logo":{"@type":"ImageObject","inLanguage":"en-US","@id":"https:\/\/congresointernacionaldepsicologia.com\/#\/schema\/logo\/image\/","url":"https:\/\/congresointernacionaldepsicologia.com\/wp-content\/uploads\/2025\/02\/cropped-LOGO-CONGRESO-2026.png","contentUrl":"https:\/\/congresointernacionaldepsicologia.com\/wp-content\/uploads\/2025\/02\/cropped-LOGO-CONGRESO-2026.png","width":4560,"height":1302,"caption":"Congreso Internacional de Psicoterapia Sist\u00e9mica"},"image":{"@id":"https:\/\/congresointernacionaldepsicologia.com\/#\/schema\/logo\/image\/"}}]}},"_links":{"self":[{"href":"https:\/\/congresointernacionaldepsicologia.com\/en\/wp-json\/wp\/v2\/tribe_organizer\/4079","targetHints":{"allow":["GET"]}}],"collection":[{"href":"https:\/\/congresointernacionaldepsicologia.com\/en\/wp-json\/wp\/v2\/tribe_organizer"}],"about":[{"href":"https:\/\/congresointernacionaldepsicologia.com\/en\/wp-json\/wp\/v2\/types\/tribe_organizer"}],"author":[{"embeddable":true,"href":"https:\/\/congresointernacionaldepsicologia.com\/en\/wp-json\/wp\/v2\/users\/5"}],"version-history":[{"count":1,"href":"https:\/\/congresointernacionaldepsicologia.com\/en\/wp-json\/wp\/v2\/tribe_organizer\/4079\/revisions"}],"predecessor-version":[{"id":4080,"href":"https:\/\/congresointernacionaldepsicologia.com\/en\/wp-json\/wp\/v2\/tribe_organizer\/4079\/revisions\/4080"}],"wp:featuredmedia":[{"embeddable":true,"href":"https:\/\/congresointernacionaldepsicologia.com\/en\/wp-json\/wp\/v2\/media\/3828"}],"wp:attachment":[{"href":"https:\/\/congresointernacionaldepsicologia.com\/en\/wp-json\/wp\/v2\/media?parent=4079"}],"curies":[{"name":"wp","href":"https:\/\/api.w.org\/{rel}","templated":true}]}}

José González

<div class="profile__text">
<div class="text">
<p><strong>José González Fernández </strong>es un psicólogo clínico que ha publicado varios libros sobre el duelo junto a <strong>Manuel Nevado Rey</strong>. También es abogado y está formado en Ciencias Políticas y de la Administración, aunque trabaja principalmente en el ámbito de la psicología.</p>
<p>Obtuvo un máster en Psicología Clínica y de la Salud por la Universidad Complutense de Madrid, especializándose también en Clínica y Psicoterapia Psicoanalítica en la Universidad Pontificia de Comillas.</p>
<p><strong>González Fernández </strong>es el encargado de coordinar el programa de duelo de Psicólogos sin Fronteras. Es en este campo, el de la pérdida, en el que más se ha formado y en el que desarrolla gran parte de su labor profesional.</p>
<p>Además de dedicarse a la divulgación, <strong>González Fernández</strong> forma profesionales sanitarios y coordina grupos de duelo.</p>
<p>Durante su trayectoria profesional ha ganado el Premio Lafourcade-Ponce (2012) y se le ha concedido el Diploma del Colegio Oficial de Psicólogos por su labor divulgativa.</p>
</div>
</div>

<p>José González Fernández es un psicólogo clínico que ha publicado varios libros sobre el duelo junto a Manuel Nevado Rey. También es abogado y está formado en Ciencias Políticas y de [&hellip;]</p>

<!-- This site is optimized with the Yoast SEO plugin v27.5 - https://yoast.com/product/yoast-seo-wordpress/ -->
<title>José González - Congreso Internacional de Psicoterapia Sistémica</title>
<meta name="robots" content="index, follow, max-snippet:-1, max-image-preview:large, max-video-preview:-1" />
<link rel="canonical" href="https://congresointernacionaldepsicologia.com/en/organizador/jose-gonzalez/" />
<meta property="og:locale" content="en_US" />
<meta property="og:type" content="article" />
<meta property="og:title" content="José González - Congreso Internacional de Psicoterapia Sistémica" />
<meta property="og:description" content="José González Fernández es un psicólogo clínico que ha publicado varios libros sobre el duelo junto a Manuel Nevado Rey. También es abogado y está formado en Ciencias Políticas y de [&hellip;]" />
<meta property="og:url" content="https://congresointernacionaldepsicologia.com/en/organizador/jose-gonzalez/" />
<meta property="og:site_name" content="Congreso Internacional de Psicoterapia Sistémica" />
<meta property="og:image" content="https://congresointernacionaldepsicologia.com/wp-content/uploads/2025/04/JOSE-GONZALEZ.png" />
	<meta property="og:image:width" content="500" />
	<meta property="og:image:height" content="500" />
	<meta property="og:image:type" content="image/png" />
<meta name="twitter:card" content="summary_large_image" />
<meta name="twitter:label1" content="Est. reading time" />
	<meta name="twitter:data1" content="1 minute" />
<script type="application/ld+json" class="yoast-schema-graph">{"@context":"https:\/\/schema.org","@graph":[{"@type":"WebPage","@id":"https:\/\/congresointernacionaldepsicologia.com\/organizador\/jose-gonzalez\/","url":"https:\/\/congresointernacionaldepsicologia.com\/organizador\/jose-gonzalez\/","name":"José González - Congreso Internacional de Psicoterapia Sistémica","isPartOf":{"@id":"https:\/\/congresointernacionaldepsicologia.com\/#website"},"primaryImageOfPage":{"@id":"https:\/\/congresointernacionaldepsicologia.com\/organizador\/jose-gonzalez\/#primaryimage"},"image":{"@id":"https:\/\/congresointernacionaldepsicologia.com\/organizador\/jose-gonzalez\/#primaryimage"},"thumbnailUrl":"https:\/\/congresointernacionaldepsicologia.com\/wp-content\/uploads\/2025\/04\/JOSE-GONZALEZ.png","datePublished":"2025-09-18T12:16:15+00:00","breadcrumb":{"@id":"https:\/\/congresointernacionaldepsicologia.com\/organizador\/jose-gonzalez\/#breadcrumb"},"inLanguage":"en-US","potentialAction":[{"@type":"ReadAction","target":["https:\/\/congresointernacionaldepsicologia.com\/organizador\/jose-gonzalez\/"]}]},{"@type":"ImageObject","inLanguage":"en-US","@id":"https:\/\/congresointernacionaldepsicologia.com\/organizador\/jose-gonzalez\/#primaryimage","url":"https:\/\/congresointernacionaldepsicologia.com\/wp-content\/uploads\/2025\/04\/JOSE-GONZALEZ.png","contentUrl":"https:\/\/congresointernacionaldepsicologia.com\/wp-content\/uploads\/2025\/04\/JOSE-GONZALEZ.png","width":500,"height":500},{"@type":"BreadcrumbList","@id":"https:\/\/congresointernacionaldepsicologia.com\/organizador\/jose-gonzalez\/#breadcrumb","itemListElement":[{"@type":"ListItem","position":1,"name":"Portada","item":"https:\/\/congresointernacionaldepsicologia.com\/"},{"@type":"ListItem","position":2,"name":"José González"}]},{"@type":"WebSite","@id":"https:\/\/congresointernacionaldepsicologia.com\/#website","url":"https:\/\/congresointernacionaldepsicologia.com\/","name":"Congreso Internacional de Psicoterapia Sistémica","description":"","publisher":{"@id":"https:\/\/congresointernacionaldepsicologia.com\/#organization"},"potentialAction":[{"@type":"SearchAction","target":{"@type":"EntryPoint","urlTemplate":"https:\/\/congresointernacionaldepsicologia.com\/?s={search_term_string}"},"query-input":{"@type":"PropertyValueSpecification","valueRequired":true,"valueName":"search_term_string"}}],"inLanguage":"en-US"},{"@type":"Organization","@id":"https:\/\/congresointernacionaldepsicologia.com\/#organization","name":"Congreso Internacional de Psicoterapia Sistémica","url":"https:\/\/congresointernacionaldepsicologia.com\/","logo":{"@type":"ImageObject","inLanguage":"en-US","@id":"https:\/\/congresointernacionaldepsicologia.com\/#\/schema\/logo\/image\/","url":"https:\/\/congresointernacionaldepsicologia.com\/wp-content\/uploads\/2025\/02\/cropped-LOGO-CONGRESO-2026.png","contentUrl":"https:\/\/congresointernacionaldepsicologia.com\/wp-content\/uploads\/2025\/02\/cropped-LOGO-CONGRESO-2026.png","width":4560,"height":1302,"caption":"Congreso Internacional de Psicoterapia Sistémica"},"image":{"@id":"https:\/\/congresointernacionaldepsicologia.com\/#\/schema\/logo\/image\/"}}]}</script>
<!-- / Yoast SEO plugin. -->

José González - Congreso Internacional de Psicoterapia Sistémica

José González Fernández es un psicólogo clínico que ha publicado varios libros sobre el duelo junto a Manuel Nevado Rey. También es abogado y está formado en Ciencias Políticas y de [&hellip;]

Congreso Internacional de Psicoterapia Sistémica
