{"id":4073,"date":"2025-09-18T14:07:49","date_gmt":"2025-09-18T12:07:49","guid":{"rendered":"https:\/\/congresointernacionaldepsicologia.com\/?post_type=tribe_organizer&#038;p=4073"},"modified":"2025-09-18T14:07:49","modified_gmt":"2025-09-18T12:07:49","slug":"natalia-seijo","status":"publish","type":"tribe_organizer","link":"https:\/\/congresointernacionaldepsicologia.com\/en\/organizer\/natalia-seijo\/","title":{"rendered":"Natalia Seij\u00f3"},"content":{"rendered":"<p>Natalia Seijo, psic\u00f3loga experta en psicosom\u00e1tica, presenta la gu\u00eda m\u00e1s completa y actualizada para comprender la estrecha relaci\u00f3n que existe entre nuestra salud mental y f\u00edsica.<br \/>\nLa gu\u00eda m\u00e1s completa y actualizada sobre enfermedades psicosom\u00e1ticas: aprende a sanar el trauma a trav\u00e9s del cuerpo.<br \/>\n\u00bfC\u00f3mo afectan el estr\u00e9s, la ansiedad o el trauma a nuestro cuerpo? \u00bfQu\u00e9 tienen que ver la inflamaci\u00f3n, el dolor, la migra\u00f1a o la dermatitis con nuestro historial psicol\u00f3gico?<\/p>\n<p>Solemos considerar nuestro cuerpo como un mero espectador de nuestra vida, impasible a lo que vivimos y sentimos. Sin embargo, el cuerpo experimenta, recuerda y se expresa continuamente con se\u00f1ales que no siempre sabemos descifrar.<\/p>\n<p>Mediante numerosos casos de pacientes a quienes la psicoterapia ha conseguido devolver la esperanza ante todo tipo de dolencias, nos ofrece las claves para validar lo que sentimos, identificar el origen de nuestro dolor y mejorar la huella que nos dejen las experiencias que est\u00e1n por venir.<\/p>","protected":false},"excerpt":{"rendered":"<p>Natalia Seijo, psic\u00f3loga experta en psicosom\u00e1tica, presenta la gu\u00eda m\u00e1s completa y actualizada para comprender la estrecha relaci\u00f3n que existe entre nuestra salud mental y f\u00edsica. La gu\u00eda m\u00e1s completa [&hellip;]<\/p>\n","protected":false},"author":5,"featured_media":3826,"template":"","meta":{"footnotes":""},"class_list":["post-4073","tribe_organizer","type-tribe_organizer","status-publish","has-post-thumbnail","hentry"],"yoast_head":"<!-- This site is optimized with the Yoast SEO plugin v27.5 - https:\/\/yoast.com\/product\/yoast-seo-wordpress\/ -->\n<title>Natalia Seij\u00f3 - Congreso Internacional de Psicoterapia Sist\u00e9mica<\/title>\n<meta name=\"robots\" content=\"index, follow, max-snippet:-1, max-image-preview:large, max-video-preview:-1\" \/>\n<link rel=\"canonical\" href=\"https:\/\/congresointernacionaldepsicologia.com\/en\/organizador\/natalia-seijo\/\" \/>\n<meta property=\"og:locale\" content=\"en_US\" \/>\n<meta property=\"og:type\" content=\"article\" \/>\n<meta property=\"og:title\" content=\"Natalia Seij\u00f3 - Congreso Internacional de Psicoterapia Sist\u00e9mica\" \/>\n<meta property=\"og:description\" content=\"Natalia Seijo, psic\u00f3loga experta en psicosom\u00e1tica, presenta la gu\u00eda m\u00e1s completa y actualizada para comprender la estrecha relaci\u00f3n que existe entre nuestra salud mental y f\u00edsica. La gu\u00eda m\u00e1s completa [&hellip;]\" \/>\n<meta property=\"og:url\" content=\"https:\/\/congresointernacionaldepsicologia.com\/en\/organizador\/natalia-seijo\/\" \/>\n<meta property=\"og:site_name\" content=\"Congreso Internacional de Psicoterapia Sist\u00e9mica\" \/>\n<meta property=\"og:image\" content=\"https:\/\/congresointernacionaldepsicologia.com\/wp-content\/uploads\/2025\/04\/NATALIA-SEIJO-blanco.png\" \/>\n\t<meta property=\"og:image:width\" content=\"500\" \/>\n\t<meta property=\"og:image:height\" content=\"500\" \/>\n\t<meta property=\"og:image:type\" content=\"image\/png\" \/>\n<meta name=\"twitter:card\" content=\"summary_large_image\" \/>\n<meta name=\"twitter:label1\" content=\"Est. reading time\" \/>\n\t<meta name=\"twitter:data1\" content=\"1 minute\" \/>\n<script type=\"application\/ld+json\" class=\"yoast-schema-graph\">{\"@context\":\"https:\\\/\\\/schema.org\",\"@graph\":[{\"@type\":\"WebPage\",\"@id\":\"https:\\\/\\\/congresointernacionaldepsicologia.com\\\/organizador\\\/natalia-seijo\\\/\",\"url\":\"https:\\\/\\\/congresointernacionaldepsicologia.com\\\/organizador\\\/natalia-seijo\\\/\",\"name\":\"Natalia Seij\u00f3 - Congreso Internacional de Psicoterapia Sist\u00e9mica\",\"isPartOf\":{\"@id\":\"https:\\\/\\\/congresointernacionaldepsicologia.com\\\/#website\"},\"primaryImageOfPage\":{\"@id\":\"https:\\\/\\\/congresointernacionaldepsicologia.com\\\/organizador\\\/natalia-seijo\\\/#primaryimage\"},\"image\":{\"@id\":\"https:\\\/\\\/congresointernacionaldepsicologia.com\\\/organizador\\\/natalia-seijo\\\/#primaryimage\"},\"thumbnailUrl\":\"https:\\\/\\\/congresointernacionaldepsicologia.com\\\/wp-content\\\/uploads\\\/2025\\\/04\\\/NATALIA-SEIJO-blanco.png\",\"datePublished\":\"2025-09-18T12:07:49+00:00\",\"breadcrumb\":{\"@id\":\"https:\\\/\\\/congresointernacionaldepsicologia.com\\\/organizador\\\/natalia-seijo\\\/#breadcrumb\"},\"inLanguage\":\"en-US\",\"potentialAction\":[{\"@type\":\"ReadAction\",\"target\":[\"https:\\\/\\\/congresointernacionaldepsicologia.com\\\/organizador\\\/natalia-seijo\\\/\"]}]},{\"@type\":\"ImageObject\",\"inLanguage\":\"en-US\",\"@id\":\"https:\\\/\\\/congresointernacionaldepsicologia.com\\\/organizador\\\/natalia-seijo\\\/#primaryimage\",\"url\":\"https:\\\/\\\/congresointernacionaldepsicologia.com\\\/wp-content\\\/uploads\\\/2025\\\/04\\\/NATALIA-SEIJO-blanco.png\",\"contentUrl\":\"https:\\\/\\\/congresointernacionaldepsicologia.com\\\/wp-content\\\/uploads\\\/2025\\\/04\\\/NATALIA-SEIJO-blanco.png\",\"width\":500,\"height\":500},{\"@type\":\"BreadcrumbList\",\"@id\":\"https:\\\/\\\/congresointernacionaldepsicologia.com\\\/organizador\\\/natalia-seijo\\\/#breadcrumb\",\"itemListElement\":[{\"@type\":\"ListItem\",\"position\":1,\"name\":\"Portada\",\"item\":\"https:\\\/\\\/congresointernacionaldepsicologia.com\\\/\"},{\"@type\":\"ListItem\",\"position\":2,\"name\":\"Natalia Seij\u00f3\"}]},{\"@type\":\"WebSite\",\"@id\":\"https:\\\/\\\/congresointernacionaldepsicologia.com\\\/#website\",\"url\":\"https:\\\/\\\/congresointernacionaldepsicologia.com\\\/\",\"name\":\"Congreso Internacional de Psicoterapia Sist\u00e9mica\",\"description\":\"\",\"publisher\":{\"@id\":\"https:\\\/\\\/congresointernacionaldepsicologia.com\\\/#organization\"},\"potentialAction\":[{\"@type\":\"SearchAction\",\"target\":{\"@type\":\"EntryPoint\",\"urlTemplate\":\"https:\\\/\\\/congresointernacionaldepsicologia.com\\\/?s={search_term_string}\"},\"query-input\":{\"@type\":\"PropertyValueSpecification\",\"valueRequired\":true,\"valueName\":\"search_term_string\"}}],\"inLanguage\":\"en-US\"},{\"@type\":\"Organization\",\"@id\":\"https:\\\/\\\/congresointernacionaldepsicologia.com\\\/#organization\",\"name\":\"Congreso Internacional de Psicoterapia Sist\u00e9mica\",\"url\":\"https:\\\/\\\/congresointernacionaldepsicologia.com\\\/\",\"logo\":{\"@type\":\"ImageObject\",\"inLanguage\":\"en-US\",\"@id\":\"https:\\\/\\\/congresointernacionaldepsicologia.com\\\/#\\\/schema\\\/logo\\\/image\\\/\",\"url\":\"https:\\\/\\\/congresointernacionaldepsicologia.com\\\/wp-content\\\/uploads\\\/2025\\\/02\\\/cropped-LOGO-CONGRESO-2026.png\",\"contentUrl\":\"https:\\\/\\\/congresointernacionaldepsicologia.com\\\/wp-content\\\/uploads\\\/2025\\\/02\\\/cropped-LOGO-CONGRESO-2026.png\",\"width\":4560,\"height\":1302,\"caption\":\"Congreso Internacional de Psicoterapia Sist\u00e9mica\"},\"image\":{\"@id\":\"https:\\\/\\\/congresointernacionaldepsicologia.com\\\/#\\\/schema\\\/logo\\\/image\\\/\"}}]}<\/script>\n<!-- \/ Yoast SEO plugin. -->","yoast_head_json":{"title":"Natalia Seij\u00f3 - Congreso Internacional de Psicoterapia Sist\u00e9mica","robots":{"index":"index","follow":"follow","max-snippet":"max-snippet:-1","max-image-preview":"max-image-preview:large","max-video-preview":"max-video-preview:-1"},"canonical":"https:\/\/congresointernacionaldepsicologia.com\/en\/organizador\/natalia-seijo\/","og_locale":"en_US","og_type":"article","og_title":"Natalia Seij\u00f3 - Congreso Internacional de Psicoterapia Sist\u00e9mica","og_description":"Natalia Seijo, psic\u00f3loga experta en psicosom\u00e1tica, presenta la gu\u00eda m\u00e1s completa y actualizada para comprender la estrecha relaci\u00f3n que existe entre nuestra salud mental y f\u00edsica. La gu\u00eda m\u00e1s completa [&hellip;]","og_url":"https:\/\/congresointernacionaldepsicologia.com\/en\/organizador\/natalia-seijo\/","og_site_name":"Congreso Internacional de Psicoterapia Sist\u00e9mica","og_image":[{"width":500,"height":500,"url":"https:\/\/congresointernacionaldepsicologia.com\/wp-content\/uploads\/2025\/04\/NATALIA-SEIJO-blanco.png","type":"image\/png"}],"twitter_card":"summary_large_image","twitter_misc":{"Est. reading time":"1 minute"},"schema":{"@context":"https:\/\/schema.org","@graph":[{"@type":"WebPage","@id":"https:\/\/congresointernacionaldepsicologia.com\/organizador\/natalia-seijo\/","url":"https:\/\/congresointernacionaldepsicologia.com\/organizador\/natalia-seijo\/","name":"Natalia Seij\u00f3 - Congreso Internacional de Psicoterapia Sist\u00e9mica","isPartOf":{"@id":"https:\/\/congresointernacionaldepsicologia.com\/#website"},"primaryImageOfPage":{"@id":"https:\/\/congresointernacionaldepsicologia.com\/organizador\/natalia-seijo\/#primaryimage"},"image":{"@id":"https:\/\/congresointernacionaldepsicologia.com\/organizador\/natalia-seijo\/#primaryimage"},"thumbnailUrl":"https:\/\/congresointernacionaldepsicologia.com\/wp-content\/uploads\/2025\/04\/NATALIA-SEIJO-blanco.png","datePublished":"2025-09-18T12:07:49+00:00","breadcrumb":{"@id":"https:\/\/congresointernacionaldepsicologia.com\/organizador\/natalia-seijo\/#breadcrumb"},"inLanguage":"en-US","potentialAction":[{"@type":"ReadAction","target":["https:\/\/congresointernacionaldepsicologia.com\/organizador\/natalia-seijo\/"]}]},{"@type":"ImageObject","inLanguage":"en-US","@id":"https:\/\/congresointernacionaldepsicologia.com\/organizador\/natalia-seijo\/#primaryimage","url":"https:\/\/congresointernacionaldepsicologia.com\/wp-content\/uploads\/2025\/04\/NATALIA-SEIJO-blanco.png","contentUrl":"https:\/\/congresointernacionaldepsicologia.com\/wp-content\/uploads\/2025\/04\/NATALIA-SEIJO-blanco.png","width":500,"height":500},{"@type":"BreadcrumbList","@id":"https:\/\/congresointernacionaldepsicologia.com\/organizador\/natalia-seijo\/#breadcrumb","itemListElement":[{"@type":"ListItem","position":1,"name":"Portada","item":"https:\/\/congresointernacionaldepsicologia.com\/"},{"@type":"ListItem","position":2,"name":"Natalia Seij\u00f3"}]},{"@type":"WebSite","@id":"https:\/\/congresointernacionaldepsicologia.com\/#website","url":"https:\/\/congresointernacionaldepsicologia.com\/","name":"Congreso Internacional de Psicoterapia Sist\u00e9mica","description":"","publisher":{"@id":"https:\/\/congresointernacionaldepsicologia.com\/#organization"},"potentialAction":[{"@type":"SearchAction","target":{"@type":"EntryPoint","urlTemplate":"https:\/\/congresointernacionaldepsicologia.com\/?s={search_term_string}"},"query-input":{"@type":"PropertyValueSpecification","valueRequired":true,"valueName":"search_term_string"}}],"inLanguage":"en-US"},{"@type":"Organization","@id":"https:\/\/congresointernacionaldepsicologia.com\/#organization","name":"Congreso Internacional de Psicoterapia Sist\u00e9mica","url":"https:\/\/congresointernacionaldepsicologia.com\/","logo":{"@type":"ImageObject","inLanguage":"en-US","@id":"https:\/\/congresointernacionaldepsicologia.com\/#\/schema\/logo\/image\/","url":"https:\/\/congresointernacionaldepsicologia.com\/wp-content\/uploads\/2025\/02\/cropped-LOGO-CONGRESO-2026.png","contentUrl":"https:\/\/congresointernacionaldepsicologia.com\/wp-content\/uploads\/2025\/02\/cropped-LOGO-CONGRESO-2026.png","width":4560,"height":1302,"caption":"Congreso Internacional de Psicoterapia Sist\u00e9mica"},"image":{"@id":"https:\/\/congresointernacionaldepsicologia.com\/#\/schema\/logo\/image\/"}}]}},"_links":{"self":[{"href":"https:\/\/congresointernacionaldepsicologia.com\/en\/wp-json\/wp\/v2\/tribe_organizer\/4073","targetHints":{"allow":["GET"]}}],"collection":[{"href":"https:\/\/congresointernacionaldepsicologia.com\/en\/wp-json\/wp\/v2\/tribe_organizer"}],"about":[{"href":"https:\/\/congresointernacionaldepsicologia.com\/en\/wp-json\/wp\/v2\/types\/tribe_organizer"}],"author":[{"embeddable":true,"href":"https:\/\/congresointernacionaldepsicologia.com\/en\/wp-json\/wp\/v2\/users\/5"}],"version-history":[{"count":1,"href":"https:\/\/congresointernacionaldepsicologia.com\/en\/wp-json\/wp\/v2\/tribe_organizer\/4073\/revisions"}],"predecessor-version":[{"id":4074,"href":"https:\/\/congresointernacionaldepsicologia.com\/en\/wp-json\/wp\/v2\/tribe_organizer\/4073\/revisions\/4074"}],"wp:featuredmedia":[{"embeddable":true,"href":"https:\/\/congresointernacionaldepsicologia.com\/en\/wp-json\/wp\/v2\/media\/3826"}],"wp:attachment":[{"href":"https:\/\/congresointernacionaldepsicologia.com\/en\/wp-json\/wp\/v2\/media?parent=4073"}],"curies":[{"name":"wp","href":"https:\/\/api.w.org\/{rel}","templated":true}]}}

Natalia Seijó

<p>Natalia Seijo, psicóloga experta en psicosomática, presenta la guía más completa y actualizada para comprender la estrecha relación que existe entre nuestra salud mental y física.<br />
La guía más completa y actualizada sobre enfermedades psicosomáticas: aprende a sanar el trauma a través del cuerpo.<br />
¿Cómo afectan el estrés, la ansiedad o el trauma a nuestro cuerpo? ¿Qué tienen que ver la inflamación, el dolor, la migraña o la dermatitis con nuestro historial psicológico?</p>
<p>Solemos considerar nuestro cuerpo como un mero espectador de nuestra vida, impasible a lo que vivimos y sentimos. Sin embargo, el cuerpo experimenta, recuerda y se expresa continuamente con señales que no siempre sabemos descifrar.</p>
<p>Mediante numerosos casos de pacientes a quienes la psicoterapia ha conseguido devolver la esperanza ante todo tipo de dolencias, nos ofrece las claves para validar lo que sentimos, identificar el origen de nuestro dolor y mejorar la huella que nos dejen las experiencias que están por venir.</p>

<p>Natalia Seijo, psicóloga experta en psicosomática, presenta la guía más completa y actualizada para comprender la estrecha relación que existe entre nuestra salud mental y física. La guía más completa [&hellip;]</p>

<!-- This site is optimized with the Yoast SEO plugin v27.5 - https://yoast.com/product/yoast-seo-wordpress/ -->
<title>Natalia Seijó - Congreso Internacional de Psicoterapia Sistémica</title>
<meta name="robots" content="index, follow, max-snippet:-1, max-image-preview:large, max-video-preview:-1" />
<link rel="canonical" href="https://congresointernacionaldepsicologia.com/en/organizador/natalia-seijo/" />
<meta property="og:locale" content="en_US" />
<meta property="og:type" content="article" />
<meta property="og:title" content="Natalia Seijó - Congreso Internacional de Psicoterapia Sistémica" />
<meta property="og:description" content="Natalia Seijo, psicóloga experta en psicosomática, presenta la guía más completa y actualizada para comprender la estrecha relación que existe entre nuestra salud mental y física. La guía más completa [&hellip;]" />
<meta property="og:url" content="https://congresointernacionaldepsicologia.com/en/organizador/natalia-seijo/" />
<meta property="og:site_name" content="Congreso Internacional de Psicoterapia Sistémica" />
<meta property="og:image" content="https://congresointernacionaldepsicologia.com/wp-content/uploads/2025/04/NATALIA-SEIJO-blanco.png" />
	<meta property="og:image:width" content="500" />
	<meta property="og:image:height" content="500" />
	<meta property="og:image:type" content="image/png" />
<meta name="twitter:card" content="summary_large_image" />
<meta name="twitter:label1" content="Est. reading time" />
	<meta name="twitter:data1" content="1 minute" />
<script type="application/ld+json" class="yoast-schema-graph">{"@context":"https:\/\/schema.org","@graph":[{"@type":"WebPage","@id":"https:\/\/congresointernacionaldepsicologia.com\/organizador\/natalia-seijo\/","url":"https:\/\/congresointernacionaldepsicologia.com\/organizador\/natalia-seijo\/","name":"Natalia Seijó - Congreso Internacional de Psicoterapia Sistémica","isPartOf":{"@id":"https:\/\/congresointernacionaldepsicologia.com\/#website"},"primaryImageOfPage":{"@id":"https:\/\/congresointernacionaldepsicologia.com\/organizador\/natalia-seijo\/#primaryimage"},"image":{"@id":"https:\/\/congresointernacionaldepsicologia.com\/organizador\/natalia-seijo\/#primaryimage"},"thumbnailUrl":"https:\/\/congresointernacionaldepsicologia.com\/wp-content\/uploads\/2025\/04\/NATALIA-SEIJO-blanco.png","datePublished":"2025-09-18T12:07:49+00:00","breadcrumb":{"@id":"https:\/\/congresointernacionaldepsicologia.com\/organizador\/natalia-seijo\/#breadcrumb"},"inLanguage":"en-US","potentialAction":[{"@type":"ReadAction","target":["https:\/\/congresointernacionaldepsicologia.com\/organizador\/natalia-seijo\/"]}]},{"@type":"ImageObject","inLanguage":"en-US","@id":"https:\/\/congresointernacionaldepsicologia.com\/organizador\/natalia-seijo\/#primaryimage","url":"https:\/\/congresointernacionaldepsicologia.com\/wp-content\/uploads\/2025\/04\/NATALIA-SEIJO-blanco.png","contentUrl":"https:\/\/congresointernacionaldepsicologia.com\/wp-content\/uploads\/2025\/04\/NATALIA-SEIJO-blanco.png","width":500,"height":500},{"@type":"BreadcrumbList","@id":"https:\/\/congresointernacionaldepsicologia.com\/organizador\/natalia-seijo\/#breadcrumb","itemListElement":[{"@type":"ListItem","position":1,"name":"Portada","item":"https:\/\/congresointernacionaldepsicologia.com\/"},{"@type":"ListItem","position":2,"name":"Natalia Seijó"}]},{"@type":"WebSite","@id":"https:\/\/congresointernacionaldepsicologia.com\/#website","url":"https:\/\/congresointernacionaldepsicologia.com\/","name":"Congreso Internacional de Psicoterapia Sistémica","description":"","publisher":{"@id":"https:\/\/congresointernacionaldepsicologia.com\/#organization"},"potentialAction":[{"@type":"SearchAction","target":{"@type":"EntryPoint","urlTemplate":"https:\/\/congresointernacionaldepsicologia.com\/?s={search_term_string}"},"query-input":{"@type":"PropertyValueSpecification","valueRequired":true,"valueName":"search_term_string"}}],"inLanguage":"en-US"},{"@type":"Organization","@id":"https:\/\/congresointernacionaldepsicologia.com\/#organization","name":"Congreso Internacional de Psicoterapia Sistémica","url":"https:\/\/congresointernacionaldepsicologia.com\/","logo":{"@type":"ImageObject","inLanguage":"en-US","@id":"https:\/\/congresointernacionaldepsicologia.com\/#\/schema\/logo\/image\/","url":"https:\/\/congresointernacionaldepsicologia.com\/wp-content\/uploads\/2025\/02\/cropped-LOGO-CONGRESO-2026.png","contentUrl":"https:\/\/congresointernacionaldepsicologia.com\/wp-content\/uploads\/2025\/02\/cropped-LOGO-CONGRESO-2026.png","width":4560,"height":1302,"caption":"Congreso Internacional de Psicoterapia Sistémica"},"image":{"@id":"https:\/\/congresointernacionaldepsicologia.com\/#\/schema\/logo\/image\/"}}]}</script>
<!-- / Yoast SEO plugin. -->

Natalia Seijó - Congreso Internacional de Psicoterapia Sistémica

Natalia Seijo, psicóloga experta en psicosomática, presenta la guía más completa y actualizada para comprender la estrecha relación que existe entre nuestra salud mental y física. La guía más completa [&hellip;]

Congreso Internacional de Psicoterapia Sistémica
