{"id":2642,"date":"2024-04-26T11:50:39","date_gmt":"2024-04-26T09:50:39","guid":{"rendered":"https:\/\/congresointernacionaldepsicologia.com\/?post_type=tribe_organizer&#038;p=2642"},"modified":"2024-04-26T11:50:39","modified_gmt":"2024-04-26T09:50:39","slug":"manuel-paz-yepes","status":"publish","type":"tribe_organizer","link":"https:\/\/congresointernacionaldepsicologia.com\/en\/organizer\/manuel-paz-yepes\/","title":{"rendered":"Manuel Paz Yepes"},"content":{"rendered":"<p><span style=\"font-weight: 400;\">M\u00e9dico Psicoterapeuta. Director de IPSIMED &#8211; Integraci\u00f3n Psicom\u00e9dica\u00a0<\/span><\/p>\n<p><span style=\"font-weight: 400;\">Vicepresidente de FAPYMPE (Federaci\u00f3n de Psic\u00f3logos y M\u00e9dicos Psicoterapeutas de Espa\u00f1a)<\/span><\/p>\n<p><a href=\"https:\/\/ipsimed.com\/equipo\/manuel-paz-yepes\/\"><span style=\"font-weight: 400;\">Manuel Paz Yepes<\/span><\/a><span style=\"font-weight: 400;\">\u00a0es M\u00e9dico especialista en Medicina Interna, Psicoterapeuta especializado en Psicoterapia Integrativa y Psicosom\u00e1tica, Fellowship en Integrative and Behavioral Cardiology del Hospital Monte Sina\u00ed (Nueva York), e Intership en Psiquiatr\u00eda por la Universidad de Columbia (Nueva York). Es fundador y director de la\u00a0<\/span><a href=\"https:\/\/ipsimed.com\/\"><span style=\"font-weight: 400;\">Escuela de Integraci\u00f3n Psicom\u00e9dica, Ipsimed<\/span><\/a><span style=\"font-weight: 400;\"> y vicepresidente de la Federaci\u00f3n de M\u00e9dicos y Psic\u00f3logos Psicoterapeutas de Espa\u00f1a (FAPyMPE).<\/span><\/p>\n<p><span style=\"font-weight: 400;\">Su formaci\u00f3n en\u00a0medicina, psiquiatr\u00eda y psicoterapia, es complementada por su pr\u00e1ctica experiencial en karate, siendo 6\u00baDAN por la Federaci\u00f3n Espa\u00f1ola de Karate y en meditaci\u00f3n, habi\u00e9ndose formado en Mindfulness por el Center for Mindfulness de la Universidad de Massachusetts, y en Compasi\u00f3n por el Compassion Institute originado en la Universidad de Standford.\u00a0<\/span><\/p>\n<p><span style=\"font-weight: 400;\">El Dr. Paz tiene experiencia cl\u00ednica docente en psicoterapia y medicina psicosom\u00e1tica desde hace m\u00e1s de 15 a\u00f1os, tanto en el \u00e1mbito privado como en el p\u00fablico. Su itinerario profesional, variado y multidisciplinar, le lleva a tener una visi\u00f3n integradora, no solo de diferentes disciplinas y corrientes te\u00f3ricas sobre la salud mental, sino tambi\u00e9n sobre la importancia de interrelacionar la dimensi\u00f3n profesional del psicoterapeuta con su dimensi\u00f3n experiencial y humana.\u00a0<\/span><\/p>\n<p>&nbsp;<\/p>","protected":false},"excerpt":{"rendered":"<p>M\u00e9dico Psicoterapeuta. Director de IPSIMED &#8211; Integraci\u00f3n Psicom\u00e9dica\u00a0 Vicepresidente de FAPYMPE (Federaci\u00f3n de Psic\u00f3logos y M\u00e9dicos Psicoterapeutas de Espa\u00f1a) Manuel Paz Yepes\u00a0es M\u00e9dico especialista en Medicina Interna, Psicoterapeuta especializado en [&hellip;]<\/p>\n","protected":false},"author":5,"featured_media":1789,"template":"","meta":{"footnotes":""},"class_list":["post-2642","tribe_organizer","type-tribe_organizer","status-publish","has-post-thumbnail","hentry"],"yoast_head":"<!-- This site is optimized with the Yoast SEO plugin v27.4 - https:\/\/yoast.com\/product\/yoast-seo-wordpress\/ -->\n<title>Manuel Paz Yepes - Congreso Internacional de Psicoterapia Sist\u00e9mica<\/title>\n<meta name=\"robots\" content=\"index, follow, max-snippet:-1, max-image-preview:large, max-video-preview:-1\" \/>\n<link rel=\"canonical\" href=\"https:\/\/congresointernacionaldepsicologia.com\/en\/organizador\/manuel-paz-yepes\/\" \/>\n<meta property=\"og:locale\" content=\"en_US\" \/>\n<meta property=\"og:type\" content=\"article\" \/>\n<meta property=\"og:title\" content=\"Manuel Paz Yepes - Congreso Internacional de Psicoterapia Sist\u00e9mica\" \/>\n<meta property=\"og:description\" content=\"M\u00e9dico Psicoterapeuta. Director de IPSIMED &#8211; Integraci\u00f3n Psicom\u00e9dica\u00a0 Vicepresidente de FAPYMPE (Federaci\u00f3n de Psic\u00f3logos y M\u00e9dicos Psicoterapeutas de Espa\u00f1a) Manuel Paz Yepes\u00a0es M\u00e9dico especialista en Medicina Interna, Psicoterapeuta especializado en [&hellip;]\" \/>\n<meta property=\"og:url\" content=\"https:\/\/congresointernacionaldepsicologia.com\/en\/organizador\/manuel-paz-yepes\/\" \/>\n<meta property=\"og:site_name\" content=\"Congreso Internacional de Psicoterapia Sist\u00e9mica\" \/>\n<meta property=\"og:image\" content=\"https:\/\/congresointernacionaldepsicologia.com\/wp-content\/uploads\/2024\/02\/26.png\" \/>\n\t<meta property=\"og:image:width\" content=\"500\" \/>\n\t<meta property=\"og:image:height\" content=\"500\" \/>\n\t<meta property=\"og:image:type\" content=\"image\/png\" \/>\n<meta name=\"twitter:card\" content=\"summary_large_image\" \/>\n<meta name=\"twitter:label1\" content=\"Est. reading time\" \/>\n\t<meta name=\"twitter:data1\" content=\"2 minutes\" \/>\n<script type=\"application\/ld+json\" class=\"yoast-schema-graph\">{\"@context\":\"https:\\\/\\\/schema.org\",\"@graph\":[{\"@type\":\"WebPage\",\"@id\":\"https:\\\/\\\/congresointernacionaldepsicologia.com\\\/organizador\\\/manuel-paz-yepes\\\/\",\"url\":\"https:\\\/\\\/congresointernacionaldepsicologia.com\\\/organizador\\\/manuel-paz-yepes\\\/\",\"name\":\"Manuel Paz Yepes - Congreso Internacional de Psicoterapia Sist\u00e9mica\",\"isPartOf\":{\"@id\":\"https:\\\/\\\/congresointernacionaldepsicologia.com\\\/#website\"},\"primaryImageOfPage\":{\"@id\":\"https:\\\/\\\/congresointernacionaldepsicologia.com\\\/organizador\\\/manuel-paz-yepes\\\/#primaryimage\"},\"image\":{\"@id\":\"https:\\\/\\\/congresointernacionaldepsicologia.com\\\/organizador\\\/manuel-paz-yepes\\\/#primaryimage\"},\"thumbnailUrl\":\"https:\\\/\\\/congresointernacionaldepsicologia.com\\\/wp-content\\\/uploads\\\/2024\\\/02\\\/26.png\",\"datePublished\":\"2024-04-26T09:50:39+00:00\",\"breadcrumb\":{\"@id\":\"https:\\\/\\\/congresointernacionaldepsicologia.com\\\/organizador\\\/manuel-paz-yepes\\\/#breadcrumb\"},\"inLanguage\":\"en-US\",\"potentialAction\":[{\"@type\":\"ReadAction\",\"target\":[\"https:\\\/\\\/congresointernacionaldepsicologia.com\\\/organizador\\\/manuel-paz-yepes\\\/\"]}]},{\"@type\":\"ImageObject\",\"inLanguage\":\"en-US\",\"@id\":\"https:\\\/\\\/congresointernacionaldepsicologia.com\\\/organizador\\\/manuel-paz-yepes\\\/#primaryimage\",\"url\":\"https:\\\/\\\/congresointernacionaldepsicologia.com\\\/wp-content\\\/uploads\\\/2024\\\/02\\\/26.png\",\"contentUrl\":\"https:\\\/\\\/congresointernacionaldepsicologia.com\\\/wp-content\\\/uploads\\\/2024\\\/02\\\/26.png\",\"width\":500,\"height\":500},{\"@type\":\"BreadcrumbList\",\"@id\":\"https:\\\/\\\/congresointernacionaldepsicologia.com\\\/organizador\\\/manuel-paz-yepes\\\/#breadcrumb\",\"itemListElement\":[{\"@type\":\"ListItem\",\"position\":1,\"name\":\"Portada\",\"item\":\"https:\\\/\\\/congresointernacionaldepsicologia.com\\\/\"},{\"@type\":\"ListItem\",\"position\":2,\"name\":\"Manuel Paz Yepes\"}]},{\"@type\":\"WebSite\",\"@id\":\"https:\\\/\\\/congresointernacionaldepsicologia.com\\\/#website\",\"url\":\"https:\\\/\\\/congresointernacionaldepsicologia.com\\\/\",\"name\":\"Congreso Internacional de Psicoterapia Sist\u00e9mica\",\"description\":\"\",\"publisher\":{\"@id\":\"https:\\\/\\\/congresointernacionaldepsicologia.com\\\/#organization\"},\"potentialAction\":[{\"@type\":\"SearchAction\",\"target\":{\"@type\":\"EntryPoint\",\"urlTemplate\":\"https:\\\/\\\/congresointernacionaldepsicologia.com\\\/?s={search_term_string}\"},\"query-input\":{\"@type\":\"PropertyValueSpecification\",\"valueRequired\":true,\"valueName\":\"search_term_string\"}}],\"inLanguage\":\"en-US\"},{\"@type\":\"Organization\",\"@id\":\"https:\\\/\\\/congresointernacionaldepsicologia.com\\\/#organization\",\"name\":\"Congreso Internacional de Psicoterapia Sist\u00e9mica\",\"url\":\"https:\\\/\\\/congresointernacionaldepsicologia.com\\\/\",\"logo\":{\"@type\":\"ImageObject\",\"inLanguage\":\"en-US\",\"@id\":\"https:\\\/\\\/congresointernacionaldepsicologia.com\\\/#\\\/schema\\\/logo\\\/image\\\/\",\"url\":\"https:\\\/\\\/congresointernacionaldepsicologia.com\\\/wp-content\\\/uploads\\\/2025\\\/02\\\/cropped-LOGO-CONGRESO-2026.png\",\"contentUrl\":\"https:\\\/\\\/congresointernacionaldepsicologia.com\\\/wp-content\\\/uploads\\\/2025\\\/02\\\/cropped-LOGO-CONGRESO-2026.png\",\"width\":4560,\"height\":1302,\"caption\":\"Congreso Internacional de Psicoterapia Sist\u00e9mica\"},\"image\":{\"@id\":\"https:\\\/\\\/congresointernacionaldepsicologia.com\\\/#\\\/schema\\\/logo\\\/image\\\/\"}}]}<\/script>\n<!-- \/ Yoast SEO plugin. -->","yoast_head_json":{"title":"Manuel Paz Yepes - Congreso Internacional de Psicoterapia Sist\u00e9mica","robots":{"index":"index","follow":"follow","max-snippet":"max-snippet:-1","max-image-preview":"max-image-preview:large","max-video-preview":"max-video-preview:-1"},"canonical":"https:\/\/congresointernacionaldepsicologia.com\/en\/organizador\/manuel-paz-yepes\/","og_locale":"en_US","og_type":"article","og_title":"Manuel Paz Yepes - Congreso Internacional de Psicoterapia Sist\u00e9mica","og_description":"M\u00e9dico Psicoterapeuta. Director de IPSIMED &#8211; Integraci\u00f3n Psicom\u00e9dica\u00a0 Vicepresidente de FAPYMPE (Federaci\u00f3n de Psic\u00f3logos y M\u00e9dicos Psicoterapeutas de Espa\u00f1a) Manuel Paz Yepes\u00a0es M\u00e9dico especialista en Medicina Interna, Psicoterapeuta especializado en [&hellip;]","og_url":"https:\/\/congresointernacionaldepsicologia.com\/en\/organizador\/manuel-paz-yepes\/","og_site_name":"Congreso Internacional de Psicoterapia Sist\u00e9mica","og_image":[{"width":500,"height":500,"url":"https:\/\/congresointernacionaldepsicologia.com\/wp-content\/uploads\/2024\/02\/26.png","type":"image\/png"}],"twitter_card":"summary_large_image","twitter_misc":{"Est. reading time":"2 minutes"},"schema":{"@context":"https:\/\/schema.org","@graph":[{"@type":"WebPage","@id":"https:\/\/congresointernacionaldepsicologia.com\/organizador\/manuel-paz-yepes\/","url":"https:\/\/congresointernacionaldepsicologia.com\/organizador\/manuel-paz-yepes\/","name":"Manuel Paz Yepes - Congreso Internacional de Psicoterapia Sist\u00e9mica","isPartOf":{"@id":"https:\/\/congresointernacionaldepsicologia.com\/#website"},"primaryImageOfPage":{"@id":"https:\/\/congresointernacionaldepsicologia.com\/organizador\/manuel-paz-yepes\/#primaryimage"},"image":{"@id":"https:\/\/congresointernacionaldepsicologia.com\/organizador\/manuel-paz-yepes\/#primaryimage"},"thumbnailUrl":"https:\/\/congresointernacionaldepsicologia.com\/wp-content\/uploads\/2024\/02\/26.png","datePublished":"2024-04-26T09:50:39+00:00","breadcrumb":{"@id":"https:\/\/congresointernacionaldepsicologia.com\/organizador\/manuel-paz-yepes\/#breadcrumb"},"inLanguage":"en-US","potentialAction":[{"@type":"ReadAction","target":["https:\/\/congresointernacionaldepsicologia.com\/organizador\/manuel-paz-yepes\/"]}]},{"@type":"ImageObject","inLanguage":"en-US","@id":"https:\/\/congresointernacionaldepsicologia.com\/organizador\/manuel-paz-yepes\/#primaryimage","url":"https:\/\/congresointernacionaldepsicologia.com\/wp-content\/uploads\/2024\/02\/26.png","contentUrl":"https:\/\/congresointernacionaldepsicologia.com\/wp-content\/uploads\/2024\/02\/26.png","width":500,"height":500},{"@type":"BreadcrumbList","@id":"https:\/\/congresointernacionaldepsicologia.com\/organizador\/manuel-paz-yepes\/#breadcrumb","itemListElement":[{"@type":"ListItem","position":1,"name":"Portada","item":"https:\/\/congresointernacionaldepsicologia.com\/"},{"@type":"ListItem","position":2,"name":"Manuel Paz Yepes"}]},{"@type":"WebSite","@id":"https:\/\/congresointernacionaldepsicologia.com\/#website","url":"https:\/\/congresointernacionaldepsicologia.com\/","name":"Congreso Internacional de Psicoterapia Sist\u00e9mica","description":"","publisher":{"@id":"https:\/\/congresointernacionaldepsicologia.com\/#organization"},"potentialAction":[{"@type":"SearchAction","target":{"@type":"EntryPoint","urlTemplate":"https:\/\/congresointernacionaldepsicologia.com\/?s={search_term_string}"},"query-input":{"@type":"PropertyValueSpecification","valueRequired":true,"valueName":"search_term_string"}}],"inLanguage":"en-US"},{"@type":"Organization","@id":"https:\/\/congresointernacionaldepsicologia.com\/#organization","name":"Congreso Internacional de Psicoterapia Sist\u00e9mica","url":"https:\/\/congresointernacionaldepsicologia.com\/","logo":{"@type":"ImageObject","inLanguage":"en-US","@id":"https:\/\/congresointernacionaldepsicologia.com\/#\/schema\/logo\/image\/","url":"https:\/\/congresointernacionaldepsicologia.com\/wp-content\/uploads\/2025\/02\/cropped-LOGO-CONGRESO-2026.png","contentUrl":"https:\/\/congresointernacionaldepsicologia.com\/wp-content\/uploads\/2025\/02\/cropped-LOGO-CONGRESO-2026.png","width":4560,"height":1302,"caption":"Congreso Internacional de Psicoterapia Sist\u00e9mica"},"image":{"@id":"https:\/\/congresointernacionaldepsicologia.com\/#\/schema\/logo\/image\/"}}]}},"_links":{"self":[{"href":"https:\/\/congresointernacionaldepsicologia.com\/en\/wp-json\/wp\/v2\/tribe_organizer\/2642","targetHints":{"allow":["GET"]}}],"collection":[{"href":"https:\/\/congresointernacionaldepsicologia.com\/en\/wp-json\/wp\/v2\/tribe_organizer"}],"about":[{"href":"https:\/\/congresointernacionaldepsicologia.com\/en\/wp-json\/wp\/v2\/types\/tribe_organizer"}],"author":[{"embeddable":true,"href":"https:\/\/congresointernacionaldepsicologia.com\/en\/wp-json\/wp\/v2\/users\/5"}],"version-history":[{"count":1,"href":"https:\/\/congresointernacionaldepsicologia.com\/en\/wp-json\/wp\/v2\/tribe_organizer\/2642\/revisions"}],"predecessor-version":[{"id":2643,"href":"https:\/\/congresointernacionaldepsicologia.com\/en\/wp-json\/wp\/v2\/tribe_organizer\/2642\/revisions\/2643"}],"wp:featuredmedia":[{"embeddable":true,"href":"https:\/\/congresointernacionaldepsicologia.com\/en\/wp-json\/wp\/v2\/media\/1789"}],"wp:attachment":[{"href":"https:\/\/congresointernacionaldepsicologia.com\/en\/wp-json\/wp\/v2\/media?parent=2642"}],"curies":[{"name":"wp","href":"https:\/\/api.w.org\/{rel}","templated":true}]}}

<p><span style="font-weight: 400;">Médico Psicoterapeuta. Director de IPSIMED &#8211; Integración Psicomédica </span></p>
<p><span style="font-weight: 400;">Vicepresidente de FAPYMPE (Federación de Psicólogos y Médicos Psicoterapeutas de España)</span></p>
<p><a href="https://ipsimed.com/equipo/manuel-paz-yepes/"><span style="font-weight: 400;">Manuel Paz Yepes</span></a><span style="font-weight: 400;"> es Médico especialista en Medicina Interna, Psicoterapeuta especializado en Psicoterapia Integrativa y Psicosomática, Fellowship en Integrative and Behavioral Cardiology del Hospital Monte Sinaí (Nueva York), e Intership en Psiquiatría por la Universidad de Columbia (Nueva York). Es fundador y director de la </span><a href="https://ipsimed.com/"><span style="font-weight: 400;">Escuela de Integración Psicomédica, Ipsimed</span></a><span style="font-weight: 400;"> y vicepresidente de la Federación de Médicos y Psicólogos Psicoterapeutas de España (FAPyMPE).</span></p>
<p><span style="font-weight: 400;">Su formación en medicina, psiquiatría y psicoterapia, es complementada por su práctica experiencial en karate, siendo 6ºDAN por la Federación Española de Karate y en meditación, habiéndose formado en Mindfulness por el Center for Mindfulness de la Universidad de Massachusetts, y en Compasión por el Compassion Institute originado en la Universidad de Standford. </span></p>
<p><span style="font-weight: 400;">El Dr. Paz tiene experiencia clínica docente en psicoterapia y medicina psicosomática desde hace más de 15 años, tanto en el ámbito privado como en el público. Su itinerario profesional, variado y multidisciplinar, le lleva a tener una visión integradora, no solo de diferentes disciplinas y corrientes teóricas sobre la salud mental, sino también sobre la importancia de interrelacionar la dimensión profesional del psicoterapeuta con su dimensión experiencial y humana. </span></p>
<p>&nbsp;</p>

<p>Médico Psicoterapeuta. Director de IPSIMED &#8211; Integración Psicomédica  Vicepresidente de FAPYMPE (Federación de Psicólogos y Médicos Psicoterapeutas de España) Manuel Paz Yepes es Médico especialista en Medicina Interna, Psicoterapeuta especializado en [&hellip;]</p>

<!-- This site is optimized with the Yoast SEO plugin v27.4 - https://yoast.com/product/yoast-seo-wordpress/ -->
<title>Manuel Paz Yepes - Congreso Internacional de Psicoterapia Sistémica</title>
<meta name="robots" content="index, follow, max-snippet:-1, max-image-preview:large, max-video-preview:-1" />
<link rel="canonical" href="https://congresointernacionaldepsicologia.com/en/organizador/manuel-paz-yepes/" />
<meta property="og:locale" content="en_US" />
<meta property="og:type" content="article" />
<meta property="og:title" content="Manuel Paz Yepes - Congreso Internacional de Psicoterapia Sistémica" />
<meta property="og:description" content="Médico Psicoterapeuta. Director de IPSIMED &#8211; Integración Psicomédica  Vicepresidente de FAPYMPE (Federación de Psicólogos y Médicos Psicoterapeutas de España) Manuel Paz Yepes es Médico especialista en Medicina Interna, Psicoterapeuta especializado en [&hellip;]" />
<meta property="og:url" content="https://congresointernacionaldepsicologia.com/en/organizador/manuel-paz-yepes/" />
<meta property="og:site_name" content="Congreso Internacional de Psicoterapia Sistémica" />
<meta property="og:image" content="https://congresointernacionaldepsicologia.com/wp-content/uploads/2024/02/26.png" />
	<meta property="og:image:width" content="500" />
	<meta property="og:image:height" content="500" />
	<meta property="og:image:type" content="image/png" />
<meta name="twitter:card" content="summary_large_image" />
<meta name="twitter:label1" content="Est. reading time" />
	<meta name="twitter:data1" content="2 minutes" />
<script type="application/ld+json" class="yoast-schema-graph">{"@context":"https:\/\/schema.org","@graph":[{"@type":"WebPage","@id":"https:\/\/congresointernacionaldepsicologia.com\/organizador\/manuel-paz-yepes\/","url":"https:\/\/congresointernacionaldepsicologia.com\/organizador\/manuel-paz-yepes\/","name":"Manuel Paz Yepes - Congreso Internacional de Psicoterapia Sistémica","isPartOf":{"@id":"https:\/\/congresointernacionaldepsicologia.com\/#website"},"primaryImageOfPage":{"@id":"https:\/\/congresointernacionaldepsicologia.com\/organizador\/manuel-paz-yepes\/#primaryimage"},"image":{"@id":"https:\/\/congresointernacionaldepsicologia.com\/organizador\/manuel-paz-yepes\/#primaryimage"},"thumbnailUrl":"https:\/\/congresointernacionaldepsicologia.com\/wp-content\/uploads\/2024\/02\/26.png","datePublished":"2024-04-26T09:50:39+00:00","breadcrumb":{"@id":"https:\/\/congresointernacionaldepsicologia.com\/organizador\/manuel-paz-yepes\/#breadcrumb"},"inLanguage":"en-US","potentialAction":[{"@type":"ReadAction","target":["https:\/\/congresointernacionaldepsicologia.com\/organizador\/manuel-paz-yepes\/"]}]},{"@type":"ImageObject","inLanguage":"en-US","@id":"https:\/\/congresointernacionaldepsicologia.com\/organizador\/manuel-paz-yepes\/#primaryimage","url":"https:\/\/congresointernacionaldepsicologia.com\/wp-content\/uploads\/2024\/02\/26.png","contentUrl":"https:\/\/congresointernacionaldepsicologia.com\/wp-content\/uploads\/2024\/02\/26.png","width":500,"height":500},{"@type":"BreadcrumbList","@id":"https:\/\/congresointernacionaldepsicologia.com\/organizador\/manuel-paz-yepes\/#breadcrumb","itemListElement":[{"@type":"ListItem","position":1,"name":"Portada","item":"https:\/\/congresointernacionaldepsicologia.com\/"},{"@type":"ListItem","position":2,"name":"Manuel Paz Yepes"}]},{"@type":"WebSite","@id":"https:\/\/congresointernacionaldepsicologia.com\/#website","url":"https:\/\/congresointernacionaldepsicologia.com\/","name":"Congreso Internacional de Psicoterapia Sistémica","description":"","publisher":{"@id":"https:\/\/congresointernacionaldepsicologia.com\/#organization"},"potentialAction":[{"@type":"SearchAction","target":{"@type":"EntryPoint","urlTemplate":"https:\/\/congresointernacionaldepsicologia.com\/?s={search_term_string}"},"query-input":{"@type":"PropertyValueSpecification","valueRequired":true,"valueName":"search_term_string"}}],"inLanguage":"en-US"},{"@type":"Organization","@id":"https:\/\/congresointernacionaldepsicologia.com\/#organization","name":"Congreso Internacional de Psicoterapia Sistémica","url":"https:\/\/congresointernacionaldepsicologia.com\/","logo":{"@type":"ImageObject","inLanguage":"en-US","@id":"https:\/\/congresointernacionaldepsicologia.com\/#\/schema\/logo\/image\/","url":"https:\/\/congresointernacionaldepsicologia.com\/wp-content\/uploads\/2025\/02\/cropped-LOGO-CONGRESO-2026.png","contentUrl":"https:\/\/congresointernacionaldepsicologia.com\/wp-content\/uploads\/2025\/02\/cropped-LOGO-CONGRESO-2026.png","width":4560,"height":1302,"caption":"Congreso Internacional de Psicoterapia Sistémica"},"image":{"@id":"https:\/\/congresointernacionaldepsicologia.com\/#\/schema\/logo\/image\/"}}]}</script>
<!-- / Yoast SEO plugin. -->

Manuel Paz Yepes - Congreso Internacional de Psicoterapia Sistémica

Médico Psicoterapeuta. Director de IPSIMED &#8211; Integración Psicomédica  Vicepresidente de FAPYMPE (Federación de Psicólogos y Médicos Psicoterapeutas de España) Manuel Paz Yepes es Médico especialista en Medicina Interna, Psicoterapeuta especializado en [&hellip;]

Congreso Internacional de Psicoterapia Sistémica
