{"id":1971,"date":"2024-02-20T22:00:19","date_gmt":"2024-02-20T21:00:19","guid":{"rendered":"https:\/\/congresointernacionaldepsicologia.com\/?post_type=tribe_organizer&#038;p=1971"},"modified":"2024-02-20T22:03:48","modified_gmt":"2024-02-20T21:03:48","slug":"maryorie-dantagnan","status":"publish","type":"tribe_organizer","link":"https:\/\/congresointernacionaldepsicologia.com\/en\/organizer\/maryorie-dantagnan\/","title":{"rendered":"Maryorie Dantagnan"},"content":{"rendered":"<p><span style=\"font-weight: 400;\">Maryorie Dantagnan<\/span><b>, <\/b><span style=\"font-weight: 400;\">es<\/span> <span style=\"font-weight: 400;\">chilena y formada en Colombia. Pedagoga, psic\u00f3loga y psicoterapeuta infantil, conocida por sus aportaciones a la formaci\u00f3n de psicoterapeutas infantiles introduciendo el modelo de intervenci\u00f3n en Traumaterapia Sist\u00e9mica infanto-juvenil<\/span><span style=\"font-weight: 400;\">\u00a9<\/span><span style=\"font-weight: 400;\">, modelo de intervenci\u00f3n para la atenci\u00f3n de ni\u00f1os, ni\u00f1as y adolescentes v\u00edctimas de violencia. Cofundadora desde el a\u00f1o 2000 de IFIV. \u00a0Supervisora de terapeutas infantiles y de los equipos de profesionales infantiles en diferentes instituciones en Espa\u00f1a y Chile. Responsable cl\u00ednica de los programas de psicoterapia infantil de Exil y del programa apoyo terap\u00e9utico post-adoptivo de IFIV; codirectora del Diplomado de formaci\u00f3n en Traumaterapia Sist\u00e9mica en Espa\u00f1a y Chile.\u00a0<\/span><\/p>\n<p><span style=\"font-weight: 400;\">Licenciada en Pedagog\u00eda (1986) por la Universidad de Atacama, Chile y en psicolog\u00eda por la Universidad del Norte, Colombia, (1993) y especializada en Psicolog\u00eda Cl\u00ednica Infantil (1995). Profesora en diferentes universidades de Espa\u00f1a y Chile. Profesora de Formaci\u00f3n en psicoterapia infantil, de intervenci\u00f3n con menores que han vivido violencia, valoraci\u00f3n del sufrimiento Infantil, evaluaci\u00f3n y habilidades parentales y protecci\u00f3n a la infancia; formadora de profesionales en el \u00e1rea de infancia y parentalidad.\u00a0 Responsable y co-directora del Diplomado de Posgrado en Traumaterapia Sist\u00e9mica Infanto-juvenil. Autora y co-autora de varios art\u00edculos e instrumentos de trabajo y de una veintena de libros, entre los que destacan: De la bientraitance infantile; Los buenos tratos a la infancia, Los desaf\u00edos invisibles de ser madre o padre; Promoting parenting skills and resilience; La fiesta m\u00e1gica; Promoting resilience for the prevention of and recovery from sexual abuse and child explotation in Asia; \u00c9rase una vez unos valientes, Conversaciones sobre adopci\u00f3n; La inteligencia maternal; Violencia: Tolerancia cero. Prevenci\u00f3n y apoyo psicosocial en ni\u00f1os y ni\u00f1as expuestos a violencia de g\u00e9nero; El Talism\u00e1n de la luna; \u00c9rase una vez un volc\u00e1n; La Valenta hist\u00f2ria d\u2019Oleks.<\/span><\/p>","protected":false},"excerpt":{"rendered":"<p>Maryorie Dantagnan, es chilena y formada en Colombia. Pedagoga, psic\u00f3loga y psicoterapeuta infantil, conocida por sus aportaciones a la formaci\u00f3n de psicoterapeutas infantiles introduciendo el modelo de intervenci\u00f3n en Traumaterapia [&hellip;]<\/p>\n","protected":false},"author":5,"featured_media":1972,"template":"","meta":{"footnotes":""},"class_list":["post-1971","tribe_organizer","type-tribe_organizer","status-publish","has-post-thumbnail","hentry"],"yoast_head":"<!-- This site is optimized with the Yoast SEO plugin v27.5 - https:\/\/yoast.com\/product\/yoast-seo-wordpress\/ -->\n<title>Maryorie Dantagnan - Congreso Internacional de Psicoterapia Sist\u00e9mica<\/title>\n<meta name=\"robots\" content=\"index, follow, max-snippet:-1, max-image-preview:large, max-video-preview:-1\" \/>\n<link rel=\"canonical\" href=\"https:\/\/congresointernacionaldepsicologia.com\/en\/ponente\/maryorie-dantagnan\/\" \/>\n<meta property=\"og:locale\" content=\"en_US\" \/>\n<meta property=\"og:type\" content=\"article\" \/>\n<meta property=\"og:title\" content=\"Maryorie Dantagnan - Congreso Internacional de Psicoterapia Sist\u00e9mica\" \/>\n<meta property=\"og:description\" content=\"Maryorie Dantagnan, es chilena y formada en Colombia. Pedagoga, psic\u00f3loga y psicoterapeuta infantil, conocida por sus aportaciones a la formaci\u00f3n de psicoterapeutas infantiles introduciendo el modelo de intervenci\u00f3n en Traumaterapia [&hellip;]\" \/>\n<meta property=\"og:url\" content=\"https:\/\/congresointernacionaldepsicologia.com\/en\/ponente\/maryorie-dantagnan\/\" \/>\n<meta property=\"og:site_name\" content=\"Congreso Internacional de Psicoterapia Sist\u00e9mica\" \/>\n<meta property=\"article:modified_time\" content=\"2024-02-20T21:03:48+00:00\" \/>\n<meta property=\"og:image\" content=\"https:\/\/congresointernacionaldepsicologia.com\/wp-content\/uploads\/2024\/02\/PONENTES-INDIVIDUALES-WEB-8.png\" \/>\n\t<meta property=\"og:image:width\" content=\"500\" \/>\n\t<meta property=\"og:image:height\" content=\"500\" \/>\n\t<meta property=\"og:image:type\" content=\"image\/png\" \/>\n<meta name=\"twitter:card\" content=\"summary_large_image\" \/>\n<meta name=\"twitter:label1\" content=\"Est. reading time\" \/>\n\t<meta name=\"twitter:data1\" content=\"2 minutes\" \/>\n<script type=\"application\/ld+json\" class=\"yoast-schema-graph\">{\"@context\":\"https:\\\/\\\/schema.org\",\"@graph\":[{\"@type\":\"WebPage\",\"@id\":\"https:\\\/\\\/congresointernacionaldepsicologia.com\\\/ponente\\\/maryorie-dantagnan\\\/\",\"url\":\"https:\\\/\\\/congresointernacionaldepsicologia.com\\\/ponente\\\/maryorie-dantagnan\\\/\",\"name\":\"Maryorie Dantagnan - Congreso Internacional de Psicoterapia Sist\u00e9mica\",\"isPartOf\":{\"@id\":\"https:\\\/\\\/congresointernacionaldepsicologia.com\\\/#website\"},\"primaryImageOfPage\":{\"@id\":\"https:\\\/\\\/congresointernacionaldepsicologia.com\\\/ponente\\\/maryorie-dantagnan\\\/#primaryimage\"},\"image\":{\"@id\":\"https:\\\/\\\/congresointernacionaldepsicologia.com\\\/ponente\\\/maryorie-dantagnan\\\/#primaryimage\"},\"thumbnailUrl\":\"https:\\\/\\\/congresointernacionaldepsicologia.com\\\/wp-content\\\/uploads\\\/2024\\\/02\\\/PONENTES-INDIVIDUALES-WEB-8.png\",\"datePublished\":\"2024-02-20T21:00:19+00:00\",\"dateModified\":\"2024-02-20T21:03:48+00:00\",\"breadcrumb\":{\"@id\":\"https:\\\/\\\/congresointernacionaldepsicologia.com\\\/ponente\\\/maryorie-dantagnan\\\/#breadcrumb\"},\"inLanguage\":\"en-US\",\"potentialAction\":[{\"@type\":\"ReadAction\",\"target\":[\"https:\\\/\\\/congresointernacionaldepsicologia.com\\\/ponente\\\/maryorie-dantagnan\\\/\"]}]},{\"@type\":\"ImageObject\",\"inLanguage\":\"en-US\",\"@id\":\"https:\\\/\\\/congresointernacionaldepsicologia.com\\\/ponente\\\/maryorie-dantagnan\\\/#primaryimage\",\"url\":\"https:\\\/\\\/congresointernacionaldepsicologia.com\\\/wp-content\\\/uploads\\\/2024\\\/02\\\/PONENTES-INDIVIDUALES-WEB-8.png\",\"contentUrl\":\"https:\\\/\\\/congresointernacionaldepsicologia.com\\\/wp-content\\\/uploads\\\/2024\\\/02\\\/PONENTES-INDIVIDUALES-WEB-8.png\",\"width\":500,\"height\":500},{\"@type\":\"BreadcrumbList\",\"@id\":\"https:\\\/\\\/congresointernacionaldepsicologia.com\\\/ponente\\\/maryorie-dantagnan\\\/#breadcrumb\",\"itemListElement\":[{\"@type\":\"ListItem\",\"position\":1,\"name\":\"Portada\",\"item\":\"https:\\\/\\\/congresointernacionaldepsicologia.com\\\/\"},{\"@type\":\"ListItem\",\"position\":2,\"name\":\"Maryorie Dantagnan\"}]},{\"@type\":\"WebSite\",\"@id\":\"https:\\\/\\\/congresointernacionaldepsicologia.com\\\/#website\",\"url\":\"https:\\\/\\\/congresointernacionaldepsicologia.com\\\/\",\"name\":\"Congreso Internacional de Psicoterapia Sist\u00e9mica\",\"description\":\"\",\"publisher\":{\"@id\":\"https:\\\/\\\/congresointernacionaldepsicologia.com\\\/#organization\"},\"potentialAction\":[{\"@type\":\"SearchAction\",\"target\":{\"@type\":\"EntryPoint\",\"urlTemplate\":\"https:\\\/\\\/congresointernacionaldepsicologia.com\\\/?s={search_term_string}\"},\"query-input\":{\"@type\":\"PropertyValueSpecification\",\"valueRequired\":true,\"valueName\":\"search_term_string\"}}],\"inLanguage\":\"en-US\"},{\"@type\":\"Organization\",\"@id\":\"https:\\\/\\\/congresointernacionaldepsicologia.com\\\/#organization\",\"name\":\"Congreso Internacional de Psicoterapia Sist\u00e9mica\",\"url\":\"https:\\\/\\\/congresointernacionaldepsicologia.com\\\/\",\"logo\":{\"@type\":\"ImageObject\",\"inLanguage\":\"en-US\",\"@id\":\"https:\\\/\\\/congresointernacionaldepsicologia.com\\\/#\\\/schema\\\/logo\\\/image\\\/\",\"url\":\"https:\\\/\\\/congresointernacionaldepsicologia.com\\\/wp-content\\\/uploads\\\/2025\\\/02\\\/cropped-LOGO-CONGRESO-2026.png\",\"contentUrl\":\"https:\\\/\\\/congresointernacionaldepsicologia.com\\\/wp-content\\\/uploads\\\/2025\\\/02\\\/cropped-LOGO-CONGRESO-2026.png\",\"width\":4560,\"height\":1302,\"caption\":\"Congreso Internacional de Psicoterapia Sist\u00e9mica\"},\"image\":{\"@id\":\"https:\\\/\\\/congresointernacionaldepsicologia.com\\\/#\\\/schema\\\/logo\\\/image\\\/\"}}]}<\/script>\n<!-- \/ Yoast SEO plugin. -->","yoast_head_json":{"title":"Maryorie Dantagnan - Congreso Internacional de Psicoterapia Sist\u00e9mica","robots":{"index":"index","follow":"follow","max-snippet":"max-snippet:-1","max-image-preview":"max-image-preview:large","max-video-preview":"max-video-preview:-1"},"canonical":"https:\/\/congresointernacionaldepsicologia.com\/en\/ponente\/maryorie-dantagnan\/","og_locale":"en_US","og_type":"article","og_title":"Maryorie Dantagnan - Congreso Internacional de Psicoterapia Sist\u00e9mica","og_description":"Maryorie Dantagnan, es chilena y formada en Colombia. Pedagoga, psic\u00f3loga y psicoterapeuta infantil, conocida por sus aportaciones a la formaci\u00f3n de psicoterapeutas infantiles introduciendo el modelo de intervenci\u00f3n en Traumaterapia [&hellip;]","og_url":"https:\/\/congresointernacionaldepsicologia.com\/en\/ponente\/maryorie-dantagnan\/","og_site_name":"Congreso Internacional de Psicoterapia Sist\u00e9mica","article_modified_time":"2024-02-20T21:03:48+00:00","og_image":[{"width":500,"height":500,"url":"https:\/\/congresointernacionaldepsicologia.com\/wp-content\/uploads\/2024\/02\/PONENTES-INDIVIDUALES-WEB-8.png","type":"image\/png"}],"twitter_card":"summary_large_image","twitter_misc":{"Est. reading time":"2 minutes"},"schema":{"@context":"https:\/\/schema.org","@graph":[{"@type":"WebPage","@id":"https:\/\/congresointernacionaldepsicologia.com\/ponente\/maryorie-dantagnan\/","url":"https:\/\/congresointernacionaldepsicologia.com\/ponente\/maryorie-dantagnan\/","name":"Maryorie Dantagnan - Congreso Internacional de Psicoterapia Sist\u00e9mica","isPartOf":{"@id":"https:\/\/congresointernacionaldepsicologia.com\/#website"},"primaryImageOfPage":{"@id":"https:\/\/congresointernacionaldepsicologia.com\/ponente\/maryorie-dantagnan\/#primaryimage"},"image":{"@id":"https:\/\/congresointernacionaldepsicologia.com\/ponente\/maryorie-dantagnan\/#primaryimage"},"thumbnailUrl":"https:\/\/congresointernacionaldepsicologia.com\/wp-content\/uploads\/2024\/02\/PONENTES-INDIVIDUALES-WEB-8.png","datePublished":"2024-02-20T21:00:19+00:00","dateModified":"2024-02-20T21:03:48+00:00","breadcrumb":{"@id":"https:\/\/congresointernacionaldepsicologia.com\/ponente\/maryorie-dantagnan\/#breadcrumb"},"inLanguage":"en-US","potentialAction":[{"@type":"ReadAction","target":["https:\/\/congresointernacionaldepsicologia.com\/ponente\/maryorie-dantagnan\/"]}]},{"@type":"ImageObject","inLanguage":"en-US","@id":"https:\/\/congresointernacionaldepsicologia.com\/ponente\/maryorie-dantagnan\/#primaryimage","url":"https:\/\/congresointernacionaldepsicologia.com\/wp-content\/uploads\/2024\/02\/PONENTES-INDIVIDUALES-WEB-8.png","contentUrl":"https:\/\/congresointernacionaldepsicologia.com\/wp-content\/uploads\/2024\/02\/PONENTES-INDIVIDUALES-WEB-8.png","width":500,"height":500},{"@type":"BreadcrumbList","@id":"https:\/\/congresointernacionaldepsicologia.com\/ponente\/maryorie-dantagnan\/#breadcrumb","itemListElement":[{"@type":"ListItem","position":1,"name":"Portada","item":"https:\/\/congresointernacionaldepsicologia.com\/"},{"@type":"ListItem","position":2,"name":"Maryorie Dantagnan"}]},{"@type":"WebSite","@id":"https:\/\/congresointernacionaldepsicologia.com\/#website","url":"https:\/\/congresointernacionaldepsicologia.com\/","name":"Congreso Internacional de Psicoterapia Sist\u00e9mica","description":"","publisher":{"@id":"https:\/\/congresointernacionaldepsicologia.com\/#organization"},"potentialAction":[{"@type":"SearchAction","target":{"@type":"EntryPoint","urlTemplate":"https:\/\/congresointernacionaldepsicologia.com\/?s={search_term_string}"},"query-input":{"@type":"PropertyValueSpecification","valueRequired":true,"valueName":"search_term_string"}}],"inLanguage":"en-US"},{"@type":"Organization","@id":"https:\/\/congresointernacionaldepsicologia.com\/#organization","name":"Congreso Internacional de Psicoterapia Sist\u00e9mica","url":"https:\/\/congresointernacionaldepsicologia.com\/","logo":{"@type":"ImageObject","inLanguage":"en-US","@id":"https:\/\/congresointernacionaldepsicologia.com\/#\/schema\/logo\/image\/","url":"https:\/\/congresointernacionaldepsicologia.com\/wp-content\/uploads\/2025\/02\/cropped-LOGO-CONGRESO-2026.png","contentUrl":"https:\/\/congresointernacionaldepsicologia.com\/wp-content\/uploads\/2025\/02\/cropped-LOGO-CONGRESO-2026.png","width":4560,"height":1302,"caption":"Congreso Internacional de Psicoterapia Sist\u00e9mica"},"image":{"@id":"https:\/\/congresointernacionaldepsicologia.com\/#\/schema\/logo\/image\/"}}]}},"_links":{"self":[{"href":"https:\/\/congresointernacionaldepsicologia.com\/en\/wp-json\/wp\/v2\/tribe_organizer\/1971","targetHints":{"allow":["GET"]}}],"collection":[{"href":"https:\/\/congresointernacionaldepsicologia.com\/en\/wp-json\/wp\/v2\/tribe_organizer"}],"about":[{"href":"https:\/\/congresointernacionaldepsicologia.com\/en\/wp-json\/wp\/v2\/types\/tribe_organizer"}],"author":[{"embeddable":true,"href":"https:\/\/congresointernacionaldepsicologia.com\/en\/wp-json\/wp\/v2\/users\/5"}],"version-history":[{"count":1,"href":"https:\/\/congresointernacionaldepsicologia.com\/en\/wp-json\/wp\/v2\/tribe_organizer\/1971\/revisions"}],"predecessor-version":[{"id":1973,"href":"https:\/\/congresointernacionaldepsicologia.com\/en\/wp-json\/wp\/v2\/tribe_organizer\/1971\/revisions\/1973"}],"wp:featuredmedia":[{"embeddable":true,"href":"https:\/\/congresointernacionaldepsicologia.com\/en\/wp-json\/wp\/v2\/media\/1972"}],"wp:attachment":[{"href":"https:\/\/congresointernacionaldepsicologia.com\/en\/wp-json\/wp\/v2\/media?parent=1971"}],"curies":[{"name":"wp","href":"https:\/\/api.w.org\/{rel}","templated":true}]}}

<p><span style="font-weight: 400;">Maryorie Dantagnan</span><b>, </b><span style="font-weight: 400;">es</span> <span style="font-weight: 400;">chilena y formada en Colombia. Pedagoga, psicóloga y psicoterapeuta infantil, conocida por sus aportaciones a la formación de psicoterapeutas infantiles introduciendo el modelo de intervención en Traumaterapia Sistémica infanto-juvenil</span><span style="font-weight: 400;">©</span><span style="font-weight: 400;">, modelo de intervención para la atención de niños, niñas y adolescentes víctimas de violencia. Cofundadora desde el año 2000 de IFIV.  Supervisora de terapeutas infantiles y de los equipos de profesionales infantiles en diferentes instituciones en España y Chile. Responsable clínica de los programas de psicoterapia infantil de Exil y del programa apoyo terapéutico post-adoptivo de IFIV; codirectora del Diplomado de formación en Traumaterapia Sistémica en España y Chile. </span></p>
<p><span style="font-weight: 400;">Licenciada en Pedagogía (1986) por la Universidad de Atacama, Chile y en psicología por la Universidad del Norte, Colombia, (1993) y especializada en Psicología Clínica Infantil (1995). Profesora en diferentes universidades de España y Chile. Profesora de Formación en psicoterapia infantil, de intervención con menores que han vivido violencia, valoración del sufrimiento Infantil, evaluación y habilidades parentales y protección a la infancia; formadora de profesionales en el área de infancia y parentalidad.  Responsable y co-directora del Diplomado de Posgrado en Traumaterapia Sistémica Infanto-juvenil. Autora y co-autora de varios artículos e instrumentos de trabajo y de una veintena de libros, entre los que destacan: De la bientraitance infantile; Los buenos tratos a la infancia, Los desafíos invisibles de ser madre o padre; Promoting parenting skills and resilience; La fiesta mágica; Promoting resilience for the prevention of and recovery from sexual abuse and child explotation in Asia; Érase una vez unos valientes, Conversaciones sobre adopción; La inteligencia maternal; Violencia: Tolerancia cero. Prevención y apoyo psicosocial en niños y niñas expuestos a violencia de género; El Talismán de la luna; Érase una vez un volcán; La Valenta història d’Oleks.</span></p>

<p>Maryorie Dantagnan, es chilena y formada en Colombia. Pedagoga, psicóloga y psicoterapeuta infantil, conocida por sus aportaciones a la formación de psicoterapeutas infantiles introduciendo el modelo de intervención en Traumaterapia [&hellip;]</p>

<!-- This site is optimized with the Yoast SEO plugin v27.5 - https://yoast.com/product/yoast-seo-wordpress/ -->
<title>Maryorie Dantagnan - Congreso Internacional de Psicoterapia Sistémica</title>
<meta name="robots" content="index, follow, max-snippet:-1, max-image-preview:large, max-video-preview:-1" />
<link rel="canonical" href="https://congresointernacionaldepsicologia.com/en/ponente/maryorie-dantagnan/" />
<meta property="og:locale" content="en_US" />
<meta property="og:type" content="article" />
<meta property="og:title" content="Maryorie Dantagnan - Congreso Internacional de Psicoterapia Sistémica" />
<meta property="og:description" content="Maryorie Dantagnan, es chilena y formada en Colombia. Pedagoga, psicóloga y psicoterapeuta infantil, conocida por sus aportaciones a la formación de psicoterapeutas infantiles introduciendo el modelo de intervención en Traumaterapia [&hellip;]" />
<meta property="og:url" content="https://congresointernacionaldepsicologia.com/en/ponente/maryorie-dantagnan/" />
<meta property="og:site_name" content="Congreso Internacional de Psicoterapia Sistémica" />
<meta property="article:modified_time" content="2024-02-20T21:03:48+00:00" />
<meta property="og:image" content="https://congresointernacionaldepsicologia.com/wp-content/uploads/2024/02/PONENTES-INDIVIDUALES-WEB-8.png" />
	<meta property="og:image:width" content="500" />
	<meta property="og:image:height" content="500" />
	<meta property="og:image:type" content="image/png" />
<meta name="twitter:card" content="summary_large_image" />
<meta name="twitter:label1" content="Est. reading time" />
	<meta name="twitter:data1" content="2 minutes" />
<script type="application/ld+json" class="yoast-schema-graph">{"@context":"https:\/\/schema.org","@graph":[{"@type":"WebPage","@id":"https:\/\/congresointernacionaldepsicologia.com\/ponente\/maryorie-dantagnan\/","url":"https:\/\/congresointernacionaldepsicologia.com\/ponente\/maryorie-dantagnan\/","name":"Maryorie Dantagnan - Congreso Internacional de Psicoterapia Sistémica","isPartOf":{"@id":"https:\/\/congresointernacionaldepsicologia.com\/#website"},"primaryImageOfPage":{"@id":"https:\/\/congresointernacionaldepsicologia.com\/ponente\/maryorie-dantagnan\/#primaryimage"},"image":{"@id":"https:\/\/congresointernacionaldepsicologia.com\/ponente\/maryorie-dantagnan\/#primaryimage"},"thumbnailUrl":"https:\/\/congresointernacionaldepsicologia.com\/wp-content\/uploads\/2024\/02\/PONENTES-INDIVIDUALES-WEB-8.png","datePublished":"2024-02-20T21:00:19+00:00","dateModified":"2024-02-20T21:03:48+00:00","breadcrumb":{"@id":"https:\/\/congresointernacionaldepsicologia.com\/ponente\/maryorie-dantagnan\/#breadcrumb"},"inLanguage":"en-US","potentialAction":[{"@type":"ReadAction","target":["https:\/\/congresointernacionaldepsicologia.com\/ponente\/maryorie-dantagnan\/"]}]},{"@type":"ImageObject","inLanguage":"en-US","@id":"https:\/\/congresointernacionaldepsicologia.com\/ponente\/maryorie-dantagnan\/#primaryimage","url":"https:\/\/congresointernacionaldepsicologia.com\/wp-content\/uploads\/2024\/02\/PONENTES-INDIVIDUALES-WEB-8.png","contentUrl":"https:\/\/congresointernacionaldepsicologia.com\/wp-content\/uploads\/2024\/02\/PONENTES-INDIVIDUALES-WEB-8.png","width":500,"height":500},{"@type":"BreadcrumbList","@id":"https:\/\/congresointernacionaldepsicologia.com\/ponente\/maryorie-dantagnan\/#breadcrumb","itemListElement":[{"@type":"ListItem","position":1,"name":"Portada","item":"https:\/\/congresointernacionaldepsicologia.com\/"},{"@type":"ListItem","position":2,"name":"Maryorie Dantagnan"}]},{"@type":"WebSite","@id":"https:\/\/congresointernacionaldepsicologia.com\/#website","url":"https:\/\/congresointernacionaldepsicologia.com\/","name":"Congreso Internacional de Psicoterapia Sistémica","description":"","publisher":{"@id":"https:\/\/congresointernacionaldepsicologia.com\/#organization"},"potentialAction":[{"@type":"SearchAction","target":{"@type":"EntryPoint","urlTemplate":"https:\/\/congresointernacionaldepsicologia.com\/?s={search_term_string}"},"query-input":{"@type":"PropertyValueSpecification","valueRequired":true,"valueName":"search_term_string"}}],"inLanguage":"en-US"},{"@type":"Organization","@id":"https:\/\/congresointernacionaldepsicologia.com\/#organization","name":"Congreso Internacional de Psicoterapia Sistémica","url":"https:\/\/congresointernacionaldepsicologia.com\/","logo":{"@type":"ImageObject","inLanguage":"en-US","@id":"https:\/\/congresointernacionaldepsicologia.com\/#\/schema\/logo\/image\/","url":"https:\/\/congresointernacionaldepsicologia.com\/wp-content\/uploads\/2025\/02\/cropped-LOGO-CONGRESO-2026.png","contentUrl":"https:\/\/congresointernacionaldepsicologia.com\/wp-content\/uploads\/2025\/02\/cropped-LOGO-CONGRESO-2026.png","width":4560,"height":1302,"caption":"Congreso Internacional de Psicoterapia Sistémica"},"image":{"@id":"https:\/\/congresointernacionaldepsicologia.com\/#\/schema\/logo\/image\/"}}]}</script>
<!-- / Yoast SEO plugin. -->

Maryorie Dantagnan - Congreso Internacional de Psicoterapia Sistémica

Maryorie Dantagnan, es chilena y formada en Colombia. Pedagoga, psicóloga y psicoterapeuta infantil, conocida por sus aportaciones a la formación de psicoterapeutas infantiles introduciendo el modelo de intervención en Traumaterapia [&hellip;]

Congreso Internacional de Psicoterapia Sistémica
