{"id":1969,"date":"2024-02-20T21:56:00","date_gmt":"2024-02-20T20:56:00","guid":{"rendered":"https:\/\/congresointernacionaldepsicologia.com\/?post_type=tribe_organizer&#038;p=1969"},"modified":"2024-02-20T21:56:00","modified_gmt":"2024-02-20T20:56:00","slug":"esteban-laso","status":"publish","type":"tribe_organizer","link":"https:\/\/congresointernacionaldepsicologia.com\/en\/organizer\/esteban-laso\/","title":{"rendered":"Stephen Laso"},"content":{"rendered":"<p><strong>Profesor Investigador, Universidad de Guadalajara, M\u00e9xico.<\/strong><\/p>\n<p><span style=\"font-weight: 400;\">Psicoterapeuta y psic\u00f3logo social. Creador de la Clave Emocional en Terapia individual, de pareja y familiar. Autor de \u00abTerapia Experiencial Profunda\u00bb (Ed. Morata, 2022) y \u00abGu\u00eda integral de Supervisi\u00f3n en Psicoterapia\u00bb (Ed. Morata, 2020). Su tema central de investigaci\u00f3n es la emoci\u00f3n: en el \u00e1mbito social, el papel de la confianza en el desarrollo socioecon\u00f3mico y la corrupci\u00f3n; en el cl\u00ednico, la integraci\u00f3n del trabajo emocional en los diferentes enfoques terap\u00e9uticos y su v\u00ednculo con la teor\u00eda de la mente.<\/span><\/p>\n<p><br style=\"font-weight: 400;\" \/><\/p>","protected":false},"excerpt":{"rendered":"<p>Profesor Investigador, Universidad de Guadalajara, M\u00e9xico. Psicoterapeuta y psic\u00f3logo social. Creador de la Clave Emocional en Terapia individual, de pareja y familiar. Autor de \u00abTerapia Experiencial Profunda\u00bb (Ed. Morata, 2022) [&hellip;]<\/p>\n","protected":false},"author":5,"featured_media":1778,"template":"","meta":{"footnotes":""},"class_list":["post-1969","tribe_organizer","type-tribe_organizer","status-publish","has-post-thumbnail","hentry"],"yoast_head":"<!-- This site is optimized with the Yoast SEO plugin v27.4 - https:\/\/yoast.com\/product\/yoast-seo-wordpress\/ -->\n<title>Esteban Laso - Congreso Internacional de Psicoterapia Sist\u00e9mica<\/title>\n<meta name=\"robots\" content=\"index, follow, max-snippet:-1, max-image-preview:large, max-video-preview:-1\" \/>\n<link rel=\"canonical\" href=\"https:\/\/congresointernacionaldepsicologia.com\/en\/ponente\/esteban-laso\/\" \/>\n<meta property=\"og:locale\" content=\"en_US\" \/>\n<meta property=\"og:type\" content=\"article\" \/>\n<meta property=\"og:title\" content=\"Esteban Laso - Congreso Internacional de Psicoterapia Sist\u00e9mica\" \/>\n<meta property=\"og:description\" content=\"Profesor Investigador, Universidad de Guadalajara, M\u00e9xico. Psicoterapeuta y psic\u00f3logo social. Creador de la Clave Emocional en Terapia individual, de pareja y familiar. Autor de \u00abTerapia Experiencial Profunda\u00bb (Ed. Morata, 2022) [&hellip;]\" \/>\n<meta property=\"og:url\" content=\"https:\/\/congresointernacionaldepsicologia.com\/en\/ponente\/esteban-laso\/\" \/>\n<meta property=\"og:site_name\" content=\"Congreso Internacional de Psicoterapia Sist\u00e9mica\" \/>\n<meta property=\"og:image\" content=\"https:\/\/congresointernacionaldepsicologia.com\/wp-content\/uploads\/2024\/02\/6.png\" \/>\n\t<meta property=\"og:image:width\" content=\"500\" \/>\n\t<meta property=\"og:image:height\" content=\"500\" \/>\n\t<meta property=\"og:image:type\" content=\"image\/png\" \/>\n<meta name=\"twitter:card\" content=\"summary_large_image\" \/>\n<meta name=\"twitter:label1\" content=\"Est. reading time\" \/>\n\t<meta name=\"twitter:data1\" content=\"1 minute\" \/>\n<script type=\"application\/ld+json\" class=\"yoast-schema-graph\">{\"@context\":\"https:\\\/\\\/schema.org\",\"@graph\":[{\"@type\":\"WebPage\",\"@id\":\"https:\\\/\\\/congresointernacionaldepsicologia.com\\\/ponente\\\/esteban-laso\\\/\",\"url\":\"https:\\\/\\\/congresointernacionaldepsicologia.com\\\/ponente\\\/esteban-laso\\\/\",\"name\":\"Esteban Laso - Congreso Internacional de Psicoterapia Sist\u00e9mica\",\"isPartOf\":{\"@id\":\"https:\\\/\\\/congresointernacionaldepsicologia.com\\\/#website\"},\"primaryImageOfPage\":{\"@id\":\"https:\\\/\\\/congresointernacionaldepsicologia.com\\\/ponente\\\/esteban-laso\\\/#primaryimage\"},\"image\":{\"@id\":\"https:\\\/\\\/congresointernacionaldepsicologia.com\\\/ponente\\\/esteban-laso\\\/#primaryimage\"},\"thumbnailUrl\":\"https:\\\/\\\/congresointernacionaldepsicologia.com\\\/wp-content\\\/uploads\\\/2024\\\/02\\\/6.png\",\"datePublished\":\"2024-02-20T20:56:00+00:00\",\"breadcrumb\":{\"@id\":\"https:\\\/\\\/congresointernacionaldepsicologia.com\\\/ponente\\\/esteban-laso\\\/#breadcrumb\"},\"inLanguage\":\"en-US\",\"potentialAction\":[{\"@type\":\"ReadAction\",\"target\":[\"https:\\\/\\\/congresointernacionaldepsicologia.com\\\/ponente\\\/esteban-laso\\\/\"]}]},{\"@type\":\"ImageObject\",\"inLanguage\":\"en-US\",\"@id\":\"https:\\\/\\\/congresointernacionaldepsicologia.com\\\/ponente\\\/esteban-laso\\\/#primaryimage\",\"url\":\"https:\\\/\\\/congresointernacionaldepsicologia.com\\\/wp-content\\\/uploads\\\/2024\\\/02\\\/6.png\",\"contentUrl\":\"https:\\\/\\\/congresointernacionaldepsicologia.com\\\/wp-content\\\/uploads\\\/2024\\\/02\\\/6.png\",\"width\":500,\"height\":500},{\"@type\":\"BreadcrumbList\",\"@id\":\"https:\\\/\\\/congresointernacionaldepsicologia.com\\\/ponente\\\/esteban-laso\\\/#breadcrumb\",\"itemListElement\":[{\"@type\":\"ListItem\",\"position\":1,\"name\":\"Portada\",\"item\":\"https:\\\/\\\/congresointernacionaldepsicologia.com\\\/\"},{\"@type\":\"ListItem\",\"position\":2,\"name\":\"Esteban Laso\"}]},{\"@type\":\"WebSite\",\"@id\":\"https:\\\/\\\/congresointernacionaldepsicologia.com\\\/#website\",\"url\":\"https:\\\/\\\/congresointernacionaldepsicologia.com\\\/\",\"name\":\"Congreso Internacional de Psicoterapia Sist\u00e9mica\",\"description\":\"\",\"publisher\":{\"@id\":\"https:\\\/\\\/congresointernacionaldepsicologia.com\\\/#organization\"},\"potentialAction\":[{\"@type\":\"SearchAction\",\"target\":{\"@type\":\"EntryPoint\",\"urlTemplate\":\"https:\\\/\\\/congresointernacionaldepsicologia.com\\\/?s={search_term_string}\"},\"query-input\":{\"@type\":\"PropertyValueSpecification\",\"valueRequired\":true,\"valueName\":\"search_term_string\"}}],\"inLanguage\":\"en-US\"},{\"@type\":\"Organization\",\"@id\":\"https:\\\/\\\/congresointernacionaldepsicologia.com\\\/#organization\",\"name\":\"Congreso Internacional de Psicoterapia Sist\u00e9mica\",\"url\":\"https:\\\/\\\/congresointernacionaldepsicologia.com\\\/\",\"logo\":{\"@type\":\"ImageObject\",\"inLanguage\":\"en-US\",\"@id\":\"https:\\\/\\\/congresointernacionaldepsicologia.com\\\/#\\\/schema\\\/logo\\\/image\\\/\",\"url\":\"https:\\\/\\\/congresointernacionaldepsicologia.com\\\/wp-content\\\/uploads\\\/2025\\\/02\\\/cropped-LOGO-CONGRESO-2026.png\",\"contentUrl\":\"https:\\\/\\\/congresointernacionaldepsicologia.com\\\/wp-content\\\/uploads\\\/2025\\\/02\\\/cropped-LOGO-CONGRESO-2026.png\",\"width\":4560,\"height\":1302,\"caption\":\"Congreso Internacional de Psicoterapia Sist\u00e9mica\"},\"image\":{\"@id\":\"https:\\\/\\\/congresointernacionaldepsicologia.com\\\/#\\\/schema\\\/logo\\\/image\\\/\"}}]}<\/script>\n<!-- \/ Yoast SEO plugin. -->","yoast_head_json":{"title":"Esteban Laso - Congreso Internacional de Psicoterapia Sist\u00e9mica","robots":{"index":"index","follow":"follow","max-snippet":"max-snippet:-1","max-image-preview":"max-image-preview:large","max-video-preview":"max-video-preview:-1"},"canonical":"https:\/\/congresointernacionaldepsicologia.com\/en\/ponente\/esteban-laso\/","og_locale":"en_US","og_type":"article","og_title":"Esteban Laso - Congreso Internacional de Psicoterapia Sist\u00e9mica","og_description":"Profesor Investigador, Universidad de Guadalajara, M\u00e9xico. Psicoterapeuta y psic\u00f3logo social. Creador de la Clave Emocional en Terapia individual, de pareja y familiar. Autor de \u00abTerapia Experiencial Profunda\u00bb (Ed. Morata, 2022) [&hellip;]","og_url":"https:\/\/congresointernacionaldepsicologia.com\/en\/ponente\/esteban-laso\/","og_site_name":"Congreso Internacional de Psicoterapia Sist\u00e9mica","og_image":[{"width":500,"height":500,"url":"https:\/\/congresointernacionaldepsicologia.com\/wp-content\/uploads\/2024\/02\/6.png","type":"image\/png"}],"twitter_card":"summary_large_image","twitter_misc":{"Est. reading time":"1 minute"},"schema":{"@context":"https:\/\/schema.org","@graph":[{"@type":"WebPage","@id":"https:\/\/congresointernacionaldepsicologia.com\/ponente\/esteban-laso\/","url":"https:\/\/congresointernacionaldepsicologia.com\/ponente\/esteban-laso\/","name":"Esteban Laso - Congreso Internacional de Psicoterapia Sist\u00e9mica","isPartOf":{"@id":"https:\/\/congresointernacionaldepsicologia.com\/#website"},"primaryImageOfPage":{"@id":"https:\/\/congresointernacionaldepsicologia.com\/ponente\/esteban-laso\/#primaryimage"},"image":{"@id":"https:\/\/congresointernacionaldepsicologia.com\/ponente\/esteban-laso\/#primaryimage"},"thumbnailUrl":"https:\/\/congresointernacionaldepsicologia.com\/wp-content\/uploads\/2024\/02\/6.png","datePublished":"2024-02-20T20:56:00+00:00","breadcrumb":{"@id":"https:\/\/congresointernacionaldepsicologia.com\/ponente\/esteban-laso\/#breadcrumb"},"inLanguage":"en-US","potentialAction":[{"@type":"ReadAction","target":["https:\/\/congresointernacionaldepsicologia.com\/ponente\/esteban-laso\/"]}]},{"@type":"ImageObject","inLanguage":"en-US","@id":"https:\/\/congresointernacionaldepsicologia.com\/ponente\/esteban-laso\/#primaryimage","url":"https:\/\/congresointernacionaldepsicologia.com\/wp-content\/uploads\/2024\/02\/6.png","contentUrl":"https:\/\/congresointernacionaldepsicologia.com\/wp-content\/uploads\/2024\/02\/6.png","width":500,"height":500},{"@type":"BreadcrumbList","@id":"https:\/\/congresointernacionaldepsicologia.com\/ponente\/esteban-laso\/#breadcrumb","itemListElement":[{"@type":"ListItem","position":1,"name":"Portada","item":"https:\/\/congresointernacionaldepsicologia.com\/"},{"@type":"ListItem","position":2,"name":"Esteban Laso"}]},{"@type":"WebSite","@id":"https:\/\/congresointernacionaldepsicologia.com\/#website","url":"https:\/\/congresointernacionaldepsicologia.com\/","name":"Congreso Internacional de Psicoterapia Sist\u00e9mica","description":"","publisher":{"@id":"https:\/\/congresointernacionaldepsicologia.com\/#organization"},"potentialAction":[{"@type":"SearchAction","target":{"@type":"EntryPoint","urlTemplate":"https:\/\/congresointernacionaldepsicologia.com\/?s={search_term_string}"},"query-input":{"@type":"PropertyValueSpecification","valueRequired":true,"valueName":"search_term_string"}}],"inLanguage":"en-US"},{"@type":"Organization","@id":"https:\/\/congresointernacionaldepsicologia.com\/#organization","name":"Congreso Internacional de Psicoterapia Sist\u00e9mica","url":"https:\/\/congresointernacionaldepsicologia.com\/","logo":{"@type":"ImageObject","inLanguage":"en-US","@id":"https:\/\/congresointernacionaldepsicologia.com\/#\/schema\/logo\/image\/","url":"https:\/\/congresointernacionaldepsicologia.com\/wp-content\/uploads\/2025\/02\/cropped-LOGO-CONGRESO-2026.png","contentUrl":"https:\/\/congresointernacionaldepsicologia.com\/wp-content\/uploads\/2025\/02\/cropped-LOGO-CONGRESO-2026.png","width":4560,"height":1302,"caption":"Congreso Internacional de Psicoterapia Sist\u00e9mica"},"image":{"@id":"https:\/\/congresointernacionaldepsicologia.com\/#\/schema\/logo\/image\/"}}]}},"_links":{"self":[{"href":"https:\/\/congresointernacionaldepsicologia.com\/en\/wp-json\/wp\/v2\/tribe_organizer\/1969","targetHints":{"allow":["GET"]}}],"collection":[{"href":"https:\/\/congresointernacionaldepsicologia.com\/en\/wp-json\/wp\/v2\/tribe_organizer"}],"about":[{"href":"https:\/\/congresointernacionaldepsicologia.com\/en\/wp-json\/wp\/v2\/types\/tribe_organizer"}],"author":[{"embeddable":true,"href":"https:\/\/congresointernacionaldepsicologia.com\/en\/wp-json\/wp\/v2\/users\/5"}],"version-history":[{"count":1,"href":"https:\/\/congresointernacionaldepsicologia.com\/en\/wp-json\/wp\/v2\/tribe_organizer\/1969\/revisions"}],"predecessor-version":[{"id":1970,"href":"https:\/\/congresointernacionaldepsicologia.com\/en\/wp-json\/wp\/v2\/tribe_organizer\/1969\/revisions\/1970"}],"wp:featuredmedia":[{"embeddable":true,"href":"https:\/\/congresointernacionaldepsicologia.com\/en\/wp-json\/wp\/v2\/media\/1778"}],"wp:attachment":[{"href":"https:\/\/congresointernacionaldepsicologia.com\/en\/wp-json\/wp\/v2\/media?parent=1969"}],"curies":[{"name":"wp","href":"https:\/\/api.w.org\/{rel}","templated":true}]}}

<p><strong>Profesor Investigador, Universidad de Guadalajara, México.</strong></p>
<p><span style="font-weight: 400;">Psicoterapeuta y psicólogo social. Creador de la Clave Emocional en Terapia individual, de pareja y familiar. Autor de «Terapia Experiencial Profunda» (Ed. Morata, 2022) y «Guía integral de Supervisión en Psicoterapia» (Ed. Morata, 2020). Su tema central de investigación es la emoción: en el ámbito social, el papel de la confianza en el desarrollo socioeconómico y la corrupción; en el clínico, la integración del trabajo emocional en los diferentes enfoques terapéuticos y su vínculo con la teoría de la mente.</span></p>
<p><br style="font-weight: 400;" /></p>

<p>Profesor Investigador, Universidad de Guadalajara, México. Psicoterapeuta y psicólogo social. Creador de la Clave Emocional en Terapia individual, de pareja y familiar. Autor de «Terapia Experiencial Profunda» (Ed. Morata, 2022) [&hellip;]</p>

<!-- This site is optimized with the Yoast SEO plugin v27.4 - https://yoast.com/product/yoast-seo-wordpress/ -->
<title>Esteban Laso - Congreso Internacional de Psicoterapia Sistémica</title>
<meta name="robots" content="index, follow, max-snippet:-1, max-image-preview:large, max-video-preview:-1" />
<link rel="canonical" href="https://congresointernacionaldepsicologia.com/en/ponente/esteban-laso/" />
<meta property="og:locale" content="en_US" />
<meta property="og:type" content="article" />
<meta property="og:title" content="Esteban Laso - Congreso Internacional de Psicoterapia Sistémica" />
<meta property="og:description" content="Profesor Investigador, Universidad de Guadalajara, México. Psicoterapeuta y psicólogo social. Creador de la Clave Emocional en Terapia individual, de pareja y familiar. Autor de «Terapia Experiencial Profunda» (Ed. Morata, 2022) [&hellip;]" />
<meta property="og:url" content="https://congresointernacionaldepsicologia.com/en/ponente/esteban-laso/" />
<meta property="og:site_name" content="Congreso Internacional de Psicoterapia Sistémica" />
<meta property="og:image" content="https://congresointernacionaldepsicologia.com/wp-content/uploads/2024/02/6.png" />
	<meta property="og:image:width" content="500" />
	<meta property="og:image:height" content="500" />
	<meta property="og:image:type" content="image/png" />
<meta name="twitter:card" content="summary_large_image" />
<meta name="twitter:label1" content="Est. reading time" />
	<meta name="twitter:data1" content="1 minute" />
<script type="application/ld+json" class="yoast-schema-graph">{"@context":"https:\/\/schema.org","@graph":[{"@type":"WebPage","@id":"https:\/\/congresointernacionaldepsicologia.com\/ponente\/esteban-laso\/","url":"https:\/\/congresointernacionaldepsicologia.com\/ponente\/esteban-laso\/","name":"Esteban Laso - Congreso Internacional de Psicoterapia Sistémica","isPartOf":{"@id":"https:\/\/congresointernacionaldepsicologia.com\/#website"},"primaryImageOfPage":{"@id":"https:\/\/congresointernacionaldepsicologia.com\/ponente\/esteban-laso\/#primaryimage"},"image":{"@id":"https:\/\/congresointernacionaldepsicologia.com\/ponente\/esteban-laso\/#primaryimage"},"thumbnailUrl":"https:\/\/congresointernacionaldepsicologia.com\/wp-content\/uploads\/2024\/02\/6.png","datePublished":"2024-02-20T20:56:00+00:00","breadcrumb":{"@id":"https:\/\/congresointernacionaldepsicologia.com\/ponente\/esteban-laso\/#breadcrumb"},"inLanguage":"en-US","potentialAction":[{"@type":"ReadAction","target":["https:\/\/congresointernacionaldepsicologia.com\/ponente\/esteban-laso\/"]}]},{"@type":"ImageObject","inLanguage":"en-US","@id":"https:\/\/congresointernacionaldepsicologia.com\/ponente\/esteban-laso\/#primaryimage","url":"https:\/\/congresointernacionaldepsicologia.com\/wp-content\/uploads\/2024\/02\/6.png","contentUrl":"https:\/\/congresointernacionaldepsicologia.com\/wp-content\/uploads\/2024\/02\/6.png","width":500,"height":500},{"@type":"BreadcrumbList","@id":"https:\/\/congresointernacionaldepsicologia.com\/ponente\/esteban-laso\/#breadcrumb","itemListElement":[{"@type":"ListItem","position":1,"name":"Portada","item":"https:\/\/congresointernacionaldepsicologia.com\/"},{"@type":"ListItem","position":2,"name":"Esteban Laso"}]},{"@type":"WebSite","@id":"https:\/\/congresointernacionaldepsicologia.com\/#website","url":"https:\/\/congresointernacionaldepsicologia.com\/","name":"Congreso Internacional de Psicoterapia Sistémica","description":"","publisher":{"@id":"https:\/\/congresointernacionaldepsicologia.com\/#organization"},"potentialAction":[{"@type":"SearchAction","target":{"@type":"EntryPoint","urlTemplate":"https:\/\/congresointernacionaldepsicologia.com\/?s={search_term_string}"},"query-input":{"@type":"PropertyValueSpecification","valueRequired":true,"valueName":"search_term_string"}}],"inLanguage":"en-US"},{"@type":"Organization","@id":"https:\/\/congresointernacionaldepsicologia.com\/#organization","name":"Congreso Internacional de Psicoterapia Sistémica","url":"https:\/\/congresointernacionaldepsicologia.com\/","logo":{"@type":"ImageObject","inLanguage":"en-US","@id":"https:\/\/congresointernacionaldepsicologia.com\/#\/schema\/logo\/image\/","url":"https:\/\/congresointernacionaldepsicologia.com\/wp-content\/uploads\/2025\/02\/cropped-LOGO-CONGRESO-2026.png","contentUrl":"https:\/\/congresointernacionaldepsicologia.com\/wp-content\/uploads\/2025\/02\/cropped-LOGO-CONGRESO-2026.png","width":4560,"height":1302,"caption":"Congreso Internacional de Psicoterapia Sistémica"},"image":{"@id":"https:\/\/congresointernacionaldepsicologia.com\/#\/schema\/logo\/image\/"}}]}</script>
<!-- / Yoast SEO plugin. -->

Esteban Laso - Congreso Internacional de Psicoterapia Sistémica

Profesor Investigador, Universidad de Guadalajara, México. Psicoterapeuta y psicólogo social. Creador de la Clave Emocional en Terapia individual, de pareja y familiar. Autor de «Terapia Experiencial Profunda» (Ed. Morata, 2022) [&hellip;]

Congreso Internacional de Psicoterapia Sistémica
