{"id":1963,"date":"2024-02-20T21:51:01","date_gmt":"2024-02-20T20:51:01","guid":{"rendered":"https:\/\/congresointernacionaldepsicologia.com\/?post_type=tribe_organizer&#038;p=1963"},"modified":"2024-02-20T21:51:01","modified_gmt":"2024-02-20T20:51:01","slug":"alfredo-canevaro","status":"publish","type":"tribe_organizer","link":"https:\/\/congresointernacionaldepsicologia.com\/en\/organizer\/alfredo-canevaro\/","title":{"rendered":"Alfredo Canevaro"},"content":{"rendered":"<p><span style=\"font-weight: 400;\">Alfredo A.Canevaro naci\u00f3 en Buenos Aires, regresado de la facultad de Medicina, estudi\u00f3 psiquiatr\u00eda y cre\u00f3 junto al Prof. Garc\u00eda Badaracco una comunidad terap\u00e9utica privada inaugurada en mayo de 1968 especializada en el tratamiento de pacientes psic\u00f3ticos y sus familiares en una estructura multifamiliar y de la que fue vicedirector hasta 1981.En 1978 cre\u00f3 Terapia Familiar ,la primera revista especializada en castellano de la que fu\u00e9 Editor hasta 1991 y fund\u00f3 con un grupo de colegas la Sociedad Argentina de Terapia Familiar de la que fue First President hasta 1983.En 1988 fue invitado a dirigir un training cuadrienal de Terapia Familiar\u00a0 en Le Marche (Italia)donde vive y trabaja.Desde 1999 es docente.supervisor e investigador cl\u00ednico de la escuela de psicoterapia Mara Selvini Palazzoli de Mil\u00e0n<\/span><\/p>\n<p><span style=\"font-weight: 400;\">Autor de 3 libros y 100 art\u00edculos publicados en distintos libros y revistas de Am\u00e9rica y Europa<\/span><\/p>\n<p><br style=\"font-weight: 400;\" \/><br style=\"font-weight: 400;\" \/><\/p>","protected":false},"excerpt":{"rendered":"<p>Alfredo A.Canevaro naci\u00f3 en Buenos Aires, regresado de la facultad de Medicina, estudi\u00f3 psiquiatr\u00eda y cre\u00f3 junto al Prof. Garc\u00eda Badaracco una comunidad terap\u00e9utica privada inaugurada en mayo de 1968 [&hellip;]<\/p>\n","protected":false},"author":5,"featured_media":1780,"template":"","meta":{"footnotes":""},"class_list":["post-1963","tribe_organizer","type-tribe_organizer","status-publish","has-post-thumbnail","hentry"],"yoast_head":"<!-- This site is optimized with the Yoast SEO plugin v27.5 - https:\/\/yoast.com\/product\/yoast-seo-wordpress\/ -->\n<title>Alfredo Canevaro - Congreso Internacional de Psicoterapia Sist\u00e9mica<\/title>\n<meta name=\"robots\" content=\"index, follow, max-snippet:-1, max-image-preview:large, max-video-preview:-1\" \/>\n<link rel=\"canonical\" href=\"https:\/\/congresointernacionaldepsicologia.com\/en\/ponente\/alfredo-canevaro\/\" \/>\n<meta property=\"og:locale\" content=\"en_US\" \/>\n<meta property=\"og:type\" content=\"article\" \/>\n<meta property=\"og:title\" content=\"Alfredo Canevaro - Congreso Internacional de Psicoterapia Sist\u00e9mica\" \/>\n<meta property=\"og:description\" content=\"Alfredo A.Canevaro naci\u00f3 en Buenos Aires, regresado de la facultad de Medicina, estudi\u00f3 psiquiatr\u00eda y cre\u00f3 junto al Prof. Garc\u00eda Badaracco una comunidad terap\u00e9utica privada inaugurada en mayo de 1968 [&hellip;]\" \/>\n<meta property=\"og:url\" content=\"https:\/\/congresointernacionaldepsicologia.com\/en\/ponente\/alfredo-canevaro\/\" \/>\n<meta property=\"og:site_name\" content=\"Congreso Internacional de Psicoterapia Sist\u00e9mica\" \/>\n<meta property=\"og:image\" content=\"https:\/\/congresointernacionaldepsicologia.com\/wp-content\/uploads\/2024\/02\/5.png\" \/>\n\t<meta property=\"og:image:width\" content=\"500\" \/>\n\t<meta property=\"og:image:height\" content=\"500\" \/>\n\t<meta property=\"og:image:type\" content=\"image\/png\" \/>\n<meta name=\"twitter:card\" content=\"summary_large_image\" \/>\n<meta name=\"twitter:label1\" content=\"Est. reading time\" \/>\n\t<meta name=\"twitter:data1\" content=\"1 minute\" \/>\n<script type=\"application\/ld+json\" class=\"yoast-schema-graph\">{\"@context\":\"https:\\\/\\\/schema.org\",\"@graph\":[{\"@type\":\"WebPage\",\"@id\":\"https:\\\/\\\/congresointernacionaldepsicologia.com\\\/ponente\\\/alfredo-canevaro\\\/\",\"url\":\"https:\\\/\\\/congresointernacionaldepsicologia.com\\\/ponente\\\/alfredo-canevaro\\\/\",\"name\":\"Alfredo Canevaro - Congreso Internacional de Psicoterapia Sist\u00e9mica\",\"isPartOf\":{\"@id\":\"https:\\\/\\\/congresointernacionaldepsicologia.com\\\/#website\"},\"primaryImageOfPage\":{\"@id\":\"https:\\\/\\\/congresointernacionaldepsicologia.com\\\/ponente\\\/alfredo-canevaro\\\/#primaryimage\"},\"image\":{\"@id\":\"https:\\\/\\\/congresointernacionaldepsicologia.com\\\/ponente\\\/alfredo-canevaro\\\/#primaryimage\"},\"thumbnailUrl\":\"https:\\\/\\\/congresointernacionaldepsicologia.com\\\/wp-content\\\/uploads\\\/2024\\\/02\\\/5.png\",\"datePublished\":\"2024-02-20T20:51:01+00:00\",\"breadcrumb\":{\"@id\":\"https:\\\/\\\/congresointernacionaldepsicologia.com\\\/ponente\\\/alfredo-canevaro\\\/#breadcrumb\"},\"inLanguage\":\"en-US\",\"potentialAction\":[{\"@type\":\"ReadAction\",\"target\":[\"https:\\\/\\\/congresointernacionaldepsicologia.com\\\/ponente\\\/alfredo-canevaro\\\/\"]}]},{\"@type\":\"ImageObject\",\"inLanguage\":\"en-US\",\"@id\":\"https:\\\/\\\/congresointernacionaldepsicologia.com\\\/ponente\\\/alfredo-canevaro\\\/#primaryimage\",\"url\":\"https:\\\/\\\/congresointernacionaldepsicologia.com\\\/wp-content\\\/uploads\\\/2024\\\/02\\\/5.png\",\"contentUrl\":\"https:\\\/\\\/congresointernacionaldepsicologia.com\\\/wp-content\\\/uploads\\\/2024\\\/02\\\/5.png\",\"width\":500,\"height\":500},{\"@type\":\"BreadcrumbList\",\"@id\":\"https:\\\/\\\/congresointernacionaldepsicologia.com\\\/ponente\\\/alfredo-canevaro\\\/#breadcrumb\",\"itemListElement\":[{\"@type\":\"ListItem\",\"position\":1,\"name\":\"Portada\",\"item\":\"https:\\\/\\\/congresointernacionaldepsicologia.com\\\/\"},{\"@type\":\"ListItem\",\"position\":2,\"name\":\"Alfredo Canevaro\"}]},{\"@type\":\"WebSite\",\"@id\":\"https:\\\/\\\/congresointernacionaldepsicologia.com\\\/#website\",\"url\":\"https:\\\/\\\/congresointernacionaldepsicologia.com\\\/\",\"name\":\"Congreso Internacional de Psicoterapia Sist\u00e9mica\",\"description\":\"\",\"publisher\":{\"@id\":\"https:\\\/\\\/congresointernacionaldepsicologia.com\\\/#organization\"},\"potentialAction\":[{\"@type\":\"SearchAction\",\"target\":{\"@type\":\"EntryPoint\",\"urlTemplate\":\"https:\\\/\\\/congresointernacionaldepsicologia.com\\\/?s={search_term_string}\"},\"query-input\":{\"@type\":\"PropertyValueSpecification\",\"valueRequired\":true,\"valueName\":\"search_term_string\"}}],\"inLanguage\":\"en-US\"},{\"@type\":\"Organization\",\"@id\":\"https:\\\/\\\/congresointernacionaldepsicologia.com\\\/#organization\",\"name\":\"Congreso Internacional de Psicoterapia Sist\u00e9mica\",\"url\":\"https:\\\/\\\/congresointernacionaldepsicologia.com\\\/\",\"logo\":{\"@type\":\"ImageObject\",\"inLanguage\":\"en-US\",\"@id\":\"https:\\\/\\\/congresointernacionaldepsicologia.com\\\/#\\\/schema\\\/logo\\\/image\\\/\",\"url\":\"https:\\\/\\\/congresointernacionaldepsicologia.com\\\/wp-content\\\/uploads\\\/2025\\\/02\\\/cropped-LOGO-CONGRESO-2026.png\",\"contentUrl\":\"https:\\\/\\\/congresointernacionaldepsicologia.com\\\/wp-content\\\/uploads\\\/2025\\\/02\\\/cropped-LOGO-CONGRESO-2026.png\",\"width\":4560,\"height\":1302,\"caption\":\"Congreso Internacional de Psicoterapia Sist\u00e9mica\"},\"image\":{\"@id\":\"https:\\\/\\\/congresointernacionaldepsicologia.com\\\/#\\\/schema\\\/logo\\\/image\\\/\"}}]}<\/script>\n<!-- \/ Yoast SEO plugin. -->","yoast_head_json":{"title":"Alfredo Canevaro - Congreso Internacional de Psicoterapia Sist\u00e9mica","robots":{"index":"index","follow":"follow","max-snippet":"max-snippet:-1","max-image-preview":"max-image-preview:large","max-video-preview":"max-video-preview:-1"},"canonical":"https:\/\/congresointernacionaldepsicologia.com\/en\/ponente\/alfredo-canevaro\/","og_locale":"en_US","og_type":"article","og_title":"Alfredo Canevaro - Congreso Internacional de Psicoterapia Sist\u00e9mica","og_description":"Alfredo A.Canevaro naci\u00f3 en Buenos Aires, regresado de la facultad de Medicina, estudi\u00f3 psiquiatr\u00eda y cre\u00f3 junto al Prof. Garc\u00eda Badaracco una comunidad terap\u00e9utica privada inaugurada en mayo de 1968 [&hellip;]","og_url":"https:\/\/congresointernacionaldepsicologia.com\/en\/ponente\/alfredo-canevaro\/","og_site_name":"Congreso Internacional de Psicoterapia Sist\u00e9mica","og_image":[{"width":500,"height":500,"url":"https:\/\/congresointernacionaldepsicologia.com\/wp-content\/uploads\/2024\/02\/5.png","type":"image\/png"}],"twitter_card":"summary_large_image","twitter_misc":{"Est. reading time":"1 minute"},"schema":{"@context":"https:\/\/schema.org","@graph":[{"@type":"WebPage","@id":"https:\/\/congresointernacionaldepsicologia.com\/ponente\/alfredo-canevaro\/","url":"https:\/\/congresointernacionaldepsicologia.com\/ponente\/alfredo-canevaro\/","name":"Alfredo Canevaro - Congreso Internacional de Psicoterapia Sist\u00e9mica","isPartOf":{"@id":"https:\/\/congresointernacionaldepsicologia.com\/#website"},"primaryImageOfPage":{"@id":"https:\/\/congresointernacionaldepsicologia.com\/ponente\/alfredo-canevaro\/#primaryimage"},"image":{"@id":"https:\/\/congresointernacionaldepsicologia.com\/ponente\/alfredo-canevaro\/#primaryimage"},"thumbnailUrl":"https:\/\/congresointernacionaldepsicologia.com\/wp-content\/uploads\/2024\/02\/5.png","datePublished":"2024-02-20T20:51:01+00:00","breadcrumb":{"@id":"https:\/\/congresointernacionaldepsicologia.com\/ponente\/alfredo-canevaro\/#breadcrumb"},"inLanguage":"en-US","potentialAction":[{"@type":"ReadAction","target":["https:\/\/congresointernacionaldepsicologia.com\/ponente\/alfredo-canevaro\/"]}]},{"@type":"ImageObject","inLanguage":"en-US","@id":"https:\/\/congresointernacionaldepsicologia.com\/ponente\/alfredo-canevaro\/#primaryimage","url":"https:\/\/congresointernacionaldepsicologia.com\/wp-content\/uploads\/2024\/02\/5.png","contentUrl":"https:\/\/congresointernacionaldepsicologia.com\/wp-content\/uploads\/2024\/02\/5.png","width":500,"height":500},{"@type":"BreadcrumbList","@id":"https:\/\/congresointernacionaldepsicologia.com\/ponente\/alfredo-canevaro\/#breadcrumb","itemListElement":[{"@type":"ListItem","position":1,"name":"Portada","item":"https:\/\/congresointernacionaldepsicologia.com\/"},{"@type":"ListItem","position":2,"name":"Alfredo Canevaro"}]},{"@type":"WebSite","@id":"https:\/\/congresointernacionaldepsicologia.com\/#website","url":"https:\/\/congresointernacionaldepsicologia.com\/","name":"Congreso Internacional de Psicoterapia Sist\u00e9mica","description":"","publisher":{"@id":"https:\/\/congresointernacionaldepsicologia.com\/#organization"},"potentialAction":[{"@type":"SearchAction","target":{"@type":"EntryPoint","urlTemplate":"https:\/\/congresointernacionaldepsicologia.com\/?s={search_term_string}"},"query-input":{"@type":"PropertyValueSpecification","valueRequired":true,"valueName":"search_term_string"}}],"inLanguage":"en-US"},{"@type":"Organization","@id":"https:\/\/congresointernacionaldepsicologia.com\/#organization","name":"Congreso Internacional de Psicoterapia Sist\u00e9mica","url":"https:\/\/congresointernacionaldepsicologia.com\/","logo":{"@type":"ImageObject","inLanguage":"en-US","@id":"https:\/\/congresointernacionaldepsicologia.com\/#\/schema\/logo\/image\/","url":"https:\/\/congresointernacionaldepsicologia.com\/wp-content\/uploads\/2025\/02\/cropped-LOGO-CONGRESO-2026.png","contentUrl":"https:\/\/congresointernacionaldepsicologia.com\/wp-content\/uploads\/2025\/02\/cropped-LOGO-CONGRESO-2026.png","width":4560,"height":1302,"caption":"Congreso Internacional de Psicoterapia Sist\u00e9mica"},"image":{"@id":"https:\/\/congresointernacionaldepsicologia.com\/#\/schema\/logo\/image\/"}}]}},"_links":{"self":[{"href":"https:\/\/congresointernacionaldepsicologia.com\/en\/wp-json\/wp\/v2\/tribe_organizer\/1963","targetHints":{"allow":["GET"]}}],"collection":[{"href":"https:\/\/congresointernacionaldepsicologia.com\/en\/wp-json\/wp\/v2\/tribe_organizer"}],"about":[{"href":"https:\/\/congresointernacionaldepsicologia.com\/en\/wp-json\/wp\/v2\/types\/tribe_organizer"}],"author":[{"embeddable":true,"href":"https:\/\/congresointernacionaldepsicologia.com\/en\/wp-json\/wp\/v2\/users\/5"}],"version-history":[{"count":1,"href":"https:\/\/congresointernacionaldepsicologia.com\/en\/wp-json\/wp\/v2\/tribe_organizer\/1963\/revisions"}],"predecessor-version":[{"id":1966,"href":"https:\/\/congresointernacionaldepsicologia.com\/en\/wp-json\/wp\/v2\/tribe_organizer\/1963\/revisions\/1966"}],"wp:featuredmedia":[{"embeddable":true,"href":"https:\/\/congresointernacionaldepsicologia.com\/en\/wp-json\/wp\/v2\/media\/1780"}],"wp:attachment":[{"href":"https:\/\/congresointernacionaldepsicologia.com\/en\/wp-json\/wp\/v2\/media?parent=1963"}],"curies":[{"name":"wp","href":"https:\/\/api.w.org\/{rel}","templated":true}]}}

<p><span style="font-weight: 400;">Alfredo A.Canevaro nació en Buenos Aires, regresado de la facultad de Medicina, estudió psiquiatría y creó junto al Prof. García Badaracco una comunidad terapéutica privada inaugurada en mayo de 1968 especializada en el tratamiento de pacientes psicóticos y sus familiares en una estructura multifamiliar y de la que fue vicedirector hasta 1981.En 1978 creó Terapia Familiar ,la primera revista especializada en castellano de la que fué Editor hasta 1991 y fundó con un grupo de colegas la Sociedad Argentina de Terapia Familiar de la que fue First President hasta 1983.En 1988 fue invitado a dirigir un training cuadrienal de Terapia Familiar  en Le Marche (Italia)donde vive y trabaja.Desde 1999 es docente.supervisor e investigador clínico de la escuela de psicoterapia Mara Selvini Palazzoli de Milàn</span></p>
<p><span style="font-weight: 400;">Autor de 3 libros y 100 artículos publicados en distintos libros y revistas de América y Europa</span></p>
<p><br style="font-weight: 400;" /><br style="font-weight: 400;" /></p>

<p>Alfredo A.Canevaro nació en Buenos Aires, regresado de la facultad de Medicina, estudió psiquiatría y creó junto al Prof. García Badaracco una comunidad terapéutica privada inaugurada en mayo de 1968 [&hellip;]</p>

<!-- This site is optimized with the Yoast SEO plugin v27.5 - https://yoast.com/product/yoast-seo-wordpress/ -->
<title>Alfredo Canevaro - Congreso Internacional de Psicoterapia Sistémica</title>
<meta name="robots" content="index, follow, max-snippet:-1, max-image-preview:large, max-video-preview:-1" />
<link rel="canonical" href="https://congresointernacionaldepsicologia.com/en/ponente/alfredo-canevaro/" />
<meta property="og:locale" content="en_US" />
<meta property="og:type" content="article" />
<meta property="og:title" content="Alfredo Canevaro - Congreso Internacional de Psicoterapia Sistémica" />
<meta property="og:description" content="Alfredo A.Canevaro nació en Buenos Aires, regresado de la facultad de Medicina, estudió psiquiatría y creó junto al Prof. García Badaracco una comunidad terapéutica privada inaugurada en mayo de 1968 [&hellip;]" />
<meta property="og:url" content="https://congresointernacionaldepsicologia.com/en/ponente/alfredo-canevaro/" />
<meta property="og:site_name" content="Congreso Internacional de Psicoterapia Sistémica" />
<meta property="og:image" content="https://congresointernacionaldepsicologia.com/wp-content/uploads/2024/02/5.png" />
	<meta property="og:image:width" content="500" />
	<meta property="og:image:height" content="500" />
	<meta property="og:image:type" content="image/png" />
<meta name="twitter:card" content="summary_large_image" />
<meta name="twitter:label1" content="Est. reading time" />
	<meta name="twitter:data1" content="1 minute" />
<script type="application/ld+json" class="yoast-schema-graph">{"@context":"https:\/\/schema.org","@graph":[{"@type":"WebPage","@id":"https:\/\/congresointernacionaldepsicologia.com\/ponente\/alfredo-canevaro\/","url":"https:\/\/congresointernacionaldepsicologia.com\/ponente\/alfredo-canevaro\/","name":"Alfredo Canevaro - Congreso Internacional de Psicoterapia Sistémica","isPartOf":{"@id":"https:\/\/congresointernacionaldepsicologia.com\/#website"},"primaryImageOfPage":{"@id":"https:\/\/congresointernacionaldepsicologia.com\/ponente\/alfredo-canevaro\/#primaryimage"},"image":{"@id":"https:\/\/congresointernacionaldepsicologia.com\/ponente\/alfredo-canevaro\/#primaryimage"},"thumbnailUrl":"https:\/\/congresointernacionaldepsicologia.com\/wp-content\/uploads\/2024\/02\/5.png","datePublished":"2024-02-20T20:51:01+00:00","breadcrumb":{"@id":"https:\/\/congresointernacionaldepsicologia.com\/ponente\/alfredo-canevaro\/#breadcrumb"},"inLanguage":"en-US","potentialAction":[{"@type":"ReadAction","target":["https:\/\/congresointernacionaldepsicologia.com\/ponente\/alfredo-canevaro\/"]}]},{"@type":"ImageObject","inLanguage":"en-US","@id":"https:\/\/congresointernacionaldepsicologia.com\/ponente\/alfredo-canevaro\/#primaryimage","url":"https:\/\/congresointernacionaldepsicologia.com\/wp-content\/uploads\/2024\/02\/5.png","contentUrl":"https:\/\/congresointernacionaldepsicologia.com\/wp-content\/uploads\/2024\/02\/5.png","width":500,"height":500},{"@type":"BreadcrumbList","@id":"https:\/\/congresointernacionaldepsicologia.com\/ponente\/alfredo-canevaro\/#breadcrumb","itemListElement":[{"@type":"ListItem","position":1,"name":"Portada","item":"https:\/\/congresointernacionaldepsicologia.com\/"},{"@type":"ListItem","position":2,"name":"Alfredo Canevaro"}]},{"@type":"WebSite","@id":"https:\/\/congresointernacionaldepsicologia.com\/#website","url":"https:\/\/congresointernacionaldepsicologia.com\/","name":"Congreso Internacional de Psicoterapia Sistémica","description":"","publisher":{"@id":"https:\/\/congresointernacionaldepsicologia.com\/#organization"},"potentialAction":[{"@type":"SearchAction","target":{"@type":"EntryPoint","urlTemplate":"https:\/\/congresointernacionaldepsicologia.com\/?s={search_term_string}"},"query-input":{"@type":"PropertyValueSpecification","valueRequired":true,"valueName":"search_term_string"}}],"inLanguage":"en-US"},{"@type":"Organization","@id":"https:\/\/congresointernacionaldepsicologia.com\/#organization","name":"Congreso Internacional de Psicoterapia Sistémica","url":"https:\/\/congresointernacionaldepsicologia.com\/","logo":{"@type":"ImageObject","inLanguage":"en-US","@id":"https:\/\/congresointernacionaldepsicologia.com\/#\/schema\/logo\/image\/","url":"https:\/\/congresointernacionaldepsicologia.com\/wp-content\/uploads\/2025\/02\/cropped-LOGO-CONGRESO-2026.png","contentUrl":"https:\/\/congresointernacionaldepsicologia.com\/wp-content\/uploads\/2025\/02\/cropped-LOGO-CONGRESO-2026.png","width":4560,"height":1302,"caption":"Congreso Internacional de Psicoterapia Sistémica"},"image":{"@id":"https:\/\/congresointernacionaldepsicologia.com\/#\/schema\/logo\/image\/"}}]}</script>
<!-- / Yoast SEO plugin. -->

Alfredo Canevaro - Congreso Internacional de Psicoterapia Sistémica

Alfredo A.Canevaro nació en Buenos Aires, regresado de la facultad de Medicina, estudió psiquiatría y creó junto al Prof. García Badaracco una comunidad terapéutica privada inaugurada en mayo de 1968 [&hellip;]

Congreso Internacional de Psicoterapia Sistémica
