{"id":1065,"date":"2024-02-12T16:06:31","date_gmt":"2024-02-12T15:06:31","guid":{"rendered":"https:\/\/congresointernacionaldepsicologia.com\/?post_type=tribe_organizer&#038;p=1065"},"modified":"2025-09-18T14:26:26","modified_gmt":"2025-09-18T12:26:26","slug":"carola-angel","status":"publish","type":"tribe_organizer","link":"https:\/\/congresointernacionaldepsicologia.com\/en\/organizer\/carola-angel\/","title":{"rendered":"Carola Angel"},"content":{"rendered":"<p><strong>Experta en Terapia Sist\u00e9mica Infantojuvenil<\/strong><\/p>\n<ul>\n<li>Doctora en Psicolog\u00eda Cl\u00ednica por la Universidad Complutense de Madrid.<\/li>\n<li>Psic\u00f3loga, Psicoterapeuta y Docente. Licenciada en Psicolog\u00eda con menci\u00f3n en Psicolog\u00eda Cl\u00ednica Infanto-Juvenil por la Universidad Central de Chile y Docente en Educaci\u00f3n Infantil por la Universidad Pontificia Universidad Cat\u00f3lica de Chile (Titulaciones reconocidas por el Ministerio de Educaci\u00f3n en Espa\u00f1a).<\/li>\n<li>Terapeuta Infanto-juvenil, de Familia y Pareja por la Universidad Complutense de Madrid.<\/li>\n<li>Especialista en Psicoterapia y Psicodrama por la Escuela de Psicoterapia y Psicodrama, Espa\u00f1a.<\/li>\n<li>Especialista en Psicodiagn\u00f3stico Infantil.<\/li>\n<li>Experta en Terapia Centrada en las Soluciones y Terapia Sist\u00e9mica.<\/li>\n<\/ul>\n<p>Su experiencia internacional como Psicoterapeuta Familiar, de Pareja, Grupal e Individual en Santiago de Chile \u2013 Espa\u00f1a, le ha permitido implementar y desarrollar programas de Inteligencia Emocional para Maestros y Ni\u00f1os, Talleres de C\u00f3mo hablar para que los ni\u00f1os escuchen y c\u00f3mo escuchar para que los ni\u00f1os hablen y Escuelas de Padres, entre otros.<br \/>\nHa realizado un estudio multic\u00e9ntrico relacionado con la \u201cEvaluaci\u00f3n y Prevenci\u00f3n de la Ansiedad por Separaci\u00f3n en la Infancia\u201d, participado en diversos seminarios y aplicando proyectos que promocionan las \u201cEmociones Positivas y el Bienestar en las Familias\u201d en la Universidad Complutense de Madrid. Ha realizado evaluaci\u00f3n y terapia individual y grupal, a adultos con problemas en la relaci\u00f3n con la comida en M\u00e9todo Thinking, Madrid.<\/p>","protected":false},"excerpt":{"rendered":"<p>Experta en Terapia Sist\u00e9mica Infantojuvenil Doctora en Psicolog\u00eda Cl\u00ednica por la Universidad Complutense de Madrid. Psic\u00f3loga, Psicoterapeuta y Docente. Licenciada en Psicolog\u00eda con menci\u00f3n en Psicolog\u00eda Cl\u00ednica Infanto-Juvenil por la [&hellip;]<\/p>\n","protected":false},"author":1,"featured_media":3638,"template":"","meta":{"footnotes":""},"class_list":["post-1065","tribe_organizer","type-tribe_organizer","status-publish","has-post-thumbnail","hentry"],"yoast_head":"<!-- This site is optimized with the Yoast SEO plugin v27.5 - https:\/\/yoast.com\/product\/yoast-seo-wordpress\/ -->\n<title>Carola \u00c1ngel - Congreso Internacional de Psicoterapia Sist\u00e9mica<\/title>\n<meta name=\"robots\" content=\"index, follow, max-snippet:-1, max-image-preview:large, max-video-preview:-1\" \/>\n<link rel=\"canonical\" href=\"https:\/\/congresointernacionaldepsicologia.com\/en\/organizador\/carola-angel\/\" \/>\n<meta property=\"og:locale\" content=\"en_US\" \/>\n<meta property=\"og:type\" content=\"article\" \/>\n<meta property=\"og:title\" content=\"Carola \u00c1ngel - Congreso Internacional de Psicoterapia Sist\u00e9mica\" \/>\n<meta property=\"og:description\" content=\"Experta en Terapia Sist\u00e9mica Infantojuvenil Doctora en Psicolog\u00eda Cl\u00ednica por la Universidad Complutense de Madrid. Psic\u00f3loga, Psicoterapeuta y Docente. Licenciada en Psicolog\u00eda con menci\u00f3n en Psicolog\u00eda Cl\u00ednica Infanto-Juvenil por la [&hellip;]\" \/>\n<meta property=\"og:url\" content=\"https:\/\/congresointernacionaldepsicologia.com\/en\/organizador\/carola-angel\/\" \/>\n<meta property=\"og:site_name\" content=\"Congreso Internacional de Psicoterapia Sist\u00e9mica\" \/>\n<meta property=\"article:modified_time\" content=\"2025-09-18T12:26:26+00:00\" \/>\n<meta property=\"og:image\" content=\"https:\/\/congresointernacionaldepsicologia.com\/wp-content\/uploads\/2025\/02\/CAROLA-ANGEL.png\" \/>\n\t<meta property=\"og:image:width\" content=\"1438\" \/>\n\t<meta property=\"og:image:height\" content=\"1438\" \/>\n\t<meta property=\"og:image:type\" content=\"image\/png\" \/>\n<meta name=\"twitter:card\" content=\"summary_large_image\" \/>\n<meta name=\"twitter:label1\" content=\"Est. reading time\" \/>\n\t<meta name=\"twitter:data1\" content=\"2 minutes\" \/>\n<script type=\"application\/ld+json\" class=\"yoast-schema-graph\">{\"@context\":\"https:\\\/\\\/schema.org\",\"@graph\":[{\"@type\":\"WebPage\",\"@id\":\"https:\\\/\\\/congresointernacionaldepsicologia.com\\\/organizador\\\/carola-angel\\\/\",\"url\":\"https:\\\/\\\/congresointernacionaldepsicologia.com\\\/organizador\\\/carola-angel\\\/\",\"name\":\"Carola \u00c1ngel - Congreso Internacional de Psicoterapia Sist\u00e9mica\",\"isPartOf\":{\"@id\":\"https:\\\/\\\/congresointernacionaldepsicologia.com\\\/#website\"},\"primaryImageOfPage\":{\"@id\":\"https:\\\/\\\/congresointernacionaldepsicologia.com\\\/organizador\\\/carola-angel\\\/#primaryimage\"},\"image\":{\"@id\":\"https:\\\/\\\/congresointernacionaldepsicologia.com\\\/organizador\\\/carola-angel\\\/#primaryimage\"},\"thumbnailUrl\":\"https:\\\/\\\/congresointernacionaldepsicologia.com\\\/wp-content\\\/uploads\\\/2025\\\/02\\\/CAROLA-ANGEL.png\",\"datePublished\":\"2024-02-12T15:06:31+00:00\",\"dateModified\":\"2025-09-18T12:26:26+00:00\",\"breadcrumb\":{\"@id\":\"https:\\\/\\\/congresointernacionaldepsicologia.com\\\/organizador\\\/carola-angel\\\/#breadcrumb\"},\"inLanguage\":\"en-US\",\"potentialAction\":[{\"@type\":\"ReadAction\",\"target\":[\"https:\\\/\\\/congresointernacionaldepsicologia.com\\\/organizador\\\/carola-angel\\\/\"]}]},{\"@type\":\"ImageObject\",\"inLanguage\":\"en-US\",\"@id\":\"https:\\\/\\\/congresointernacionaldepsicologia.com\\\/organizador\\\/carola-angel\\\/#primaryimage\",\"url\":\"https:\\\/\\\/congresointernacionaldepsicologia.com\\\/wp-content\\\/uploads\\\/2025\\\/02\\\/CAROLA-ANGEL.png\",\"contentUrl\":\"https:\\\/\\\/congresointernacionaldepsicologia.com\\\/wp-content\\\/uploads\\\/2025\\\/02\\\/CAROLA-ANGEL.png\",\"width\":1438,\"height\":1438},{\"@type\":\"BreadcrumbList\",\"@id\":\"https:\\\/\\\/congresointernacionaldepsicologia.com\\\/organizador\\\/carola-angel\\\/#breadcrumb\",\"itemListElement\":[{\"@type\":\"ListItem\",\"position\":1,\"name\":\"Portada\",\"item\":\"https:\\\/\\\/congresointernacionaldepsicologia.com\\\/\"},{\"@type\":\"ListItem\",\"position\":2,\"name\":\"Carola \u00c1ngel\"}]},{\"@type\":\"WebSite\",\"@id\":\"https:\\\/\\\/congresointernacionaldepsicologia.com\\\/#website\",\"url\":\"https:\\\/\\\/congresointernacionaldepsicologia.com\\\/\",\"name\":\"Congreso Internacional de Psicoterapia Sist\u00e9mica\",\"description\":\"\",\"publisher\":{\"@id\":\"https:\\\/\\\/congresointernacionaldepsicologia.com\\\/#organization\"},\"potentialAction\":[{\"@type\":\"SearchAction\",\"target\":{\"@type\":\"EntryPoint\",\"urlTemplate\":\"https:\\\/\\\/congresointernacionaldepsicologia.com\\\/?s={search_term_string}\"},\"query-input\":{\"@type\":\"PropertyValueSpecification\",\"valueRequired\":true,\"valueName\":\"search_term_string\"}}],\"inLanguage\":\"en-US\"},{\"@type\":\"Organization\",\"@id\":\"https:\\\/\\\/congresointernacionaldepsicologia.com\\\/#organization\",\"name\":\"Congreso Internacional de Psicoterapia Sist\u00e9mica\",\"url\":\"https:\\\/\\\/congresointernacionaldepsicologia.com\\\/\",\"logo\":{\"@type\":\"ImageObject\",\"inLanguage\":\"en-US\",\"@id\":\"https:\\\/\\\/congresointernacionaldepsicologia.com\\\/#\\\/schema\\\/logo\\\/image\\\/\",\"url\":\"https:\\\/\\\/congresointernacionaldepsicologia.com\\\/wp-content\\\/uploads\\\/2025\\\/02\\\/cropped-LOGO-CONGRESO-2026.png\",\"contentUrl\":\"https:\\\/\\\/congresointernacionaldepsicologia.com\\\/wp-content\\\/uploads\\\/2025\\\/02\\\/cropped-LOGO-CONGRESO-2026.png\",\"width\":4560,\"height\":1302,\"caption\":\"Congreso Internacional de Psicoterapia Sist\u00e9mica\"},\"image\":{\"@id\":\"https:\\\/\\\/congresointernacionaldepsicologia.com\\\/#\\\/schema\\\/logo\\\/image\\\/\"}}]}<\/script>\n<!-- \/ Yoast SEO plugin. -->","yoast_head_json":{"title":"Carola \u00c1ngel - Congreso Internacional de Psicoterapia Sist\u00e9mica","robots":{"index":"index","follow":"follow","max-snippet":"max-snippet:-1","max-image-preview":"max-image-preview:large","max-video-preview":"max-video-preview:-1"},"canonical":"https:\/\/congresointernacionaldepsicologia.com\/en\/organizador\/carola-angel\/","og_locale":"en_US","og_type":"article","og_title":"Carola \u00c1ngel - Congreso Internacional de Psicoterapia Sist\u00e9mica","og_description":"Experta en Terapia Sist\u00e9mica Infantojuvenil Doctora en Psicolog\u00eda Cl\u00ednica por la Universidad Complutense de Madrid. Psic\u00f3loga, Psicoterapeuta y Docente. Licenciada en Psicolog\u00eda con menci\u00f3n en Psicolog\u00eda Cl\u00ednica Infanto-Juvenil por la [&hellip;]","og_url":"https:\/\/congresointernacionaldepsicologia.com\/en\/organizador\/carola-angel\/","og_site_name":"Congreso Internacional de Psicoterapia Sist\u00e9mica","article_modified_time":"2025-09-18T12:26:26+00:00","og_image":[{"width":1438,"height":1438,"url":"https:\/\/congresointernacionaldepsicologia.com\/wp-content\/uploads\/2025\/02\/CAROLA-ANGEL.png","type":"image\/png"}],"twitter_card":"summary_large_image","twitter_misc":{"Est. reading time":"2 minutes"},"schema":{"@context":"https:\/\/schema.org","@graph":[{"@type":"WebPage","@id":"https:\/\/congresointernacionaldepsicologia.com\/organizador\/carola-angel\/","url":"https:\/\/congresointernacionaldepsicologia.com\/organizador\/carola-angel\/","name":"Carola \u00c1ngel - Congreso Internacional de Psicoterapia Sist\u00e9mica","isPartOf":{"@id":"https:\/\/congresointernacionaldepsicologia.com\/#website"},"primaryImageOfPage":{"@id":"https:\/\/congresointernacionaldepsicologia.com\/organizador\/carola-angel\/#primaryimage"},"image":{"@id":"https:\/\/congresointernacionaldepsicologia.com\/organizador\/carola-angel\/#primaryimage"},"thumbnailUrl":"https:\/\/congresointernacionaldepsicologia.com\/wp-content\/uploads\/2025\/02\/CAROLA-ANGEL.png","datePublished":"2024-02-12T15:06:31+00:00","dateModified":"2025-09-18T12:26:26+00:00","breadcrumb":{"@id":"https:\/\/congresointernacionaldepsicologia.com\/organizador\/carola-angel\/#breadcrumb"},"inLanguage":"en-US","potentialAction":[{"@type":"ReadAction","target":["https:\/\/congresointernacionaldepsicologia.com\/organizador\/carola-angel\/"]}]},{"@type":"ImageObject","inLanguage":"en-US","@id":"https:\/\/congresointernacionaldepsicologia.com\/organizador\/carola-angel\/#primaryimage","url":"https:\/\/congresointernacionaldepsicologia.com\/wp-content\/uploads\/2025\/02\/CAROLA-ANGEL.png","contentUrl":"https:\/\/congresointernacionaldepsicologia.com\/wp-content\/uploads\/2025\/02\/CAROLA-ANGEL.png","width":1438,"height":1438},{"@type":"BreadcrumbList","@id":"https:\/\/congresointernacionaldepsicologia.com\/organizador\/carola-angel\/#breadcrumb","itemListElement":[{"@type":"ListItem","position":1,"name":"Portada","item":"https:\/\/congresointernacionaldepsicologia.com\/"},{"@type":"ListItem","position":2,"name":"Carola \u00c1ngel"}]},{"@type":"WebSite","@id":"https:\/\/congresointernacionaldepsicologia.com\/#website","url":"https:\/\/congresointernacionaldepsicologia.com\/","name":"Congreso Internacional de Psicoterapia Sist\u00e9mica","description":"","publisher":{"@id":"https:\/\/congresointernacionaldepsicologia.com\/#organization"},"potentialAction":[{"@type":"SearchAction","target":{"@type":"EntryPoint","urlTemplate":"https:\/\/congresointernacionaldepsicologia.com\/?s={search_term_string}"},"query-input":{"@type":"PropertyValueSpecification","valueRequired":true,"valueName":"search_term_string"}}],"inLanguage":"en-US"},{"@type":"Organization","@id":"https:\/\/congresointernacionaldepsicologia.com\/#organization","name":"Congreso Internacional de Psicoterapia Sist\u00e9mica","url":"https:\/\/congresointernacionaldepsicologia.com\/","logo":{"@type":"ImageObject","inLanguage":"en-US","@id":"https:\/\/congresointernacionaldepsicologia.com\/#\/schema\/logo\/image\/","url":"https:\/\/congresointernacionaldepsicologia.com\/wp-content\/uploads\/2025\/02\/cropped-LOGO-CONGRESO-2026.png","contentUrl":"https:\/\/congresointernacionaldepsicologia.com\/wp-content\/uploads\/2025\/02\/cropped-LOGO-CONGRESO-2026.png","width":4560,"height":1302,"caption":"Congreso Internacional de Psicoterapia Sist\u00e9mica"},"image":{"@id":"https:\/\/congresointernacionaldepsicologia.com\/#\/schema\/logo\/image\/"}}]}},"_links":{"self":[{"href":"https:\/\/congresointernacionaldepsicologia.com\/en\/wp-json\/wp\/v2\/tribe_organizer\/1065","targetHints":{"allow":["GET"]}}],"collection":[{"href":"https:\/\/congresointernacionaldepsicologia.com\/en\/wp-json\/wp\/v2\/tribe_organizer"}],"about":[{"href":"https:\/\/congresointernacionaldepsicologia.com\/en\/wp-json\/wp\/v2\/types\/tribe_organizer"}],"author":[{"embeddable":true,"href":"https:\/\/congresointernacionaldepsicologia.com\/en\/wp-json\/wp\/v2\/users\/1"}],"version-history":[{"count":2,"href":"https:\/\/congresointernacionaldepsicologia.com\/en\/wp-json\/wp\/v2\/tribe_organizer\/1065\/revisions"}],"predecessor-version":[{"id":1878,"href":"https:\/\/congresointernacionaldepsicologia.com\/en\/wp-json\/wp\/v2\/tribe_organizer\/1065\/revisions\/1878"}],"wp:featuredmedia":[{"embeddable":true,"href":"https:\/\/congresointernacionaldepsicologia.com\/en\/wp-json\/wp\/v2\/media\/3638"}],"wp:attachment":[{"href":"https:\/\/congresointernacionaldepsicologia.com\/en\/wp-json\/wp\/v2\/media?parent=1065"}],"curies":[{"name":"wp","href":"https:\/\/api.w.org\/{rel}","templated":true}]}}

<p><strong>Experta en Terapia Sistémica Infantojuvenil</strong></p>
<ul>
<li>Doctora en Psicología Clínica por la Universidad Complutense de Madrid.</li>
<li>Psicóloga, Psicoterapeuta y Docente. Licenciada en Psicología con mención en Psicología Clínica Infanto-Juvenil por la Universidad Central de Chile y Docente en Educación Infantil por la Universidad Pontificia Universidad Católica de Chile (Titulaciones reconocidas por el Ministerio de Educación en España).</li>
<li>Terapeuta Infanto-juvenil, de Familia y Pareja por la Universidad Complutense de Madrid.</li>
<li>Especialista en Psicoterapia y Psicodrama por la Escuela de Psicoterapia y Psicodrama, España.</li>
<li>Especialista en Psicodiagnóstico Infantil.</li>
<li>Experta en Terapia Centrada en las Soluciones y Terapia Sistémica.</li>
</ul>
<p>Su experiencia internacional como Psicoterapeuta Familiar, de Pareja, Grupal e Individual en Santiago de Chile – España, le ha permitido implementar y desarrollar programas de Inteligencia Emocional para Maestros y Niños, Talleres de Cómo hablar para que los niños escuchen y cómo escuchar para que los niños hablen y Escuelas de Padres, entre otros.<br />
Ha realizado un estudio multicéntrico relacionado con la “Evaluación y Prevención de la Ansiedad por Separación en la Infancia”, participado en diversos seminarios y aplicando proyectos que promocionan las “Emociones Positivas y el Bienestar en las Familias” en la Universidad Complutense de Madrid. Ha realizado evaluación y terapia individual y grupal, a adultos con problemas en la relación con la comida en Método Thinking, Madrid.</p>

<p>Experta en Terapia Sistémica Infantojuvenil Doctora en Psicología Clínica por la Universidad Complutense de Madrid. Psicóloga, Psicoterapeuta y Docente. Licenciada en Psicología con mención en Psicología Clínica Infanto-Juvenil por la [&hellip;]</p>

<!-- This site is optimized with the Yoast SEO plugin v27.5 - https://yoast.com/product/yoast-seo-wordpress/ -->
<title>Carola Ángel - Congreso Internacional de Psicoterapia Sistémica</title>
<meta name="robots" content="index, follow, max-snippet:-1, max-image-preview:large, max-video-preview:-1" />
<link rel="canonical" href="https://congresointernacionaldepsicologia.com/en/organizador/carola-angel/" />
<meta property="og:locale" content="en_US" />
<meta property="og:type" content="article" />
<meta property="og:title" content="Carola Ángel - Congreso Internacional de Psicoterapia Sistémica" />
<meta property="og:description" content="Experta en Terapia Sistémica Infantojuvenil Doctora en Psicología Clínica por la Universidad Complutense de Madrid. Psicóloga, Psicoterapeuta y Docente. Licenciada en Psicología con mención en Psicología Clínica Infanto-Juvenil por la [&hellip;]" />
<meta property="og:url" content="https://congresointernacionaldepsicologia.com/en/organizador/carola-angel/" />
<meta property="og:site_name" content="Congreso Internacional de Psicoterapia Sistémica" />
<meta property="article:modified_time" content="2025-09-18T12:26:26+00:00" />
<meta property="og:image" content="https://congresointernacionaldepsicologia.com/wp-content/uploads/2025/02/CAROLA-ANGEL.png" />
	<meta property="og:image:width" content="1438" />
	<meta property="og:image:height" content="1438" />
	<meta property="og:image:type" content="image/png" />
<meta name="twitter:card" content="summary_large_image" />
<meta name="twitter:label1" content="Est. reading time" />
	<meta name="twitter:data1" content="2 minutes" />
<script type="application/ld+json" class="yoast-schema-graph">{"@context":"https:\/\/schema.org","@graph":[{"@type":"WebPage","@id":"https:\/\/congresointernacionaldepsicologia.com\/organizador\/carola-angel\/","url":"https:\/\/congresointernacionaldepsicologia.com\/organizador\/carola-angel\/","name":"Carola Ángel - Congreso Internacional de Psicoterapia Sistémica","isPartOf":{"@id":"https:\/\/congresointernacionaldepsicologia.com\/#website"},"primaryImageOfPage":{"@id":"https:\/\/congresointernacionaldepsicologia.com\/organizador\/carola-angel\/#primaryimage"},"image":{"@id":"https:\/\/congresointernacionaldepsicologia.com\/organizador\/carola-angel\/#primaryimage"},"thumbnailUrl":"https:\/\/congresointernacionaldepsicologia.com\/wp-content\/uploads\/2025\/02\/CAROLA-ANGEL.png","datePublished":"2024-02-12T15:06:31+00:00","dateModified":"2025-09-18T12:26:26+00:00","breadcrumb":{"@id":"https:\/\/congresointernacionaldepsicologia.com\/organizador\/carola-angel\/#breadcrumb"},"inLanguage":"en-US","potentialAction":[{"@type":"ReadAction","target":["https:\/\/congresointernacionaldepsicologia.com\/organizador\/carola-angel\/"]}]},{"@type":"ImageObject","inLanguage":"en-US","@id":"https:\/\/congresointernacionaldepsicologia.com\/organizador\/carola-angel\/#primaryimage","url":"https:\/\/congresointernacionaldepsicologia.com\/wp-content\/uploads\/2025\/02\/CAROLA-ANGEL.png","contentUrl":"https:\/\/congresointernacionaldepsicologia.com\/wp-content\/uploads\/2025\/02\/CAROLA-ANGEL.png","width":1438,"height":1438},{"@type":"BreadcrumbList","@id":"https:\/\/congresointernacionaldepsicologia.com\/organizador\/carola-angel\/#breadcrumb","itemListElement":[{"@type":"ListItem","position":1,"name":"Portada","item":"https:\/\/congresointernacionaldepsicologia.com\/"},{"@type":"ListItem","position":2,"name":"Carola Ángel"}]},{"@type":"WebSite","@id":"https:\/\/congresointernacionaldepsicologia.com\/#website","url":"https:\/\/congresointernacionaldepsicologia.com\/","name":"Congreso Internacional de Psicoterapia Sistémica","description":"","publisher":{"@id":"https:\/\/congresointernacionaldepsicologia.com\/#organization"},"potentialAction":[{"@type":"SearchAction","target":{"@type":"EntryPoint","urlTemplate":"https:\/\/congresointernacionaldepsicologia.com\/?s={search_term_string}"},"query-input":{"@type":"PropertyValueSpecification","valueRequired":true,"valueName":"search_term_string"}}],"inLanguage":"en-US"},{"@type":"Organization","@id":"https:\/\/congresointernacionaldepsicologia.com\/#organization","name":"Congreso Internacional de Psicoterapia Sistémica","url":"https:\/\/congresointernacionaldepsicologia.com\/","logo":{"@type":"ImageObject","inLanguage":"en-US","@id":"https:\/\/congresointernacionaldepsicologia.com\/#\/schema\/logo\/image\/","url":"https:\/\/congresointernacionaldepsicologia.com\/wp-content\/uploads\/2025\/02\/cropped-LOGO-CONGRESO-2026.png","contentUrl":"https:\/\/congresointernacionaldepsicologia.com\/wp-content\/uploads\/2025\/02\/cropped-LOGO-CONGRESO-2026.png","width":4560,"height":1302,"caption":"Congreso Internacional de Psicoterapia Sistémica"},"image":{"@id":"https:\/\/congresointernacionaldepsicologia.com\/#\/schema\/logo\/image\/"}}]}</script>
<!-- / Yoast SEO plugin. -->

Carola Ángel - Congreso Internacional de Psicoterapia Sistémica

Experta en Terapia Sistémica Infantojuvenil Doctora en Psicología Clínica por la Universidad Complutense de Madrid. Psicóloga, Psicoterapeuta y Docente. Licenciada en Psicología con mención en Psicología Clínica Infanto-Juvenil por la [&hellip;]

Congreso Internacional de Psicoterapia Sistémica

Carola Ángel
