{"id":3224,"date":"2024-11-16T17:56:40","date_gmt":"2024-11-16T16:56:40","guid":{"rendered":"https:\/\/congresointernacionaldepsicologia.com\/?post_type=tribe_events&#038;p=3224"},"modified":"2024-11-16T17:59:01","modified_gmt":"2024-11-16T16:59:01","slug":"talleres-simultaneos-y-comunicaciones","status":"publish","type":"tribe_events","link":"https:\/\/congresointernacionaldepsicologia.com\/en\/evento\/talleres-simultaneos-y-comunicaciones\/","title":{"rendered":"TALLERES SIMULTANEOS Y COMUNICACIONES"},"content":{"rendered":"<p><strong>Moderadora:<\/strong> D\u00f1a. Rut Velasco<br \/>\n<strong>Sala Agora<\/strong><\/p>\n<ol>\n<li><strong>5 factores de \u00e9xito en el negocio de la Psicolog\u00eda<\/strong> &#8211; Inmaculada Aldea<\/li>\n<li><strong>Presentaci\u00f3n de Mental Fit<\/strong> &#8211; Eduardo Torres Celdr\u00e1n<\/li>\n<li><strong>Video-Feedback<\/strong> &#8211; Teresa Lomel\u00ed y Marisol Navarro<\/li>\n<li><strong>Intervenciones sist\u00e9micas escolares<\/strong> &#8211; Silvia Karina Dur\u00e1n<\/li>\n<li><strong>Relaciones no mon\u00f3gamas<\/strong> &#8211; Giulia Benito<\/li>\n<\/ol>","protected":false},"excerpt":{"rendered":"<p>Moderadora: D\u00f1a. Rut Velasco Sala \u00c1gora 5 factores de \u00e9xito en el negocio de la Psicolog\u00eda &#8211; Inmaculada Aldea Presentaci\u00f3n de Mental Fit &#8211; Eduardo Torres Celdr\u00e1n Video-Feedback &#8211; Teresa [&hellip;]<\/p>\n","protected":false},"author":1,"featured_media":1864,"template":"","meta":{"_tribe_events_status":"","_tribe_events_status_reason":"","footnotes":""},"tags":[],"tribe_events_cat":[],"class_list":["post-3224","tribe_events","type-tribe_events","status-publish","has-post-thumbnail","hentry"],"yoast_head":"<!-- This site is optimized with the Yoast SEO plugin v27.5 - https:\/\/yoast.com\/product\/yoast-seo-wordpress\/ -->\n<title>TALLERES SIMULTANEOS Y COMUNICACIONES - Congreso Internacional de Psicoterapia Sist\u00e9mica<\/title>\n<meta name=\"robots\" content=\"index, follow, max-snippet:-1, max-image-preview:large, max-video-preview:-1\" \/>\n<link rel=\"canonical\" href=\"https:\/\/congresointernacionaldepsicologia.com\/en\/evento\/talleres-simultaneos-y-comunicaciones\/\" \/>\n<meta property=\"og:locale\" content=\"en_US\" \/>\n<meta property=\"og:type\" content=\"article\" \/>\n<meta property=\"og:title\" content=\"TALLERES SIMULTANEOS Y COMUNICACIONES - Congreso Internacional de Psicoterapia Sist\u00e9mica\" \/>\n<meta property=\"og:description\" content=\"Moderadora: D\u00f1a. Rut Velasco Sala \u00c1gora 5 factores de \u00e9xito en el negocio de la Psicolog\u00eda &#8211; Inmaculada Aldea Presentaci\u00f3n de Mental Fit &#8211; Eduardo Torres Celdr\u00e1n Video-Feedback &#8211; Teresa [&hellip;]\" \/>\n<meta property=\"og:url\" content=\"https:\/\/congresointernacionaldepsicologia.com\/en\/evento\/talleres-simultaneos-y-comunicaciones\/\" \/>\n<meta property=\"og:site_name\" content=\"Congreso Internacional de Psicoterapia Sist\u00e9mica\" \/>\n<meta property=\"article:modified_time\" content=\"2024-11-16T16:59:01+00:00\" \/>\n<meta property=\"og:image\" content=\"https:\/\/congresointernacionaldepsicologia.com\/wp-content\/uploads\/2024\/02\/FONDOS-PONENCIAS-CONGRESO-6.png\" \/>\n\t<meta property=\"og:image:width\" content=\"1920\" \/>\n\t<meta property=\"og:image:height\" content=\"1080\" \/>\n\t<meta property=\"og:image:type\" content=\"image\/png\" \/>\n<meta name=\"twitter:card\" content=\"summary_large_image\" \/>\n<meta name=\"twitter:label1\" content=\"Est. reading time\" \/>\n\t<meta name=\"twitter:data1\" content=\"1 minute\" \/>\n<script type=\"application\/ld+json\" class=\"yoast-schema-graph\">{\"@context\":\"https:\\\/\\\/schema.org\",\"@graph\":[{\"@type\":\"WebPage\",\"@id\":\"https:\\\/\\\/congresointernacionaldepsicologia.com\\\/evento\\\/talleres-simultaneos-y-comunicaciones\\\/\",\"url\":\"https:\\\/\\\/congresointernacionaldepsicologia.com\\\/evento\\\/talleres-simultaneos-y-comunicaciones\\\/\",\"name\":\"TALLERES SIMULTANEOS Y COMUNICACIONES - Congreso Internacional de Psicoterapia Sist\u00e9mica\",\"isPartOf\":{\"@id\":\"https:\\\/\\\/congresointernacionaldepsicologia.com\\\/#website\"},\"primaryImageOfPage\":{\"@id\":\"https:\\\/\\\/congresointernacionaldepsicologia.com\\\/evento\\\/talleres-simultaneos-y-comunicaciones\\\/#primaryimage\"},\"image\":{\"@id\":\"https:\\\/\\\/congresointernacionaldepsicologia.com\\\/evento\\\/talleres-simultaneos-y-comunicaciones\\\/#primaryimage\"},\"thumbnailUrl\":\"https:\\\/\\\/congresointernacionaldepsicologia.com\\\/wp-content\\\/uploads\\\/2024\\\/02\\\/FONDOS-PONENCIAS-CONGRESO-6.png\",\"datePublished\":\"2024-11-16T16:56:40+00:00\",\"dateModified\":\"2024-11-16T16:59:01+00:00\",\"breadcrumb\":{\"@id\":\"https:\\\/\\\/congresointernacionaldepsicologia.com\\\/evento\\\/talleres-simultaneos-y-comunicaciones\\\/#breadcrumb\"},\"inLanguage\":\"en-US\",\"potentialAction\":[{\"@type\":\"ReadAction\",\"target\":[\"https:\\\/\\\/congresointernacionaldepsicologia.com\\\/evento\\\/talleres-simultaneos-y-comunicaciones\\\/\"]}]},{\"@type\":\"ImageObject\",\"inLanguage\":\"en-US\",\"@id\":\"https:\\\/\\\/congresointernacionaldepsicologia.com\\\/evento\\\/talleres-simultaneos-y-comunicaciones\\\/#primaryimage\",\"url\":\"https:\\\/\\\/congresointernacionaldepsicologia.com\\\/wp-content\\\/uploads\\\/2024\\\/02\\\/FONDOS-PONENCIAS-CONGRESO-6.png\",\"contentUrl\":\"https:\\\/\\\/congresointernacionaldepsicologia.com\\\/wp-content\\\/uploads\\\/2024\\\/02\\\/FONDOS-PONENCIAS-CONGRESO-6.png\",\"width\":1920,\"height\":1080},{\"@type\":\"BreadcrumbList\",\"@id\":\"https:\\\/\\\/congresointernacionaldepsicologia.com\\\/evento\\\/talleres-simultaneos-y-comunicaciones\\\/#breadcrumb\",\"itemListElement\":[{\"@type\":\"ListItem\",\"position\":1,\"name\":\"Portada\",\"item\":\"https:\\\/\\\/congresointernacionaldepsicologia.com\\\/\"},{\"@type\":\"ListItem\",\"position\":2,\"name\":\"Eventos\",\"item\":\"https:\\\/\\\/congresointernacionaldepsicologia.com\\\/events\\\/\"},{\"@type\":\"ListItem\",\"position\":3,\"name\":\"TALLERES SIMULTANEOS Y COMUNICACIONES\"}]},{\"@type\":\"WebSite\",\"@id\":\"https:\\\/\\\/congresointernacionaldepsicologia.com\\\/#website\",\"url\":\"https:\\\/\\\/congresointernacionaldepsicologia.com\\\/\",\"name\":\"Congreso Internacional de Psicoterapia Sist\u00e9mica\",\"description\":\"\",\"publisher\":{\"@id\":\"https:\\\/\\\/congresointernacionaldepsicologia.com\\\/#organization\"},\"potentialAction\":[{\"@type\":\"SearchAction\",\"target\":{\"@type\":\"EntryPoint\",\"urlTemplate\":\"https:\\\/\\\/congresointernacionaldepsicologia.com\\\/?s={search_term_string}\"},\"query-input\":{\"@type\":\"PropertyValueSpecification\",\"valueRequired\":true,\"valueName\":\"search_term_string\"}}],\"inLanguage\":\"en-US\"},{\"@type\":\"Organization\",\"@id\":\"https:\\\/\\\/congresointernacionaldepsicologia.com\\\/#organization\",\"name\":\"Congreso Internacional de Psicoterapia Sist\u00e9mica\",\"url\":\"https:\\\/\\\/congresointernacionaldepsicologia.com\\\/\",\"logo\":{\"@type\":\"ImageObject\",\"inLanguage\":\"en-US\",\"@id\":\"https:\\\/\\\/congresointernacionaldepsicologia.com\\\/#\\\/schema\\\/logo\\\/image\\\/\",\"url\":\"https:\\\/\\\/congresointernacionaldepsicologia.com\\\/wp-content\\\/uploads\\\/2025\\\/02\\\/cropped-LOGO-CONGRESO-2026.png\",\"contentUrl\":\"https:\\\/\\\/congresointernacionaldepsicologia.com\\\/wp-content\\\/uploads\\\/2025\\\/02\\\/cropped-LOGO-CONGRESO-2026.png\",\"width\":4560,\"height\":1302,\"caption\":\"Congreso Internacional de Psicoterapia Sist\u00e9mica\"},\"image\":{\"@id\":\"https:\\\/\\\/congresointernacionaldepsicologia.com\\\/#\\\/schema\\\/logo\\\/image\\\/\"}}]}<\/script>\n<!-- \/ Yoast SEO plugin. -->","yoast_head_json":{"title":"TALLERES SIMULTANEOS Y COMUNICACIONES - Congreso Internacional de Psicoterapia Sist\u00e9mica","robots":{"index":"index","follow":"follow","max-snippet":"max-snippet:-1","max-image-preview":"max-image-preview:large","max-video-preview":"max-video-preview:-1"},"canonical":"https:\/\/congresointernacionaldepsicologia.com\/en\/evento\/talleres-simultaneos-y-comunicaciones\/","og_locale":"en_US","og_type":"article","og_title":"TALLERES SIMULTANEOS Y COMUNICACIONES - Congreso Internacional de Psicoterapia Sist\u00e9mica","og_description":"Moderadora: D\u00f1a. Rut Velasco Sala \u00c1gora 5 factores de \u00e9xito en el negocio de la Psicolog\u00eda &#8211; Inmaculada Aldea Presentaci\u00f3n de Mental Fit &#8211; Eduardo Torres Celdr\u00e1n Video-Feedback &#8211; Teresa [&hellip;]","og_url":"https:\/\/congresointernacionaldepsicologia.com\/en\/evento\/talleres-simultaneos-y-comunicaciones\/","og_site_name":"Congreso Internacional de Psicoterapia Sist\u00e9mica","article_modified_time":"2024-11-16T16:59:01+00:00","og_image":[{"width":1920,"height":1080,"url":"https:\/\/congresointernacionaldepsicologia.com\/wp-content\/uploads\/2024\/02\/FONDOS-PONENCIAS-CONGRESO-6.png","type":"image\/png"}],"twitter_card":"summary_large_image","twitter_misc":{"Est. reading time":"1 minute"},"schema":{"@context":"https:\/\/schema.org","@graph":[{"@type":"WebPage","@id":"https:\/\/congresointernacionaldepsicologia.com\/evento\/talleres-simultaneos-y-comunicaciones\/","url":"https:\/\/congresointernacionaldepsicologia.com\/evento\/talleres-simultaneos-y-comunicaciones\/","name":"TALLERES SIMULTANEOS Y COMUNICACIONES - Congreso Internacional de Psicoterapia Sist\u00e9mica","isPartOf":{"@id":"https:\/\/congresointernacionaldepsicologia.com\/#website"},"primaryImageOfPage":{"@id":"https:\/\/congresointernacionaldepsicologia.com\/evento\/talleres-simultaneos-y-comunicaciones\/#primaryimage"},"image":{"@id":"https:\/\/congresointernacionaldepsicologia.com\/evento\/talleres-simultaneos-y-comunicaciones\/#primaryimage"},"thumbnailUrl":"https:\/\/congresointernacionaldepsicologia.com\/wp-content\/uploads\/2024\/02\/FONDOS-PONENCIAS-CONGRESO-6.png","datePublished":"2024-11-16T16:56:40+00:00","dateModified":"2024-11-16T16:59:01+00:00","breadcrumb":{"@id":"https:\/\/congresointernacionaldepsicologia.com\/evento\/talleres-simultaneos-y-comunicaciones\/#breadcrumb"},"inLanguage":"en-US","potentialAction":[{"@type":"ReadAction","target":["https:\/\/congresointernacionaldepsicologia.com\/evento\/talleres-simultaneos-y-comunicaciones\/"]}]},{"@type":"ImageObject","inLanguage":"en-US","@id":"https:\/\/congresointernacionaldepsicologia.com\/evento\/talleres-simultaneos-y-comunicaciones\/#primaryimage","url":"https:\/\/congresointernacionaldepsicologia.com\/wp-content\/uploads\/2024\/02\/FONDOS-PONENCIAS-CONGRESO-6.png","contentUrl":"https:\/\/congresointernacionaldepsicologia.com\/wp-content\/uploads\/2024\/02\/FONDOS-PONENCIAS-CONGRESO-6.png","width":1920,"height":1080},{"@type":"BreadcrumbList","@id":"https:\/\/congresointernacionaldepsicologia.com\/evento\/talleres-simultaneos-y-comunicaciones\/#breadcrumb","itemListElement":[{"@type":"ListItem","position":1,"name":"Portada","item":"https:\/\/congresointernacionaldepsicologia.com\/"},{"@type":"ListItem","position":2,"name":"Eventos","item":"https:\/\/congresointernacionaldepsicologia.com\/events\/"},{"@type":"ListItem","position":3,"name":"TALLERES SIMULTANEOS Y COMUNICACIONES"}]},{"@type":"WebSite","@id":"https:\/\/congresointernacionaldepsicologia.com\/#website","url":"https:\/\/congresointernacionaldepsicologia.com\/","name":"Congreso Internacional de Psicoterapia Sist\u00e9mica","description":"","publisher":{"@id":"https:\/\/congresointernacionaldepsicologia.com\/#organization"},"potentialAction":[{"@type":"SearchAction","target":{"@type":"EntryPoint","urlTemplate":"https:\/\/congresointernacionaldepsicologia.com\/?s={search_term_string}"},"query-input":{"@type":"PropertyValueSpecification","valueRequired":true,"valueName":"search_term_string"}}],"inLanguage":"en-US"},{"@type":"Organization","@id":"https:\/\/congresointernacionaldepsicologia.com\/#organization","name":"Congreso Internacional de Psicoterapia Sist\u00e9mica","url":"https:\/\/congresointernacionaldepsicologia.com\/","logo":{"@type":"ImageObject","inLanguage":"en-US","@id":"https:\/\/congresointernacionaldepsicologia.com\/#\/schema\/logo\/image\/","url":"https:\/\/congresointernacionaldepsicologia.com\/wp-content\/uploads\/2025\/02\/cropped-LOGO-CONGRESO-2026.png","contentUrl":"https:\/\/congresointernacionaldepsicologia.com\/wp-content\/uploads\/2025\/02\/cropped-LOGO-CONGRESO-2026.png","width":4560,"height":1302,"caption":"Congreso Internacional de Psicoterapia Sist\u00e9mica"},"image":{"@id":"https:\/\/congresointernacionaldepsicologia.com\/#\/schema\/logo\/image\/"}}]}},"_links":{"self":[{"href":"https:\/\/congresointernacionaldepsicologia.com\/en\/wp-json\/wp\/v2\/tribe_events\/3224","targetHints":{"allow":["GET"]}}],"collection":[{"href":"https:\/\/congresointernacionaldepsicologia.com\/en\/wp-json\/wp\/v2\/tribe_events"}],"about":[{"href":"https:\/\/congresointernacionaldepsicologia.com\/en\/wp-json\/wp\/v2\/types\/tribe_events"}],"author":[{"embeddable":true,"href":"https:\/\/congresointernacionaldepsicologia.com\/en\/wp-json\/wp\/v2\/users\/1"}],"version-history":[{"count":1,"href":"https:\/\/congresointernacionaldepsicologia.com\/en\/wp-json\/wp\/v2\/tribe_events\/3224\/revisions"}],"predecessor-version":[{"id":3225,"href":"https:\/\/congresointernacionaldepsicologia.com\/en\/wp-json\/wp\/v2\/tribe_events\/3224\/revisions\/3225"}],"wp:featuredmedia":[{"embeddable":true,"href":"https:\/\/congresointernacionaldepsicologia.com\/en\/wp-json\/wp\/v2\/media\/1864"}],"wp:attachment":[{"href":"https:\/\/congresointernacionaldepsicologia.com\/en\/wp-json\/wp\/v2\/media?parent=3224"}],"wp:term":[{"taxonomy":"post_tag","embeddable":true,"href":"https:\/\/congresointernacionaldepsicologia.com\/en\/wp-json\/wp\/v2\/tags?post=3224"},{"taxonomy":"tribe_events_cat","embeddable":true,"href":"https:\/\/congresointernacionaldepsicologia.com\/en\/wp-json\/wp\/v2\/tribe_events_cat?post=3224"}],"curies":[{"name":"wp","href":"https:\/\/api.w.org\/{rel}","templated":true}]}}

<p><strong>Moderadora:</strong> Dña. Rut Velasco<br />
<strong>Sala Agora</strong></p>
<ol>
<li><strong>5 factores de éxito en el negocio de la Psicología</strong> &#8211; Inmaculada Aldea</li>
<li><strong>Presentación de Mental Fit</strong> &#8211; Eduardo Torres Celdrán</li>
<li><strong>Video-Feedback</strong> &#8211; Teresa Lomelí y Marisol Navarro</li>
<li><strong>Intervenciones sistémicas escolares</strong> &#8211; Silvia Karina Durán</li>
<li><strong>Relaciones no monógamas</strong> &#8211; Giulia Benito</li>
</ol>

<p>Moderadora: Dña. Rut Velasco Sala Ágora 5 factores de éxito en el negocio de la Psicología &#8211; Inmaculada Aldea Presentación de Mental Fit &#8211; Eduardo Torres Celdrán Video-Feedback &#8211; Teresa [&hellip;]</p>

<!-- This site is optimized with the Yoast SEO plugin v27.5 - https://yoast.com/product/yoast-seo-wordpress/ -->
<title>TALLERES SIMULTANEOS Y COMUNICACIONES - Congreso Internacional de Psicoterapia Sistémica</title>
<meta name="robots" content="index, follow, max-snippet:-1, max-image-preview:large, max-video-preview:-1" />
<link rel="canonical" href="https://congresointernacionaldepsicologia.com/en/evento/talleres-simultaneos-y-comunicaciones/" />
<meta property="og:locale" content="en_US" />
<meta property="og:type" content="article" />
<meta property="og:title" content="TALLERES SIMULTANEOS Y COMUNICACIONES - Congreso Internacional de Psicoterapia Sistémica" />
<meta property="og:description" content="Moderadora: Dña. Rut Velasco Sala Ágora 5 factores de éxito en el negocio de la Psicología &#8211; Inmaculada Aldea Presentación de Mental Fit &#8211; Eduardo Torres Celdrán Video-Feedback &#8211; Teresa [&hellip;]" />
<meta property="og:url" content="https://congresointernacionaldepsicologia.com/en/evento/talleres-simultaneos-y-comunicaciones/" />
<meta property="og:site_name" content="Congreso Internacional de Psicoterapia Sistémica" />
<meta property="article:modified_time" content="2024-11-16T16:59:01+00:00" />
<meta property="og:image" content="https://congresointernacionaldepsicologia.com/wp-content/uploads/2024/02/FONDOS-PONENCIAS-CONGRESO-6.png" />
	<meta property="og:image:width" content="1920" />
	<meta property="og:image:height" content="1080" />
	<meta property="og:image:type" content="image/png" />
<meta name="twitter:card" content="summary_large_image" />
<meta name="twitter:label1" content="Est. reading time" />
	<meta name="twitter:data1" content="1 minute" />
<script type="application/ld+json" class="yoast-schema-graph">{"@context":"https:\/\/schema.org","@graph":[{"@type":"WebPage","@id":"https:\/\/congresointernacionaldepsicologia.com\/evento\/talleres-simultaneos-y-comunicaciones\/","url":"https:\/\/congresointernacionaldepsicologia.com\/evento\/talleres-simultaneos-y-comunicaciones\/","name":"TALLERES SIMULTANEOS Y COMUNICACIONES - Congreso Internacional de Psicoterapia Sistémica","isPartOf":{"@id":"https:\/\/congresointernacionaldepsicologia.com\/#website"},"primaryImageOfPage":{"@id":"https:\/\/congresointernacionaldepsicologia.com\/evento\/talleres-simultaneos-y-comunicaciones\/#primaryimage"},"image":{"@id":"https:\/\/congresointernacionaldepsicologia.com\/evento\/talleres-simultaneos-y-comunicaciones\/#primaryimage"},"thumbnailUrl":"https:\/\/congresointernacionaldepsicologia.com\/wp-content\/uploads\/2024\/02\/FONDOS-PONENCIAS-CONGRESO-6.png","datePublished":"2024-11-16T16:56:40+00:00","dateModified":"2024-11-16T16:59:01+00:00","breadcrumb":{"@id":"https:\/\/congresointernacionaldepsicologia.com\/evento\/talleres-simultaneos-y-comunicaciones\/#breadcrumb"},"inLanguage":"en-US","potentialAction":[{"@type":"ReadAction","target":["https:\/\/congresointernacionaldepsicologia.com\/evento\/talleres-simultaneos-y-comunicaciones\/"]}]},{"@type":"ImageObject","inLanguage":"en-US","@id":"https:\/\/congresointernacionaldepsicologia.com\/evento\/talleres-simultaneos-y-comunicaciones\/#primaryimage","url":"https:\/\/congresointernacionaldepsicologia.com\/wp-content\/uploads\/2024\/02\/FONDOS-PONENCIAS-CONGRESO-6.png","contentUrl":"https:\/\/congresointernacionaldepsicologia.com\/wp-content\/uploads\/2024\/02\/FONDOS-PONENCIAS-CONGRESO-6.png","width":1920,"height":1080},{"@type":"BreadcrumbList","@id":"https:\/\/congresointernacionaldepsicologia.com\/evento\/talleres-simultaneos-y-comunicaciones\/#breadcrumb","itemListElement":[{"@type":"ListItem","position":1,"name":"Portada","item":"https:\/\/congresointernacionaldepsicologia.com\/"},{"@type":"ListItem","position":2,"name":"Eventos","item":"https:\/\/congresointernacionaldepsicologia.com\/events\/"},{"@type":"ListItem","position":3,"name":"TALLERES SIMULTANEOS Y COMUNICACIONES"}]},{"@type":"WebSite","@id":"https:\/\/congresointernacionaldepsicologia.com\/#website","url":"https:\/\/congresointernacionaldepsicologia.com\/","name":"Congreso Internacional de Psicoterapia Sistémica","description":"","publisher":{"@id":"https:\/\/congresointernacionaldepsicologia.com\/#organization"},"potentialAction":[{"@type":"SearchAction","target":{"@type":"EntryPoint","urlTemplate":"https:\/\/congresointernacionaldepsicologia.com\/?s={search_term_string}"},"query-input":{"@type":"PropertyValueSpecification","valueRequired":true,"valueName":"search_term_string"}}],"inLanguage":"en-US"},{"@type":"Organization","@id":"https:\/\/congresointernacionaldepsicologia.com\/#organization","name":"Congreso Internacional de Psicoterapia Sistémica","url":"https:\/\/congresointernacionaldepsicologia.com\/","logo":{"@type":"ImageObject","inLanguage":"en-US","@id":"https:\/\/congresointernacionaldepsicologia.com\/#\/schema\/logo\/image\/","url":"https:\/\/congresointernacionaldepsicologia.com\/wp-content\/uploads\/2025\/02\/cropped-LOGO-CONGRESO-2026.png","contentUrl":"https:\/\/congresointernacionaldepsicologia.com\/wp-content\/uploads\/2025\/02\/cropped-LOGO-CONGRESO-2026.png","width":4560,"height":1302,"caption":"Congreso Internacional de Psicoterapia Sistémica"},"image":{"@id":"https:\/\/congresointernacionaldepsicologia.com\/#\/schema\/logo\/image\/"}}]}</script>
<!-- / Yoast SEO plugin. -->

TALLERES SIMULTANEOS Y COMUNICACIONES - Congreso Internacional de Psicoterapia Sistémica

Moderadora: Dña. Rut Velasco Sala Ágora 5 factores de éxito en el negocio de la Psicología &#8211; Inmaculada Aldea Presentación de Mental Fit &#8211; Eduardo Torres Celdrán Video-Feedback &#8211; Teresa [&hellip;]

Congreso Internacional de Psicoterapia Sistémica
